{"id":39687,"date":"2022-02-12T17:43:14","date_gmt":"2022-02-12T17:43:14","guid":{"rendered":"https:\/\/123-teezeit.de\/?product=dekorative-teekiste-aus-holz-mit-glasdeckel-aufbewahrungsbox-fuer-ihre-teebeutel"},"modified":"2023-04-08T08:00:24","modified_gmt":"2023-04-08T08:00:24","slug":"dekorative-teekiste-aus-holz-mit-glasdeckel-aufbewahrungsbox-fuer-ihre-teebeutel","status":"publish","type":"product","link":"https:\/\/123-teezeit.de\/?product=dekorative-teekiste-aus-holz-mit-glasdeckel-aufbewahrungsbox-fuer-ihre-teebeutel","title":{"rendered":"Dekorative wei\u00dfe Teebox aus Holz mit Glasdeckel \u2013 Box zur Aufbewahrung Ihrer Teebeute"},"content":{"rendered":"<p><!-- show up to 2 reviews by default --> <\/p>\n<p> <span>GESCHENKIDEE F\u00dcR JEDEN TEELIEBER &#8211; Elegantes Design &#8211; Die Teebox ist mit einem Glasdeckel versehen, der einen \u00dcberblick \u00fcber den Inhalt erm\u00f6glicht. Das elegante und cococooning Design versch\u00f6nert die Dekoration Ihrer K\u00fcche und verleiht ihm gleichzeitig eine exquisite Sch\u00f6nheit. &#8211; Verwendung zu Hause, im B\u00fcro oder im Restaurant. &#8211; Ma\u00dfe: 24 x 24,5 x 9 cm mit 9 F\u00e4chern je 7,5 x 7,5 x 6 cm.<\/span> <\/p>\n<p>Geschenkidee f\u00fcr jeden Tee-Liebhaber<br \/>\nElegantes Design: Die Teebox ist mit einem Glasdeckel ausgestattet, der einen \u00dcberblick \u00fcber den Inhalt erm\u00f6glicht. Das elegante und cococooning Design versch\u00f6nert die Dekoration Ihrer K\u00fcche und verleiht ihm gleichzeitig eine exquisite Sch\u00f6nheit.<br \/>\nVerwenden Sie es zu Hause, im B\u00fcro oder im Restaurant.<br \/>\nMa\u00dfe: 24 x 24,5 x 9 cm mit 9 F\u00e4chern je 7,5 x 7,5 x 6 cm.<br \/>\nnan<br \/>\n<div class=\"main-cross-sell\" data-asin=\"B08V918R96\">\n\n\t<div class=\"WooZone-cross-sell-loader\">\n\t\t<div>\n\t\t\t<div id=\"floatingBarsG\">\n\t\t\t\t<div class=\"blockG\" id=\"rotateG_01\"><\/div>\n\t\t\t\t<div class=\"blockG\" id=\"rotateG_02\"><\/div>\n\t\t\t\t<div class=\"blockG\" id=\"rotateG_03\"><\/div>\n\t\t\t\t<div class=\"blockG\" id=\"rotateG_04\"><\/div>\n\t\t\t\t<div class=\"blockG\" id=\"rotateG_05\"><\/div>\n\t\t\t\t<div class=\"blockG\" id=\"rotateG_06\"><\/div>\n\t\t\t\t<div class=\"blockG\" id=\"rotateG_07\"><\/div>\n\t\t\t\t<div class=\"blockG\" id=\"rotateG_08\"><\/div>\n\t\t\t<\/div>\n\t\t\t<div class=\"WooZone-cross-sell-loader-text\"><\/div>\n\t\t<\/div>\n\t<\/div>\n\n\t\t\n<\/div>\n<div style=\"clear:both;\"><\/div><\/p>\n","protected":false},"excerpt":{"rendered":"<p>Geschenkidee f\u00fcr jeden Tee-Liebhaber<br \/>\nElegantes Design: Die Teebox ist mit einem Glasdeckel ausgestattet, der einen \u00dcberblick \u00fcber den Inhalt erm\u00f6glicht. Das elegante und cococooning Design versch\u00f6nert die Dekoration Ihrer K\u00fcche und verleiht ihm gleichzeitig eine exquisite Sch\u00f6nheit.<br \/>\nVerwenden Sie es zu Hause, im B\u00fcro oder im Restaurant.<\/p>\n","protected":false},"featured_media":39688,"comment_status":"open","ping_status":"closed","template":"","meta":[],"product_brand":[],"product_cat":[40,60],"product_tag":[],"class_list":{"0":"post-39687","1":"product","2":"type-product","3":"status-publish","4":"has-post-thumbnail","6":"product_cat-teebox","7":"product_cat-zubehoer","8":"pa_amazon-bestseller-rang-nr-115222-in-kueche-haushalt-wohnen-siehe-top-100-in-kueche-haushalt-wohnen-nr-812-in-vorratsdosen","9":"pa_artikelgewicht-1-13-kg","10":"pa_batterien-inbegriffen-nein","11":"pa_batterien-notwendig-nein","12":"pa_durchschnittliche-kundenbewer-47-von-5-sternen-23-sternebewertungen-47-von-5-sternen","13":"pa_hersteller-kontarboor","14":"pa_im-angebot-von-amazon-de-seit-1-februar-2021","15":"pa_verpackungsabmessungen-27-1-x-25-9-x-20-4-cm-1-13-kilogramm","17":"first","18":"instock","19":"shipping-taxable","20":"purchasable","21":"product-type-simple"},"_links":{"self":[{"href":"https:\/\/123-teezeit.de\/index.php?rest_route=\/wp\/v2\/product\/39687","targetHints":{"allow":["GET"]}}],"collection":[{"href":"https:\/\/123-teezeit.de\/index.php?rest_route=\/wp\/v2\/product"}],"about":[{"href":"https:\/\/123-teezeit.de\/index.php?rest_route=\/wp\/v2\/types\/product"}],"replies":[{"embeddable":true,"href":"https:\/\/123-teezeit.de\/index.php?rest_route=%2Fwp%2Fv2%2Fcomments&post=39687"}],"wp:featuredmedia":[{"embeddable":true,"href":"https:\/\/123-teezeit.de\/index.php?rest_route=\/wp\/v2\/media\/39688"}],"wp:attachment":[{"href":"https:\/\/123-teezeit.de\/index.php?rest_route=%2Fwp%2Fv2%2Fmedia&parent=39687"}],"wp:term":[{"taxonomy":"product_brand","embeddable":true,"href":"https:\/\/123-teezeit.de\/index.php?rest_route=%2Fwp%2Fv2%2Fproduct_brand&post=39687"},{"taxonomy":"product_cat","embeddable":true,"href":"https:\/\/123-teezeit.de\/index.php?rest_route=%2Fwp%2Fv2%2Fproduct_cat&post=39687"},{"taxonomy":"product_tag","embeddable":true,"href":"https:\/\/123-teezeit.de\/index.php?rest_route=%2Fwp%2Fv2%2Fproduct_tag&post=39687"}],"curies":[{"name":"wp","href":"https:\/\/api.w.org\/{rel}","templated":true}]}}