{"id":39841,"date":"2022-02-12T17:49:28","date_gmt":"2022-02-12T17:49:28","guid":{"rendered":"https:\/\/123-teezeit.de\/?product=kigima-teebox-teebeuteldose-3-liter-transparent-gruen"},"modified":"2023-04-08T08:00:26","modified_gmt":"2023-04-08T08:00:26","slug":"kigima-teebox-teebeuteldose-3-liter-transparent-gruen","status":"publish","type":"product","link":"https:\/\/123-teezeit.de\/?product=kigima-teebox-teebeuteldose-3-liter-transparent-gruen","title":{"rendered":"Kigima Teebox Teebeuteldose 3 Liter transparent\/gr\u00fcn"},"content":{"rendered":"<p><!-- show up to 2 reviews by default --> <\/p>\n<ul class=\"a-unordered-list a-vertical\">\n<li><span class=\"a-list-item\"><span>Sch\u00f6n und praktisch zugleich: In dieser sch\u00f6nen Teedose k\u00f6nnen Sie eine Teeauswahl sch\u00f6n servieren. Kombinieren Sie die Farben miteinander, die Beh\u00e4lter sind \u00fcbereinander stapelbar.<\/span><\/span><\/li>\n<li><span class=\"a-list-item\"><span>Der Deckel schlie\u00dft dicht &#8211; verst\u00e4rkt durch einen Gummi am Verschlu\u00df &#8211; Tee bleibt l\u00e4nger frisch und verliert sein Aroma nicht. Diese Box ist ein Hingucker und kann auch zum servieren von Geb\u00e4ck und Keksen f\u00fcr die Teeparty oder den Kaffeeklatsch verwendet werden.<\/span><\/span><\/li>\n<li><span class=\"a-list-item\"><span>Die Unterteilung kann herausgenommen werden, so das sie je nach Bedarf ihre Teebeutel sortieren k\u00f6nnen. Dank des klassischen Design passt diese Dose in jede Wohnung. Lieferung ohne Teebeutel.<\/span><\/span><\/li>\n<li><span class=\"a-list-item\"><span>Au\u00dfenabmessungen: 29x21x9cm (LxBxH). Inhalt: 3 Liter. Farbe: Gr\u00fcn\/Transparent. <\/span><\/span><\/li>\n<li><span class=\"a-list-item\"><span>Sp\u00fclmaschinengeeignet bis 40 Grad Celsius. Nicht mikrowellengeeignet. Nicht backofengeeignet. Gefriergeeignet. Material: PS Polystyrol (BPA-frei), SAN Styrol-Acrylnitril (BPA-frei). Made in Italy. <\/span><\/span><\/li>\n<\/ul>\n<p>Sch\u00f6n und praktisch zugleich: In dieser sch\u00f6nen Teedose k\u00f6nnen Sie eine Teeauswahl sch\u00f6n servieren. Kombinieren Sie die Farben miteinander, die Beh\u00e4lter sind \u00fcbereinander stapelbar.<br \/>\nDer Deckel schlie\u00dft dicht &#8211; verst\u00e4rkt durch einen Gummi am Verschlu\u00df &#8211; Tee bleibt l\u00e4nger frisch und verliert sein Aroma nicht. Diese Box ist ein Hingucker und kann auch zum servieren von Geb\u00e4ck und Keksen f\u00fcr die Teeparty oder den Kaffeeklatsch verwendet werden.<br \/>\nDie Unterteilung kann herausgenommen werden, so das sie je nach Bedarf ihre Teebeutel sortieren k\u00f6nnen. Dank des klassischen Design passt diese Dose in jede Wohnung. Lieferung ohne Teebeutel.<br \/>\nAu\u00dfenabmessungen: 29x21x9cm (LxBxH). Inhalt: 3 Liter. Farbe: Gr\u00fcn\/Transparent.<br \/>\nSp\u00fclmaschinengeeignet bis 40 Grad Celsius. Nicht mikrowellengeeignet. Nicht backofengeeignet. Gefriergeeignet. Material: PS Polystyrol (BPA-frei), SAN Styrol-Acrylnitril (BPA-frei). Made in Italy.<br \/>\n<div class=\"main-cross-sell\" data-asin=\"B01M5DWLYS\">\n\n\t<div class=\"WooZone-cross-sell-loader\">\n\t\t<div>\n\t\t\t<div id=\"floatingBarsG\">\n\t\t\t\t<div class=\"blockG\" id=\"rotateG_01\"><\/div>\n\t\t\t\t<div class=\"blockG\" id=\"rotateG_02\"><\/div>\n\t\t\t\t<div class=\"blockG\" id=\"rotateG_03\"><\/div>\n\t\t\t\t<div class=\"blockG\" id=\"rotateG_04\"><\/div>\n\t\t\t\t<div class=\"blockG\" id=\"rotateG_05\"><\/div>\n\t\t\t\t<div class=\"blockG\" id=\"rotateG_06\"><\/div>\n\t\t\t\t<div class=\"blockG\" id=\"rotateG_07\"><\/div>\n\t\t\t\t<div class=\"blockG\" id=\"rotateG_08\"><\/div>\n\t\t\t<\/div>\n\t\t\t<div class=\"WooZone-cross-sell-loader-text\"><\/div>\n\t\t<\/div>\n\t<\/div>\n\n\t\t\n<\/div>\n<div style=\"clear:both;\"><\/div><\/p>\n","protected":false},"excerpt":{"rendered":"<p>Sch\u00f6n und praktisch zugleich: In dieser sch\u00f6nen Teedose k\u00f6nnen Sie eine Teeauswahl sch\u00f6n servieren. Kombinieren Sie die Farben miteinander, die Beh\u00e4lter sind \u00fcbereinander stapelbar.<br \/>\nDer Deckel schlie\u00dft dicht &#8211; verst\u00e4rkt durch einen Gummi am Verschlu\u00df &#8211; Tee bleibt l\u00e4nger frisch und verliert sein Aroma nicht. Diese Box ist ein Hingucker und kann auch zum servieren von Geb\u00e4ck und Keksen f\u00fcr die Teeparty oder den Kaffeeklatsch verwendet werden.<br \/>\nDie Unterteilung kann herausgenommen werden, so das sie je nach Bedarf ihre Teebeutel sortieren k\u00f6nnen. Dank des klassischen Design passt diese Dose in jede Wohnung. Lieferung ohne Teebeutel.<\/p>\n","protected":false},"featured_media":39842,"comment_status":"open","ping_status":"closed","template":"","meta":[],"product_brand":[],"product_cat":[40,60],"product_tag":[],"class_list":{"0":"post-39841","1":"product","2":"type-product","3":"status-publish","4":"has-post-thumbnail","6":"product_cat-teebox","7":"product_cat-zubehoer","8":"pa_amazon-bestseller-rang-nr-160645-in-kueche-haushalt-wohnen-siehe-top-100-in-kueche-haushalt-wohnen-nr-1076-in-vorratsdosen","9":"pa_batterien-erforderlich-nein","10":"pa_durchschnittliche-kundenbewer-46-von-5-sternen-83-sternebewertungen-46-von-5-sternen","11":"pa_herstellerreferenz-mps002402","12":"pa_im-angebot-von-amazon-de-seit-20-oktober-2016","13":"pa_produktabmessungen-29-x-21-x-9-cm-460-gramm","14":"pa_produktgewicht-460-gramm","15":"pa_spuelmaschinengeeignet-ja","17":"first","18":"instock","19":"shipping-taxable","20":"purchasable","21":"product-type-simple"},"_links":{"self":[{"href":"https:\/\/123-teezeit.de\/index.php?rest_route=\/wp\/v2\/product\/39841","targetHints":{"allow":["GET"]}}],"collection":[{"href":"https:\/\/123-teezeit.de\/index.php?rest_route=\/wp\/v2\/product"}],"about":[{"href":"https:\/\/123-teezeit.de\/index.php?rest_route=\/wp\/v2\/types\/product"}],"replies":[{"embeddable":true,"href":"https:\/\/123-teezeit.de\/index.php?rest_route=%2Fwp%2Fv2%2Fcomments&post=39841"}],"wp:featuredmedia":[{"embeddable":true,"href":"https:\/\/123-teezeit.de\/index.php?rest_route=\/wp\/v2\/media\/39842"}],"wp:attachment":[{"href":"https:\/\/123-teezeit.de\/index.php?rest_route=%2Fwp%2Fv2%2Fmedia&parent=39841"}],"wp:term":[{"taxonomy":"product_brand","embeddable":true,"href":"https:\/\/123-teezeit.de\/index.php?rest_route=%2Fwp%2Fv2%2Fproduct_brand&post=39841"},{"taxonomy":"product_cat","embeddable":true,"href":"https:\/\/123-teezeit.de\/index.php?rest_route=%2Fwp%2Fv2%2Fproduct_cat&post=39841"},{"taxonomy":"product_tag","embeddable":true,"href":"https:\/\/123-teezeit.de\/index.php?rest_route=%2Fwp%2Fv2%2Fproduct_tag&post=39841"}],"curies":[{"name":"wp","href":"https:\/\/api.w.org\/{rel}","templated":true}]}}