{"id":39900,"date":"2022-02-12T17:50:05","date_gmt":"2022-02-12T17:50:05","guid":{"rendered":"https:\/\/123-teezeit.de\/?product=royalhouse-teebox-aus-hochwertigem-holz-mdf-braun-9-faecher"},"modified":"2023-04-08T08:00:26","modified_gmt":"2023-04-08T08:00:26","slug":"royalhouse-teebox-aus-hochwertigem-holz-mdf-braun-9-faecher","status":"publish","type":"product","link":"https:\/\/123-teezeit.de\/?product=royalhouse-teebox-aus-hochwertigem-holz-mdf-braun-9-faecher","title":{"rendered":"RoyalHouse Premium Wood (Hard MDF) Tee-Aufbewahrungsbox Organizer (Braun), umweltfreundliche multifunktionale dekorative\u2026"},"content":{"rendered":"<p><!-- show up to 2 reviews by default --> <\/p>\n<p> <span>Bewahren Sie Ihre Souvenirs stilvoll auf. F\u00fcr Teebeutel-Sammler ist es der sentimentale Wert der Teebeutel, der am meisten z\u00e4hlt. Wir helfen Ihnen, Ihre wertvollen Teebeutel sicher aufzubewahren mit dieser h\u00f6lzernen (MDF) Teebox aus robustem Naturholz. Die Tee-Box sitzt sch\u00f6n auf Ihrem Couchtisch, Schlafzimmer-Schublade oder K\u00fcchentheke. Organisieren Sie Ihre Teebeutel. Der Teebeutel-Organizer wird Ihnen helfen, alle Ihre Teebeutel an einem Ort aufzubewahren und leicht auf sie zuzugreifen, wenn Sie Ihren Tee zubereiten. Wenn Ihre Freunde sehen wollen, was Sie in Ihrer Sammlung haben, erfreuen Sie sie mit dem Design der Box und dann Ihrer beeindruckenden Sammlung. Mehrere F\u00e4cher f\u00fcr alle Ihre Aufbewahrungsbed\u00fcrfnisse, bestehend aus neun (3 x 3) F\u00e4chern, dieser 24,4 x 17,3 x 9,4 cm gro\u00dfe Teebeutelorganizer mit mehreren F\u00e4chern bietet genug Platz f\u00fcr Ihre gesamte Sammlung. Sie k\u00f6nnen diese Tee-Box auch als Aufbewahrung f\u00fcr Ihren Schmuck und andere Souvenir-Sammelst\u00fccke verwenden.<\/span> <\/p>\n<p>Eine Aufbewahrung f\u00fcr alle Ihre Teebeutel \u2013 bewahren Sie alle Ihre Teebeutel an einem Ort auf und genie\u00dfen Sie den Ozean der Option, wenn Sie w\u00e4hlen, welchen Geschmack Sie trinken.<br \/>\nMehrere F\u00e4cher \u2013 Wir pr\u00e4sentieren Ihnen eine 24,4 x 17,3 x 9,4 cm gro\u00dfe Tee-Box mit Unterteilung, die \u00fcber neun F\u00e4cher (3 x 3) verf\u00fcgt, um Ihre gesamte Teebeutel-Sammlung an einem Ort aufzubewahren.<br \/>\nMDF-Holz \u2013 Wir verwenden MDF-Holz, um sicherzustellen, dass Sie ein langlebiges Produkt haben, das Ihnen \u00fcber einen l\u00e4ngeren Zeitraum ohne Verschlechterung dienen wird.<br \/>\nSch\u00f6nes Design \u2013 Diese h\u00f6lzerne (MDF) Teedose mit mehreren F\u00e4chern verf\u00fcgt \u00fcber ein sch\u00f6nes Blumen-Schnitzdesign auf ihren Deckeln f\u00fcr visuelle Attraktivit\u00e4t, wenn Sie sie pr\u00e4sentieren.<br \/>\nVerschenken Sie einen Teesammler \u2013 zeigen Sie Ihrer Liebe zu einem Teesammler mit einer Teebox, die sie lieben und sch\u00e4tzen werden<br \/>\n<div class=\"main-cross-sell\" data-asin=\"B08XML6ZFP\">\n\n\t<div class=\"WooZone-cross-sell-loader\">\n\t\t<div>\n\t\t\t<div id=\"floatingBarsG\">\n\t\t\t\t<div class=\"blockG\" id=\"rotateG_01\"><\/div>\n\t\t\t\t<div class=\"blockG\" id=\"rotateG_02\"><\/div>\n\t\t\t\t<div class=\"blockG\" id=\"rotateG_03\"><\/div>\n\t\t\t\t<div class=\"blockG\" id=\"rotateG_04\"><\/div>\n\t\t\t\t<div class=\"blockG\" id=\"rotateG_05\"><\/div>\n\t\t\t\t<div class=\"blockG\" id=\"rotateG_06\"><\/div>\n\t\t\t\t<div class=\"blockG\" id=\"rotateG_07\"><\/div>\n\t\t\t\t<div class=\"blockG\" id=\"rotateG_08\"><\/div>\n\t\t\t<\/div>\n\t\t\t<div class=\"WooZone-cross-sell-loader-text\"><\/div>\n\t\t<\/div>\n\t<\/div>\n\n\t\t\n<\/div>\n<div style=\"clear:both;\"><\/div><\/p>\n","protected":false},"excerpt":{"rendered":"<p>Eine Aufbewahrung f\u00fcr alle Ihre Teebeutel \u2013 bewahren Sie alle Ihre Teebeutel an einem Ort auf und genie\u00dfen Sie den Ozean der Option, wenn Sie w\u00e4hlen, welchen Geschmack Sie trinken.<br \/>\nMehrere F\u00e4cher \u2013 Wir pr\u00e4sentieren Ihnen eine 24,4 x 17,3 x 9,4 cm gro\u00dfe Tee-Box mit Unterteilung, die \u00fcber neun F\u00e4cher (3 x 3) verf\u00fcgt, um Ihre gesamte Teebeutel-Sammlung an einem Ort aufzubewahren.<br \/>\nMDF-Holz \u2013 Wir verwenden MDF-Holz, um sicherzustellen, dass Sie ein langlebiges Produkt haben, das Ihnen \u00fcber einen l\u00e4ngeren Zeitraum ohne Verschlechterung dienen wird.<\/p>\n","protected":false},"featured_media":39901,"comment_status":"open","ping_status":"closed","template":"","meta":[],"product_brand":[],"product_cat":[40,60],"product_tag":[],"class_list":{"0":"post-39900","1":"product","2":"type-product","3":"status-publish","4":"has-post-thumbnail","6":"product_cat-teebox","7":"product_cat-zubehoer","8":"pa_amazon-bestseller-rang-nr-586393-in-kueche-haushalt-wohnen-siehe-top-100-in-kueche-haushalt-wohnen-nr-53-in-teebeutelablagen","9":"pa_artikelgewicht-739-g","10":"pa_durchschnittliche-kundenbewer-43-von-5-sternen-106-sternebewertungen-43-von-5-sternen","11":"pa_farbe-braun","12":"pa_im-angebot-von-amazon-de-seit-9-maerz-2021","13":"pa_marke-royalhouse","14":"pa_verpackungsabmessungen-28-8-x-19-x-10-49-cm-739-gramm","16":"first","17":"instock","18":"shipping-taxable","19":"purchasable","20":"product-type-simple"},"_links":{"self":[{"href":"https:\/\/123-teezeit.de\/index.php?rest_route=\/wp\/v2\/product\/39900","targetHints":{"allow":["GET"]}}],"collection":[{"href":"https:\/\/123-teezeit.de\/index.php?rest_route=\/wp\/v2\/product"}],"about":[{"href":"https:\/\/123-teezeit.de\/index.php?rest_route=\/wp\/v2\/types\/product"}],"replies":[{"embeddable":true,"href":"https:\/\/123-teezeit.de\/index.php?rest_route=%2Fwp%2Fv2%2Fcomments&post=39900"}],"wp:featuredmedia":[{"embeddable":true,"href":"https:\/\/123-teezeit.de\/index.php?rest_route=\/wp\/v2\/media\/39901"}],"wp:attachment":[{"href":"https:\/\/123-teezeit.de\/index.php?rest_route=%2Fwp%2Fv2%2Fmedia&parent=39900"}],"wp:term":[{"taxonomy":"product_brand","embeddable":true,"href":"https:\/\/123-teezeit.de\/index.php?rest_route=%2Fwp%2Fv2%2Fproduct_brand&post=39900"},{"taxonomy":"product_cat","embeddable":true,"href":"https:\/\/123-teezeit.de\/index.php?rest_route=%2Fwp%2Fv2%2Fproduct_cat&post=39900"},{"taxonomy":"product_tag","embeddable":true,"href":"https:\/\/123-teezeit.de\/index.php?rest_route=%2Fwp%2Fv2%2Fproduct_tag&post=39900"}],"curies":[{"name":"wp","href":"https:\/\/api.w.org\/{rel}","templated":true}]}}