{"id":40120,"date":"2022-02-12T19:05:40","date_gmt":"2022-02-12T19:05:40","guid":{"rendered":"https:\/\/123-teezeit.de\/?product=messmer-waermende-auszeit-wuerziger-kurkuma-20-teebeutel-vegan-glutenfrei-laktosefrei"},"modified":"2023-04-10T09:00:24","modified_gmt":"2023-04-10T09:00:24","slug":"messmer-waermende-auszeit-wuerziger-kurkuma-20-teebeutel-vegan-glutenfrei-laktosefrei","status":"publish","type":"product","link":"https:\/\/123-teezeit.de\/?product=messmer-waermende-auszeit-wuerziger-kurkuma-20-teebeutel-vegan-glutenfrei-laktosefrei","title":{"rendered":"Me\u00dfmer W\u00c4RMENDE AUSZEIT | W\u00fcrziger Kurkuma | 20 Teebeutel | Vegan | Glutenfrei | Laktosefrei"},"content":{"rendered":"<p><!-- show up to 2 reviews by default --> <\/p>\n<h3> <span>Produktbeschreibung<\/span> <\/h3>\n<p> <span>Me\u00dfmer Tea-Master entwickeln aus nat\u00fcrlichen Zutaten genussvolle Wohlf\u00fchltees, die K\u00f6rper und Sinne verw\u00f6hnen und Ihr Wohlbefinden unterst\u00fctzen. Me\u00dfmer w\u00fcrziger Kurkuma ist ein nat\u00fcrliche Kr\u00e4uterteekomposition aus feinsten sorgf\u00e4ltig ausgew\u00e4hlten Zutaten. Abgerundet mit einer w\u00fcrzigen Zimtnote entfaltet sich der w\u00fcrzig-blumige Geschmack der Kurkumaknolle zu einem intensiven Geschmackserlebnis und bereitet Ihnen ein Gef\u00fchl von Wohlbefinden und W\u00e4rme. Entdecken sie Wohlf\u00fchlmomente von besonderer Qualit\u00e4t und Intensit\u00e4t mit Me\u00dfmer w\u00fcrziger Kurkuma.<\/span> <\/p>\n<h3> <span>Inhaltsstoffe \/ Zutaten<\/span> <\/h3>\n<p> <span>Zutaten: Kurkuma (25%), Zitronengras, Hagebutten, Zimt (15%), Orangenbl\u00e4tter.<\/span> <\/p>\n<div data-a-expander-name=\"toggle_description\" class=\"a-row a-expander-container a-expander-extend-container\">\n<div class=\"a-expander-content a-expander-extend-content\">\n<h3> <span>Gebrauchsanweisung<\/span> <\/h3>\n<p> <span>Nehmen Sie f\u00fcr eine Tasse 1 Teebeutel und mindestens 4 Teebeutel f\u00fcr eine Kanne (1l). Immer mit sprudelnd kochendem Wasser aufgie\u00dfen und mindestens 5 bis 6 Minuten ziehen lassen! Nur so erhalten Sie ein sicheres Lebensmittel!<\/span> <\/p>\n<h3> <span>Anschrift Hersteller\/Importeur<\/span> <\/h3>\n<p> <span>21218 Seevetal Deutschland<\/span> <\/p>\n<\/p><\/div>\n<p> <a data-csa-c-func-deps=\"aui-da-a-expander-toggle\" data-csa-c-type=\"widget\" data-csa-interaction-events=\"click\" role=\"button\" href=\"void(0)\" data-action=\"a-expander-toggle\" class=\"a-expander-header a-declarative a-expander-extend-header\" data-a-expander-toggle=\"{\"><i class=\"a-icon a-icon-extender-expand\"><\/i><span class=\"a-expander-prompt\">Mehr<\/span><\/a> <\/div>\n<p>Me\u00dfmer W\u00e4rmende Auszeit &#8211; W\u00fcrziger Kurkuma ist eine nat\u00fcrliche Kr\u00e4uterteekomposition mit ausgew\u00e4hlten Zutaten. Abgerundet mit einer s\u00fc\u00dflichen Zimtnote entfaltet sich der w\u00fcrzig-blumige Geschmack der Kurkumaknolle zu einem intensiven Geschmacks erlebnis und bereitet dir ein Gef\u00fchl von Wohlbefinden und W\u00e4rme. Unsere Me\u00dfmer Tee-Experten entwickeln aus nat\u00fcrlichen Zutaten genussvolle Wohlf\u00fchltees, die deinen K\u00f6rper und deine Sinne unterst\u00fctzen. Entdecke Wohlf\u00fchlmomente von besonderer Qualit\u00e4t und Intensit\u00e4t mit Me\u00dfmer W\u00fcrziger Kurkuma.<br \/>\nDie Gattung Kurkuma geh\u00f6rt zur Familie der Ingwergew\u00e4chse, Curcuma longa ist die bekannteste Kurkuma-Sorte. Sie ist in Indien, in Thailand, China und in Australien zuhause. Eine Kurkuma-Pflanze braucht es warm. Sie gedeiht gut, wenn es nicht k\u00e4lter als 21 Grad Celsius wird und die Luft feucht ist. Im schattigen Boden von Regenw\u00e4ldern f\u00fchlt sie sich am wohlsten.<br \/>\nBring frisches Wasser zum Kochen und \u00fcbergie\u00dfe den Tee mit sprudelnd kochendem Wasser. Lass den Tee 6 Minuten ziehen, damit sich der volle Geschmack entfalten kann und du ein sicheres Lebensmittel erh\u00e4ltst.<br \/>\nWusstest du, dass Me\u00dfmer heute die Tee-Marke in Deutschland und \u00d6sterreich ist, die dir ein umfangreiches Produktsortiment aus nachhaltigem Anbau bietet? Denn als Familienunternehmen mit mehr als 150 Jahren Erfahrung haben wir uns eine klare Aufgabe gesetzt: Wir verbessern langfristig die Lebensqualit\u00e4t in den Anbaugebieten und setzen uns f\u00fcr den Schutz der Natur ein. Daf\u00fcr geben wir jeden Tag unser Bestes. Deshalb arbeiten wir mit der Rainforest Alliance zusammen, einer internationalen gemeinn\u00fctzigen Organisation, die sich f\u00fcr eine bessere Zukunft f\u00fcr Mensch und Natur einsetzt.<br \/>\nEgal, ob du Kr\u00e4utertees, Fr\u00fcchtetees oder klassische Gr\u00fcn- und Schwarztees magst: Me\u00dfmer hat Teesorten, die du lieben wirst! Daf\u00fcr sorgen unsere Me\u00dfmer Tee-Experten, die mit langj\u00e4hriger Erfahrung, viel Handwerkskunst und einem sicheren Gesp\u00fcr f\u00fcr Trends immer wieder neue Tees mit einzigartigem Geschmack kreieren. \u00dcbrigens: Die Bl\u00e4tter der Teepflanze Camellia sinensis werden nur f\u00fcr unsere Schwarz- und Gr\u00fcntees verwendet. F\u00fcr unsere Kr\u00e4uter- und Fr\u00fcchtetees beziehen wir Zutaten aus \u00fcber 90 L\u00e4ndern dieser Erde. Viele davon werden sogar wild gesammelt, wie z. B. Hagebutten.<br \/>\n<div class=\"main-cross-sell\" data-asin=\"B07BFB6RNM\">\n\n\t<div class=\"WooZone-cross-sell-loader\">\n\t\t<div>\n\t\t\t<div id=\"floatingBarsG\">\n\t\t\t\t<div class=\"blockG\" id=\"rotateG_01\"><\/div>\n\t\t\t\t<div class=\"blockG\" id=\"rotateG_02\"><\/div>\n\t\t\t\t<div class=\"blockG\" id=\"rotateG_03\"><\/div>\n\t\t\t\t<div class=\"blockG\" id=\"rotateG_04\"><\/div>\n\t\t\t\t<div class=\"blockG\" id=\"rotateG_05\"><\/div>\n\t\t\t\t<div class=\"blockG\" id=\"rotateG_06\"><\/div>\n\t\t\t\t<div class=\"blockG\" id=\"rotateG_07\"><\/div>\n\t\t\t\t<div class=\"blockG\" id=\"rotateG_08\"><\/div>\n\t\t\t<\/div>\n\t\t\t<div class=\"WooZone-cross-sell-loader-text\"><\/div>\n\t\t<\/div>\n\t<\/div>\n\n\t\t\n<\/div>\n<div style=\"clear:both;\"><\/div><\/p>\n","protected":false},"excerpt":{"rendered":"<p>Me\u00dfmer W\u00e4rmende Auszeit &#8211; W\u00fcrziger Kurkuma ist eine nat\u00fcrliche Kr\u00e4uterteekomposition mit ausgew\u00e4hlten Zutaten. Abgerundet mit einer s\u00fc\u00dflichen Zimtnote entfaltet sich der w\u00fcrzig-blumige Geschmack der Kurkumaknolle zu einem intensiven Geschmacks erlebnis und bereitet dir ein Gef\u00fchl von Wohlbefinden und W\u00e4rme. Unsere Me\u00dfmer Tee-Experten entwickeln aus nat\u00fcrlichen Zutaten genussvolle Wohlf\u00fchltees, die deinen K\u00f6rper und deine Sinne unterst\u00fctzen. Entdecke Wohlf\u00fchlmomente von besonderer Qualit\u00e4t und Intensit\u00e4t mit Me\u00dfmer W\u00fcrziger Kurkuma.<br \/>\nDie Gattung Kurkuma geh\u00f6rt zur Familie der Ingwergew\u00e4chse, Curcuma longa ist die bekannteste Kurkuma-Sorte. Sie ist in Indien, in Thailand, China und in Australien zuhause. Eine Kurkuma-Pflanze braucht es warm. Sie gedeiht gut, wenn es nicht k\u00e4lter als 21 Grad Celsius wird und die Luft feucht ist. Im schattigen Boden von Regenw\u00e4ldern f\u00fchlt sie sich am wohlsten.<br \/>\nBring frisches Wasser zum Kochen und \u00fcbergie\u00dfe den Tee mit sprudelnd kochendem Wasser. Lass den Tee 6 Minuten ziehen, damit sich der volle Geschmack entfalten kann und du ein sicheres Lebensmittel erh\u00e4ltst.<\/p>\n","protected":false},"featured_media":40121,"comment_status":"open","ping_status":"closed","template":"","meta":[],"product_brand":[],"product_cat":[83],"product_tag":[],"class_list":{"0":"post-40120","1":"product","2":"type-product","3":"status-publish","4":"has-post-thumbnail","6":"product_cat-teebeutel","7":"pa_allergie-informationen-enthaelt-glutenfrei","8":"pa_amazon-bestseller-rang-nr-4172-in-lebensmittel-getraenke-siehe-top-100-in-lebensmittel-getraenke-nr-118-in-kraeutertee","9":"pa_artikelgewicht-2-g","10":"pa_aufbewahrung-kuehl-und-trocken-lagern","11":"pa_auslaufartikel-produktion-dur-nein","12":"pa_besonderheit-glutenfrei-vegan-laktosefrei","13":"pa_durchschnittliche-kundenbewer-37-von-5-sternen-17-sternebewertungen-37-von-5-sternen","14":"pa_format-beutel","15":"pa_herkunftsland-deutschland","16":"pa_hersteller-ostfriesische-tee-gesellschaft-gmbh-co-kg","17":"pa_im-angebot-von-amazon-de-seit-13-maerz-2018","18":"pa_koffeingehalt-caffeine-free","19":"pa_kontakt-zum-hersteller-21218-seevetal-deutschland","20":"pa_marke-messmer","21":"pa_netto-gewicht-40-gramm","22":"pa_produktabmessungen-6-5-x-13-x-7-4-cm-2-gramm","23":"pa_produktbezeichnung-kraeutertee-mit-kurkuma-und-zimt","24":"pa_stueckzahl-40-0-gramm","25":"pa_ursprungsland-germany","26":"pa_zertifizierung-utz-zertifiziertes-kaffeprodukt-soziale-und-oekologische-qualitaet","28":"first","29":"instock","30":"shipping-taxable","31":"purchasable","32":"product-type-simple"},"_links":{"self":[{"href":"https:\/\/123-teezeit.de\/index.php?rest_route=\/wp\/v2\/product\/40120","targetHints":{"allow":["GET"]}}],"collection":[{"href":"https:\/\/123-teezeit.de\/index.php?rest_route=\/wp\/v2\/product"}],"about":[{"href":"https:\/\/123-teezeit.de\/index.php?rest_route=\/wp\/v2\/types\/product"}],"replies":[{"embeddable":true,"href":"https:\/\/123-teezeit.de\/index.php?rest_route=%2Fwp%2Fv2%2Fcomments&post=40120"}],"wp:featuredmedia":[{"embeddable":true,"href":"https:\/\/123-teezeit.de\/index.php?rest_route=\/wp\/v2\/media\/40121"}],"wp:attachment":[{"href":"https:\/\/123-teezeit.de\/index.php?rest_route=%2Fwp%2Fv2%2Fmedia&parent=40120"}],"wp:term":[{"taxonomy":"product_brand","embeddable":true,"href":"https:\/\/123-teezeit.de\/index.php?rest_route=%2Fwp%2Fv2%2Fproduct_brand&post=40120"},{"taxonomy":"product_cat","embeddable":true,"href":"https:\/\/123-teezeit.de\/index.php?rest_route=%2Fwp%2Fv2%2Fproduct_cat&post=40120"},{"taxonomy":"product_tag","embeddable":true,"href":"https:\/\/123-teezeit.de\/index.php?rest_route=%2Fwp%2Fv2%2Fproduct_tag&post=40120"}],"curies":[{"name":"wp","href":"https:\/\/api.w.org\/{rel}","templated":true}]}}