{"id":40152,"date":"2022-02-12T19:06:05","date_gmt":"2022-02-12T19:06:05","guid":{"rendered":"https:\/\/123-teezeit.de\/?product=messmer-6-kraeuter-mischung-25-teebeutel-vegan-glutenfrei-laktosefrei"},"modified":"2023-04-10T09:00:24","modified_gmt":"2023-04-10T09:00:24","slug":"messmer-6-kraeuter-mischung-25-teebeutel-vegan-glutenfrei-laktosefrei","status":"publish","type":"product","link":"https:\/\/123-teezeit.de\/?product=messmer-6-kraeuter-mischung-25-teebeutel-vegan-glutenfrei-laktosefrei","title":{"rendered":"Me\u00dfmer 6-Kr\u00e4uter-Mischung | 25 Teebeutel | Vegan | Glutenfrei | Laktosefrei"},"content":{"rendered":"<p><!-- show up to 2 reviews by default --> <\/p>\n<h3> <span>Produktbeschreibung<\/span> <\/h3>\n<p> <span>Zeit f\u00fcr einen Moment Gelassenheit. Me\u00dfmer m\u00f6chte dich daran erinnern, das Leben ab und an etwas gelassener zu sehen. Daf\u00fcr haben wir mit viel Leidenschaft eine gro\u00dfe Auswahl wunderbarer Tees in bester Me\u00dfmer-Qualit\u00e4t kreiert. Entdecke unsere Vielfalt an Bio Tees oder L\u00e4ndertees, mit denen du dich genussvoll in ferne Welten tr\u00e4umen kannst oder unsere Fabelhaften Tees f\u00fcr deine besonderen Genuss-Momente. Eine gro\u00dfe Auswahl an lecker-s\u00fc\u00dfen Fr\u00fcchtetees oder unsere beliebten Kr\u00e4uter-, Gr\u00fcn-, und Schwarztee-Klassiker. Egal, welche Me\u00dfmer Tees deine Lieblingstees sind \u2013 genie\u00dfe sie mit allen Sinnen Denn wir m\u00f6chten, dass du immer sagen kannst: Me\u00dfmer macht meinen Moment.<\/span> <\/p>\n<h3> <span>Inhaltsstoffe \/ Zutaten<\/span> <\/h3>\n<p> <span>Zutaten: Hibiskus, Citronengras, Brombeerbl\u00e4tter, Hagebutten, Pfefferminze, Zitronenverbenenbl\u00e4tter<\/span> <\/p>\n<div data-a-expander-name=\"toggle_description\" class=\"a-row a-expander-container a-expander-extend-container\">\n<div class=\"a-expander-content a-expander-extend-content\">\n<h3> <span>Gebrauchsanweisung<\/span> <\/h3>\n<p> <span>Nehmen Sie f\u00fcr eine Tasse 1 Teebeutel und mindestens 4 Teebeutel f\u00fcr eine Kanne (1l). Immer mit sprudelnd kochendem Wasser aufgie\u00dfen und mindestens 5 bis 6 Minuten ziehen lassen! Nur so erhalten Sie ein sicheres Lebensmittel!<\/span> <\/p>\n<h3> <span>Anschrift Hersteller\/Importeur<\/span> <\/h3>\n<p> <span>21218 Seevetal Deutschland<\/span> <\/p>\n<\/p><\/div>\n<p> <a data-csa-c-func-deps=\"aui-da-a-expander-toggle\" data-csa-c-type=\"widget\" data-csa-interaction-events=\"click\" role=\"button\" href=\"void(0)\" data-action=\"a-expander-toggle\" class=\"a-expander-header a-declarative a-expander-extend-header\" data-a-expander-toggle=\"{\"><i class=\"a-icon a-icon-extender-expand\"><\/i><span class=\"a-expander-prompt\">Mehr<\/span><\/a> <\/div>\n<p>Die verschiedenen Kr\u00e4uter zeichnen sich durch ihre unverwechselbar individuellen Geschm\u00e4cker aus. In der Me\u00dfmer 6-Kr\u00e4uter-Mischung haben unsere Tee-Experten erfrischende Kr\u00e4uter wie Pfefferminze und Zitronengras mit der milden Fruchtigkeit von Hagebutten und Hibiskus vereint und mit Brombeerbl\u00e4ttern und Zitronenverbene abgerundet \u2013 f\u00fcr ein wohlschmeckendes Genusserlebnis.<br \/>\nHibiskus oder Eibisch ist eine Gattung aus der Pflanzenfamilie der Malvengew\u00e4chse mit etwa 300 Arten. Aufgrund seines aromatischen Geschmacks und seiner roten Farbe ist Hibiskus h\u00e4ufig Bestandteil von vielen Fr\u00fcchtetee-Mischungen. Zitronenverbene, auch als Zitronenstrauch bekannt, geh\u00f6rt zur Familie der Eisenkrautgew\u00e4chse. Deren Bl\u00e4tter sind f\u00fcr die Herstellung von Tee besonders beliebt, weil der Zitronengeschmack des intensiv zitronig duftenden \u00e4therischen \u00d6ls auch nach der Trocknung erhalten bleibt.<br \/>\nBring frisches Wasser zum Kochen und \u00fcbergie\u00dfe den Tee mit sprudelnd kochendem Wasser. Lass den Tee 6 Minuten ziehen, damit sich der volle Geschmack entfalten kann und du ein sicheres Lebensmittel erh\u00e4ltst.<br \/>\nWusstest du, dass Me\u00dfmer heute die Tee-Marke in Deutschland und \u00d6sterreich ist, die dir ein umfangreiches Produktsortiment aus nachhaltigem Anbau bietet? Der Gro\u00dfteil unserer Tees ist mit dem unabh\u00e4ngigen Nachhaltigkeitsstandard Rainforest Alliance zertifiziert, in den das UTZ-Programm mittlerweile integriert ist. Und wir arbeiten daran, den Anteil an nachhaltigen Rohwaren m\u00f6glichst schnell auf 100% zu erh\u00f6hen. Au\u00dferdem schon seit Jahren selbstverst\u00e4ndlich bei Me\u00dfmer: Teebeutel ohne Metallklammer sowie Pyramidenbeutel auf Basis nachwachsender Rohstoffe bei unseren Cold Teas. Und Papier-Faltschachteln aus 100% Recyclingmaterial.<br \/>\nEgal, ob du Kr\u00e4utertees, Fr\u00fcchtetees oder klassische Gr\u00fcn- und Schwarztees magst: Me\u00dfmer hat Teesorten, die du lieben wirst! Daf\u00fcr sorgen unsere Me\u00dfmer Tee-Experten, die mit langj\u00e4hriger Erfahrung, viel Handwerkskunst und einem sicheren Gesp\u00fcr f\u00fcr Trends immer wieder neue Tees mit einzigartigem Geschmack kreieren. \u00dcbrigens: Die Bl\u00e4tter der Teepflanze Camellia Sinensis werden nur f\u00fcr unsere Schwarz- und Gr\u00fcntees verwendet. F\u00fcr unsere Kr\u00e4uter- und Fr\u00fcchtetees beziehen wir Zutaten aus \u00fcber 90 L\u00e4ndern dieser Erde. Viele davon werden sogar wild gesammelt, wie z. B. Hagebutten.<br \/>\n<div class=\"main-cross-sell\" data-asin=\"B08DDSDSHJ\">\n\n\t<div class=\"WooZone-cross-sell-loader\">\n\t\t<div>\n\t\t\t<div id=\"floatingBarsG\">\n\t\t\t\t<div class=\"blockG\" id=\"rotateG_01\"><\/div>\n\t\t\t\t<div class=\"blockG\" id=\"rotateG_02\"><\/div>\n\t\t\t\t<div class=\"blockG\" id=\"rotateG_03\"><\/div>\n\t\t\t\t<div class=\"blockG\" id=\"rotateG_04\"><\/div>\n\t\t\t\t<div class=\"blockG\" id=\"rotateG_05\"><\/div>\n\t\t\t\t<div class=\"blockG\" id=\"rotateG_06\"><\/div>\n\t\t\t\t<div class=\"blockG\" id=\"rotateG_07\"><\/div>\n\t\t\t\t<div class=\"blockG\" id=\"rotateG_08\"><\/div>\n\t\t\t<\/div>\n\t\t\t<div class=\"WooZone-cross-sell-loader-text\"><\/div>\n\t\t<\/div>\n\t<\/div>\n\n\t\t\n<\/div>\n<div style=\"clear:both;\"><\/div><\/p>\n","protected":false},"excerpt":{"rendered":"<p>Die verschiedenen Kr\u00e4uter zeichnen sich durch ihre unverwechselbar individuellen Geschm\u00e4cker aus. In der Me\u00dfmer 6-Kr\u00e4uter-Mischung haben unsere Tee-Experten erfrischende Kr\u00e4uter wie Pfefferminze und Zitronengras mit der milden Fruchtigkeit von Hagebutten und Hibiskus vereint und mit Brombeerbl\u00e4ttern und Zitronenverbene abgerundet \u2013 f\u00fcr ein wohlschmeckendes Genusserlebnis.<br \/>\nHibiskus oder Eibisch ist eine Gattung aus der Pflanzenfamilie der Malvengew\u00e4chse mit etwa 300 Arten. Aufgrund seines aromatischen Geschmacks und seiner roten Farbe ist Hibiskus h\u00e4ufig Bestandteil von vielen Fr\u00fcchtetee-Mischungen. Zitronenverbene, auch als Zitronenstrauch bekannt, geh\u00f6rt zur Familie der Eisenkrautgew\u00e4chse. Deren Bl\u00e4tter sind f\u00fcr die Herstellung von Tee besonders beliebt, weil der Zitronengeschmack des intensiv zitronig duftenden \u00e4therischen \u00d6ls auch nach der Trocknung erhalten bleibt.<br \/>\nBring frisches Wasser zum Kochen und \u00fcbergie\u00dfe den Tee mit sprudelnd kochendem Wasser. Lass den Tee 6 Minuten ziehen, damit sich der volle Geschmack entfalten kann und du ein sicheres Lebensmittel erh\u00e4ltst.<\/p>\n","protected":false},"featured_media":40153,"comment_status":"open","ping_status":"closed","template":"","meta":[],"product_brand":[],"product_cat":[83],"product_tag":[],"class_list":{"0":"post-40152","1":"product","2":"type-product","3":"status-publish","4":"has-post-thumbnail","6":"product_cat-teebeutel","7":"pa_allergie-informationen-enthaelt-glutenfrei-laktosefrei","8":"pa_amazon-bestseller-rang-nr-78-in-lebensmittel-getraenke-siehe-top-100-in-lebensmittel-getraenke-nr-2-in-kraeutertee","9":"pa_artikelgewicht-10-g","10":"pa_aufbewahrung-kuehl-und-trocken-lagern","11":"pa_besonderheit-fettfrei-lactosefrei-ohne-zuckerzusatz-glutenfrei-ohne-konservierungsstoffe","12":"pa_durchschnittliche-kundenbewer-47-von-5-sternen-804-sternebewertungen-47-von-5-sternen","13":"pa_format-beutel","14":"pa_herkunftsland-deutschland","15":"pa_hersteller-ostfriesische-tee-gesellschaft-gmbh","16":"pa_im-angebot-von-amazon-de-seit-31-mai-2020","17":"pa_kontakt-zum-hersteller-21218-seevetal-deutschland","18":"pa_marke-messmer","19":"pa_netto-gewicht-50-gramm","20":"pa_produktabmessungen-16-x-6-6-x-7-4-cm-10-gramm","21":"pa_produktbezeichnung-kraeutertee","22":"pa_stueckzahl-25-stueck","23":"pa_ursprungsland-germany","24":"pa_zertifizierung-utz-zertifiziertes-kaffeprodukt-soziale-und-oekologische-qualitaet","26":"first","27":"instock","28":"shipping-taxable","29":"purchasable","30":"product-type-simple"},"_links":{"self":[{"href":"https:\/\/123-teezeit.de\/index.php?rest_route=\/wp\/v2\/product\/40152","targetHints":{"allow":["GET"]}}],"collection":[{"href":"https:\/\/123-teezeit.de\/index.php?rest_route=\/wp\/v2\/product"}],"about":[{"href":"https:\/\/123-teezeit.de\/index.php?rest_route=\/wp\/v2\/types\/product"}],"replies":[{"embeddable":true,"href":"https:\/\/123-teezeit.de\/index.php?rest_route=%2Fwp%2Fv2%2Fcomments&post=40152"}],"wp:featuredmedia":[{"embeddable":true,"href":"https:\/\/123-teezeit.de\/index.php?rest_route=\/wp\/v2\/media\/40153"}],"wp:attachment":[{"href":"https:\/\/123-teezeit.de\/index.php?rest_route=%2Fwp%2Fv2%2Fmedia&parent=40152"}],"wp:term":[{"taxonomy":"product_brand","embeddable":true,"href":"https:\/\/123-teezeit.de\/index.php?rest_route=%2Fwp%2Fv2%2Fproduct_brand&post=40152"},{"taxonomy":"product_cat","embeddable":true,"href":"https:\/\/123-teezeit.de\/index.php?rest_route=%2Fwp%2Fv2%2Fproduct_cat&post=40152"},{"taxonomy":"product_tag","embeddable":true,"href":"https:\/\/123-teezeit.de\/index.php?rest_route=%2Fwp%2Fv2%2Fproduct_tag&post=40152"}],"curies":[{"name":"wp","href":"https:\/\/api.w.org\/{rel}","templated":true}]}}