{"id":40240,"date":"2022-02-12T19:07:36","date_gmt":"2022-02-12T19:07:36","guid":{"rendered":"https:\/\/123-teezeit.de\/?product=tee-fix-zistrose-30-teebeutel-herbapol"},"modified":"2023-04-10T09:00:26","modified_gmt":"2023-04-10T09:00:26","slug":"tee-fix-zistrose-30-teebeutel-herbapol","status":"publish","type":"product","link":"https:\/\/123-teezeit.de\/?product=tee-fix-zistrose-30-teebeutel-herbapol","title":{"rendered":"Tee fix Zistrose 30 Teebeutel &#8211; Herbapol"},"content":{"rendered":"<p><!-- show up to 2 reviews by default --> <\/p>\n<h3> <span>Produktbeschreibung<\/span> <\/h3>\n<p> <span>Der steinrosentee erg\u00e4nzt die t\u00e4gliche Ern\u00e4hrung. Rockrose ist ein wertvolles Antioxidans und sch\u00fctzt den K\u00f6rper vor freien Radikalen. Es st\u00e4rkt die Abwehrkr\u00e4fte des K\u00f6rpers und st\u00e4rkt das Immunsystem. Der steinrosentee hat einen interessanten Geschmack und ein delikates Aroma.<\/span> <\/p>\n<h3> <span>Inhaltsstoffe \/ Zutaten<\/span> <\/h3>\n<p> <span>Zistrosenblatt (Cistus incanus) &#8211; 100%.<\/span> <\/p>\n<div data-a-expander-name=\"toggle_description\" class=\"a-row a-expander-container a-expander-extend-container\">\n<div class=\"a-expander-content a-expander-extend-content\">\n<h3> <span>Gebrauchsanweisung<\/span> <\/h3>\n<p> <span>Trinken Sie dreimal t\u00e4glich eine frisch zubereitete Infusion.<\/span> <\/p>\n<h3> <span>Warnhinweise<\/span> <\/h3>\n<p> <span>\u00dcberschreiten Sie nicht die empfohlene Tagesmenge des Produkts.<\/span> <\/p>\n<h3> <span>Anschrift Hersteller\/Importeur<\/span> <\/h3>\n<p> <span>Herbapol w Krakowie SA, ul Cha\u0142upnika 14, 31-464 Krakau, Polen<\/span> <\/p>\n<\/p><\/div>\n<p> <a data-csa-c-func-deps=\"aui-da-a-expander-toggle\" data-csa-c-type=\"widget\" data-csa-interaction-events=\"click\" role=\"button\" href=\"void(0)\" data-action=\"a-expander-toggle\" class=\"a-expander-header a-declarative a-expander-extend-header\" data-a-expander-toggle=\"{\"><i class=\"a-icon a-icon-extender-expand\"><\/i><span class=\"a-expander-prompt\">Mehr<\/span><\/a> <\/div>\n<p>Nat\u00fcrliches pflanzliches Produkt<br \/>\nPurge ist ein wertvolles Antioxidans und sch\u00fctzt den K\u00f6rper vor freien Radikalen<br \/>\nTraditionelle, bew\u00e4hrte Rezepte<br \/>\n<div class=\"main-cross-sell\" data-asin=\"B0758G4XQJ\">\n\n\t<div class=\"WooZone-cross-sell-loader\">\n\t\t<div>\n\t\t\t<div id=\"floatingBarsG\">\n\t\t\t\t<div class=\"blockG\" id=\"rotateG_01\"><\/div>\n\t\t\t\t<div class=\"blockG\" id=\"rotateG_02\"><\/div>\n\t\t\t\t<div class=\"blockG\" id=\"rotateG_03\"><\/div>\n\t\t\t\t<div class=\"blockG\" id=\"rotateG_04\"><\/div>\n\t\t\t\t<div class=\"blockG\" id=\"rotateG_05\"><\/div>\n\t\t\t\t<div class=\"blockG\" id=\"rotateG_06\"><\/div>\n\t\t\t\t<div class=\"blockG\" id=\"rotateG_07\"><\/div>\n\t\t\t\t<div class=\"blockG\" id=\"rotateG_08\"><\/div>\n\t\t\t<\/div>\n\t\t\t<div class=\"WooZone-cross-sell-loader-text\"><\/div>\n\t\t<\/div>\n\t<\/div>\n\n\t\t\n<\/div>\n<div style=\"clear:both;\"><\/div><\/p>\n","protected":false},"excerpt":{"rendered":"<p>Nat\u00fcrliches pflanzliches Produkt<br \/>\nPurge ist ein wertvolles Antioxidans und sch\u00fctzt den K\u00f6rper vor freien Radikalen<br \/>\nTraditionelle, bew\u00e4hrte Rezepte<\/p>\n","protected":false},"featured_media":40241,"comment_status":"open","ping_status":"closed","template":"","meta":[],"product_brand":[],"product_cat":[83],"product_tag":[],"class_list":{"0":"post-40240","1":"product","2":"type-product","3":"status-publish","4":"has-post-thumbnail","6":"product_cat-teebeutel","7":"pa_amazon-bestseller-rang-nr-12366-in-lebensmittel-getraenke-siehe-top-100-in-lebensmittel-getraenke-nr-489-in-kraeutertee","8":"pa_artikelgewicht-39-g","9":"pa_aufbewahrung-trocken-lagern","10":"pa_durchschnittliche-kundenbewer-42-von-5-sternen-111-sternebewertungen-42-von-5-sternen","11":"pa_format-instant","12":"pa_herkunftsland-polen","13":"pa_hersteller-kzz-herbapol-w-krakowie-sa-poland","14":"pa_im-angebot-von-amazon-de-seit-31-dezember-2018","15":"pa_kontakt-zum-hersteller-herbapol-w-krakowie-sa-ul-chalupnika-14-31-464-krakau-polen","16":"pa_marke-herbapol-w-krakowie-sa","17":"pa_produktabmessungen-44-x-34-x-26-5-cm-39-gramm","18":"pa_produktbezeichnung-tee-fix-zistrose","19":"pa_stueckzahl-39-0-gramm","21":"first","22":"instock","23":"shipping-taxable","24":"purchasable","25":"product-type-simple"},"_links":{"self":[{"href":"https:\/\/123-teezeit.de\/index.php?rest_route=\/wp\/v2\/product\/40240","targetHints":{"allow":["GET"]}}],"collection":[{"href":"https:\/\/123-teezeit.de\/index.php?rest_route=\/wp\/v2\/product"}],"about":[{"href":"https:\/\/123-teezeit.de\/index.php?rest_route=\/wp\/v2\/types\/product"}],"replies":[{"embeddable":true,"href":"https:\/\/123-teezeit.de\/index.php?rest_route=%2Fwp%2Fv2%2Fcomments&post=40240"}],"wp:featuredmedia":[{"embeddable":true,"href":"https:\/\/123-teezeit.de\/index.php?rest_route=\/wp\/v2\/media\/40241"}],"wp:attachment":[{"href":"https:\/\/123-teezeit.de\/index.php?rest_route=%2Fwp%2Fv2%2Fmedia&parent=40240"}],"wp:term":[{"taxonomy":"product_brand","embeddable":true,"href":"https:\/\/123-teezeit.de\/index.php?rest_route=%2Fwp%2Fv2%2Fproduct_brand&post=40240"},{"taxonomy":"product_cat","embeddable":true,"href":"https:\/\/123-teezeit.de\/index.php?rest_route=%2Fwp%2Fv2%2Fproduct_cat&post=40240"},{"taxonomy":"product_tag","embeddable":true,"href":"https:\/\/123-teezeit.de\/index.php?rest_route=%2Fwp%2Fv2%2Fproduct_tag&post=40240"}],"curies":[{"name":"wp","href":"https:\/\/api.w.org\/{rel}","templated":true}]}}