{"id":40416,"date":"2022-02-13T02:35:21","date_gmt":"2022-02-13T02:35:21","guid":{"rendered":"https:\/\/123-teezeit.de\/?product=ahmad-tea-earl-grey-lose-schwarzer-tee-500-gramm"},"modified":"2023-04-10T09:00:28","modified_gmt":"2023-04-10T09:00:28","slug":"ahmad-tea-earl-grey-lose-schwarzer-tee-500-gramm","status":"publish","type":"product","link":"https:\/\/123-teezeit.de\/?product=ahmad-tea-earl-grey-lose-schwarzer-tee-500-gramm","title":{"rendered":"Ahmad Tea Earl Grey Loose Leaf Tea | Black Tea\/ Bright, reddish &#8211; 500g Loose Leaf (1er Pack)"},"content":{"rendered":"<p><!-- show up to 2 reviews by default --> <\/p>\n<h3> <span>Produktbeschreibung<\/span> <\/h3>\n<p> <span>Earl Grey Tea ist ein Klassiker unter der Schwarztees. Ein sehr aromatischer und fein im Geschmack. L\u00e4sst sich in jeder Tageszeit genie\u00dfen. Es gibt sie in verschiedene Gr\u00f6\u00dfen als loser Tee oder als Beutel oder in der Metaldose zum Verschenken.<\/span> <\/p>\n<h3> <span>Inhaltsstoffe \/ Zutaten<\/span> <\/h3>\n<p> <span>Schwarzer Tee &#8211; Mischung, Bergamottearoma<\/span> <\/p>\n<div data-a-expander-name=\"toggle_description\" class=\"a-row a-expander-container a-expander-extend-container\">\n<div class=\"a-expander-content a-expander-extend-content\">\n<h3> <span>Gebrauchsanweisung<\/span> <\/h3>\n<p> <span>2g Tee mit 200ml frischem, kochendem Wasser aufgie\u00dfen, ca. 4 Minuten ziehen lassen.<\/span> <\/p>\n<h3> <span>Warnhinweise<\/span> <\/h3>\n<p> <span>keine<\/span> <\/p>\n<h3> <span>Anschrift Hersteller\/Importeur<\/span> <\/h3>\n<p> <span>Ahmad Tea Ltd. Winchester Road Chandlers Ford Hampshire SO53 2PZ England<\/span> <\/p>\n<\/p><\/div>\n<p> <a data-csa-c-func-deps=\"aui-da-a-expander-toggle\" data-csa-c-type=\"widget\" data-csa-interaction-events=\"click\" role=\"button\" href=\"void(0)\" data-action=\"a-expander-toggle\" class=\"a-expander-header a-declarative a-expander-extend-header\" data-a-expander-toggle=\"{\"><i class=\"a-icon a-icon-extender-expand\"><\/i><span class=\"a-expander-prompt\">Mehr<\/span><\/a> <\/div>\n<p>Schwarzer Tee, aromatisiert &#8211; Bergamotte<br \/>\nZutaten: Schwarzer Tee, Aroma (Bergamotte)<br \/>\nZubereitungsempfehlung: in eine Teekanne ca. 0, 5 Liter einen bzw zwei Teel\u00f6ffel in die Kanne geben, mit sprudelnd kochendem Wasser aufgie\u00dfen und je nach Geschmack 4-7 Minuten ziehen lassen.<br \/>\nGenie\u00dfen Sie diesen Tee mit einem Teel\u00f6ffel Kandis oder Zucker.<br \/>\nInhalt: 500g loser Tee<br \/>\n<div class=\"main-cross-sell\" data-asin=\"B00GRS0C0M\">\n\n\t<div class=\"WooZone-cross-sell-loader\">\n\t\t<div>\n\t\t\t<div id=\"floatingBarsG\">\n\t\t\t\t<div class=\"blockG\" id=\"rotateG_01\"><\/div>\n\t\t\t\t<div class=\"blockG\" id=\"rotateG_02\"><\/div>\n\t\t\t\t<div class=\"blockG\" id=\"rotateG_03\"><\/div>\n\t\t\t\t<div class=\"blockG\" id=\"rotateG_04\"><\/div>\n\t\t\t\t<div class=\"blockG\" id=\"rotateG_05\"><\/div>\n\t\t\t\t<div class=\"blockG\" id=\"rotateG_06\"><\/div>\n\t\t\t\t<div class=\"blockG\" id=\"rotateG_07\"><\/div>\n\t\t\t\t<div class=\"blockG\" id=\"rotateG_08\"><\/div>\n\t\t\t<\/div>\n\t\t\t<div class=\"WooZone-cross-sell-loader-text\"><\/div>\n\t\t<\/div>\n\t<\/div>\n\n\t\t\n<\/div>\n<div style=\"clear:both;\"><\/div><\/p>\n","protected":false},"excerpt":{"rendered":"<p>Schwarzer Tee, aromatisiert &#8211; Bergamotte<br \/>\nZutaten: Schwarzer Tee, Aroma (Bergamotte)<br \/>\nZubereitungsempfehlung: in eine Teekanne ca. 0, 5 Liter einen bzw zwei Teel\u00f6ffel in die Kanne geben, mit sprudelnd kochendem Wasser aufgie\u00dfen und je nach Geschmack 4-7 Minuten ziehen lassen.<\/p>\n","protected":false},"featured_media":40417,"comment_status":"open","ping_status":"closed","template":"","meta":[],"product_brand":[],"product_cat":[23],"product_tag":[],"class_list":{"0":"post-40416","1":"product","2":"type-product","3":"status-publish","4":"has-post-thumbnail","6":"product_cat-schwarztee","7":"pa_allergie-informationen-enthaelt-glutenfrei","8":"pa_amazon-bestseller-rang-nr-2752-in-lebensmittel-getraenke-siehe-top-100-in-lebensmittel-getraenke-nr-26-in-schwarztee","9":"pa_artikelgewicht-500-g","10":"pa_aufbewahrung-kuehle-und-trocken-lagern","11":"pa_auslaufartikel-produktion-dur-nein","12":"pa_besonderheit-vegetarisch","13":"pa_durchschnittliche-kundenbewer-46-von-5-sternen-586-sternebewertungen-46-von-5-sternen","14":"pa_format-loose-blaetter","15":"pa_herkunftsland-sri-lanka","16":"pa_hersteller-ahmad-tea","17":"pa_im-angebot-von-amazon-de-seit-1-august-2014","18":"pa_kontakt-zum-hersteller-ahmad-tea-ltd-winchester-road-chandlers-ford-hampshire-so53-2pz-england","19":"pa_marke-ahmad-tea","20":"pa_netto-gewicht-0-5-kilogramm","21":"pa_produktabmessungen-12-1-x-7-6-x-19-4-cm-500-gramm","22":"pa_produktbezeichnung-earl-grey-schwarzer-tee-lose-500g","23":"pa_stueckzahl-500-0-gramm","24":"pa_ursprungsland-der-primaeren-z-sri-lanka","26":"first","27":"instock","28":"shipping-taxable","29":"purchasable","30":"product-type-simple"},"_links":{"self":[{"href":"https:\/\/123-teezeit.de\/index.php?rest_route=\/wp\/v2\/product\/40416","targetHints":{"allow":["GET"]}}],"collection":[{"href":"https:\/\/123-teezeit.de\/index.php?rest_route=\/wp\/v2\/product"}],"about":[{"href":"https:\/\/123-teezeit.de\/index.php?rest_route=\/wp\/v2\/types\/product"}],"replies":[{"embeddable":true,"href":"https:\/\/123-teezeit.de\/index.php?rest_route=%2Fwp%2Fv2%2Fcomments&post=40416"}],"wp:featuredmedia":[{"embeddable":true,"href":"https:\/\/123-teezeit.de\/index.php?rest_route=\/wp\/v2\/media\/40417"}],"wp:attachment":[{"href":"https:\/\/123-teezeit.de\/index.php?rest_route=%2Fwp%2Fv2%2Fmedia&parent=40416"}],"wp:term":[{"taxonomy":"product_brand","embeddable":true,"href":"https:\/\/123-teezeit.de\/index.php?rest_route=%2Fwp%2Fv2%2Fproduct_brand&post=40416"},{"taxonomy":"product_cat","embeddable":true,"href":"https:\/\/123-teezeit.de\/index.php?rest_route=%2Fwp%2Fv2%2Fproduct_cat&post=40416"},{"taxonomy":"product_tag","embeddable":true,"href":"https:\/\/123-teezeit.de\/index.php?rest_route=%2Fwp%2Fv2%2Fproduct_tag&post=40416"}],"curies":[{"name":"wp","href":"https:\/\/api.w.org\/{rel}","templated":true}]}}