{"id":40962,"date":"2022-02-13T03:39:48","date_gmt":"2022-02-13T03:39:48","guid":{"rendered":"https:\/\/123-teezeit.de\/?product=knusperhaeuschen-milder-fruechtetee-1000g"},"modified":"2023-04-08T09:30:31","modified_gmt":"2023-04-08T09:30:31","slug":"knusperhaeuschen-milder-fruechtetee-1000g","status":"publish","type":"product","link":"https:\/\/123-teezeit.de\/?product=knusperhaeuschen-milder-fruechtetee-1000g","title":{"rendered":"KNUSPERH\u00c4USCHEN\u00ae MILDER FR\u00dcCHTETEE (1000g)"},"content":{"rendered":"<p><!-- show up to 2 reviews by default --> <\/p>\n<h3> <span>Produktbeschreibungen<\/span> <\/h3>\n<p> <span>Beschreibung: mit dem Geschmack gebrannter Mandeln. Magenmilder Fr\u00fcchtetee mit s\u00fc\u00df-fruchtigem Duft gebrannter Mandeln. Ein besonders bek\u00f6mmlicher, hellroter Fr\u00fcchtetee der bei Kindern und Erwachsenen das ganze Jahr \u00fcber beliebt ist. Der Knusperh\u00e4uschen Tee kann heiss oder auch kalt getrunken werden. Im Knusperh\u00e4uschen Tee wird auf Zutaten mit hohem Fruchts\u00e4uregehalt verzichtet. Zutaten: Apfelst\u00fccke (Apfel, S\u00e4uerungsmittel: Zitronens\u00e4ure), kandierte Ananasst\u00fccke (Ananas, Zucker), kandierte Papayast\u00fccke (Papaya, Zucker), Rote Beetest\u00fccke, Zimtstangen, Aroma, Weinbeeren, Kokoschips (Kokosnuss, Zucker), gebrannte Mandeln (Mandeln, karamellisierter Zucker)(2%), Popcorn (Mais, Zucker, Raps\u00f6l)<\/span> <\/p>\n<h3> <span>Inhaltsstoffe \/ Zutaten<\/span> <\/h3>\n<p> <span>Zutaten Apfelst\u00fccke (Apfel, S\u00e4uerungsmittel: Zitronens\u00e4ure), kandierte Ananasst\u00fccke (Ananas, Zucker), kandierte Papayast\u00fccke (Papaya, Zucker), Rote Beetest\u00fccke, Zimtstangen, Aroma, Weinbeeren, Kokoschips (Kokosnuss, Zucker), gebrannte Mandeln (Mandeln, karamellisierter Zucker)(2%), Popcorn (Mais, Zucker, Raps\u00f6l)<\/span> <\/p>\n<div data-a-expander-name=\"toggle_description\" class=\"a-row a-expander-container a-expander-extend-container\">\n<div class=\"a-expander-content a-expander-extend-content\">\n<h3> <span>Anschrift Hersteller\/Importeur<\/span> <\/h3>\n<p> <span>Teaworld OHG, Cidelarenstr. 8, 84367 Zeilarn, Deutschland<\/span> <\/p>\n<\/p><\/div>\n<p> <a data-csa-c-func-deps=\"aui-da-a-expander-toggle\" data-csa-c-type=\"widget\" data-csa-interaction-events=\"click\" role=\"button\" href=\"void(0)\" data-action=\"a-expander-toggle\" class=\"a-expander-header a-declarative a-expander-extend-header\" data-a-expander-toggle=\"{\"><i class=\"a-icon a-icon-extender-expand\"><\/i><span class=\"a-expander-prompt\">Mehr<\/span><\/a> <\/div>\n<div class=\"main-cross-sell\" data-asin=\"B075KHYJBJ\">\n\n\t<div class=\"WooZone-cross-sell-loader\">\n\t\t<div>\n\t\t\t<div id=\"floatingBarsG\">\n\t\t\t\t<div class=\"blockG\" id=\"rotateG_01\"><\/div>\n\t\t\t\t<div class=\"blockG\" id=\"rotateG_02\"><\/div>\n\t\t\t\t<div class=\"blockG\" id=\"rotateG_03\"><\/div>\n\t\t\t\t<div class=\"blockG\" id=\"rotateG_04\"><\/div>\n\t\t\t\t<div class=\"blockG\" id=\"rotateG_05\"><\/div>\n\t\t\t\t<div class=\"blockG\" id=\"rotateG_06\"><\/div>\n\t\t\t\t<div class=\"blockG\" id=\"rotateG_07\"><\/div>\n\t\t\t\t<div class=\"blockG\" id=\"rotateG_08\"><\/div>\n\t\t\t<\/div>\n\t\t\t<div class=\"WooZone-cross-sell-loader-text\"><\/div>\n\t\t<\/div>\n\t<\/div>\n\n\t\t\n<\/div>\n<div style=\"clear:both;\"><\/div>\n","protected":false},"excerpt":{"rendered":"<p>Produktbeschreibungen Beschreibung: mit dem Geschmack gebrannter Mandeln. Magenmilder Fr\u00fcchtetee mit s\u00fc\u00df-fruchtigem Duft gebrannter Mandeln. Ein besonders bek\u00f6mmlicher, hellroter Fr\u00fcchtetee der bei Kindern und Erwachsenen das ganze Jahr \u00fcber beliebt ist. Der Knusperh\u00e4uschen Tee kann heiss oder auch kalt getrunken werden. Im Knusperh\u00e4uschen Tee wird auf Zutaten mit hohem Fruchts\u00e4uregehalt verzichtet. Zutaten: Apfelst\u00fccke (Apfel, S\u00e4uerungsmittel: Zitronens\u00e4ure), [&hellip;]<\/p>\n","protected":false},"featured_media":40963,"comment_status":"open","ping_status":"closed","template":"","meta":[],"product_brand":[],"product_cat":[29],"product_tag":[],"class_list":{"0":"post-40962","1":"product","2":"type-product","3":"status-publish","4":"has-post-thumbnail","6":"product_cat-fruechtetee","7":"pa_amazon-bestseller-rang-nr-27926-in-lebensmittel-getraenke-siehe-top-100-in-lebensmittel-getraenke-nr-312-in-fruechtetee","8":"pa_artikelgewicht-1-kg","9":"pa_auslaufartikel-produktion-dur-nein","10":"pa_besonderheit-vegetarisch","11":"pa_durchschnittliche-kundenbewer-48-von-5-sternen-28-sternebewertungen-48-von-5-sternen","12":"pa_herkunftsland-deutschland","13":"pa_hersteller-florapharm","14":"pa_im-angebot-von-amazon-de-seit-11-september-2017","15":"pa_kontakt-zum-hersteller-teaworld-ohg-cidelarenstr-8-84367-zeilarn-deutschland","16":"pa_marke-teaworld","17":"pa_netto-gewicht-1000-gramm","18":"pa_stueckzahl-1000-0-grams","19":"pa_ursprungsland-deutschland","21":"first","22":"instock","23":"shipping-taxable","24":"purchasable","25":"product-type-simple"},"_links":{"self":[{"href":"https:\/\/123-teezeit.de\/index.php?rest_route=\/wp\/v2\/product\/40962","targetHints":{"allow":["GET"]}}],"collection":[{"href":"https:\/\/123-teezeit.de\/index.php?rest_route=\/wp\/v2\/product"}],"about":[{"href":"https:\/\/123-teezeit.de\/index.php?rest_route=\/wp\/v2\/types\/product"}],"replies":[{"embeddable":true,"href":"https:\/\/123-teezeit.de\/index.php?rest_route=%2Fwp%2Fv2%2Fcomments&post=40962"}],"wp:featuredmedia":[{"embeddable":true,"href":"https:\/\/123-teezeit.de\/index.php?rest_route=\/wp\/v2\/media\/40963"}],"wp:attachment":[{"href":"https:\/\/123-teezeit.de\/index.php?rest_route=%2Fwp%2Fv2%2Fmedia&parent=40962"}],"wp:term":[{"taxonomy":"product_brand","embeddable":true,"href":"https:\/\/123-teezeit.de\/index.php?rest_route=%2Fwp%2Fv2%2Fproduct_brand&post=40962"},{"taxonomy":"product_cat","embeddable":true,"href":"https:\/\/123-teezeit.de\/index.php?rest_route=%2Fwp%2Fv2%2Fproduct_cat&post=40962"},{"taxonomy":"product_tag","embeddable":true,"href":"https:\/\/123-teezeit.de\/index.php?rest_route=%2Fwp%2Fv2%2Fproduct_tag&post=40962"}],"curies":[{"name":"wp","href":"https:\/\/api.w.org\/{rel}","templated":true}]}}