{"id":40972,"date":"2022-02-13T03:40:00","date_gmt":"2022-02-13T03:40:00","guid":{"rendered":"https:\/\/123-teezeit.de\/?product=tropical-dream-fruechtetee-lose-nr-1180-von-gaiwan-250-g"},"modified":"2026-01-10T00:05:34","modified_gmt":"2026-01-10T00:05:34","slug":"tropical-dream-fruechtetee-lose-nr-1180-von-gaiwan-250-g","status":"publish","type":"product","link":"https:\/\/123-teezeit.de\/?product=tropical-dream-fruechtetee-lose-nr-1180-von-gaiwan-250-g","title":{"rendered":"Tropical Dream &#8211; Fr\u00fcchtetee lose Nr. 1180 von GAIWAN, 250 g"},"content":{"rendered":"<p> <a href=\"https:\/\/inches2.com\/\" target=\"_blank\">GODDESS SARAH LEE sophie turner nude<\/a><\/p>\n<p><!-- show up to 2 reviews by default --> <\/p>\n<p> <span>Ein sehr ausgewogener, fruchtig s\u00fc\u00dfer und sehr aromatischer Fr\u00fcchtetee. Hei\u00df, wie kalt ein Genuss. F\u00fcr die Eistee-Zubereitung einfach l\u00e4nger ziehen lassen.<\/span> <\/p>\n<p>Packungsgr\u00f6\u00dfe: 250 g, Grundpreis: 5,20 \u20ac pro 100 g beim Verkaufspreis 12,99 \u20ac inkl. 5% USt. &#x1f343;<br \/>\n<div class=\"main-cross-sell\" data-asin=\"B0183VC3TS\">\n\n\t<div class=\"WooZone-cross-sell-loader\">\n\t\t<div>\n\t\t\t<div id=\"floatingBarsG\">\n\t\t\t\t<div class=\"blockG\" id=\"rotateG_01\"><\/div>\n\t\t\t\t<div class=\"blockG\" id=\"rotateG_02\"><\/div>\n\t\t\t\t<div class=\"blockG\" id=\"rotateG_03\"><\/div>\n\t\t\t\t<div class=\"blockG\" id=\"rotateG_04\"><\/div>\n\t\t\t\t<div class=\"blockG\" id=\"rotateG_05\"><\/div>\n\t\t\t\t<div class=\"blockG\" id=\"rotateG_06\"><\/div>\n\t\t\t\t<div class=\"blockG\" id=\"rotateG_07\"><\/div>\n\t\t\t\t<div class=\"blockG\" id=\"rotateG_08\"><\/div>\n\t\t\t<\/div>\n\t\t\t<div class=\"WooZone-cross-sell-loader-text\"><\/div>\n\t\t<\/div>\n\t<\/div>\n\n\t\t\n<\/div>\n<div style=\"clear:both;\"><\/div><\/p>\n","protected":false},"excerpt":{"rendered":"<p>Packungsgr\u00f6\u00dfe: 250 g, Grundpreis: 5,20 \u20ac pro 100 g beim Verkaufspreis 12,99 \u20ac inkl. 5% USt. &#x1f343;<\/p>\n","protected":false},"featured_media":40973,"comment_status":"open","ping_status":"closed","template":"","meta":[],"product_brand":[],"product_cat":[29],"product_tag":[],"class_list":{"0":"post-40972","1":"product","2":"type-product","3":"status-publish","4":"has-post-thumbnail","6":"product_cat-fruechtetee","7":"pa_amazon-bestseller-rang-nr-8769-in-lebensmittel-getraenke-siehe-top-100-in-lebensmittel-getraenke-nr-647-in-tee-lebensmittel-getraenke","8":"pa_artikelgewicht-250-g","9":"pa_auslaufartikel-produktion-dur-nein","10":"pa_besonderheit-bio","11":"pa_durchschnittliche-kundenbewer-45-von-5-sternen-162-sternebewertungen-45-von-5-sternen","12":"pa_format-lose-blaetter","13":"pa_hersteller-gaiwan","14":"pa_im-angebot-von-amazon-de-seit-16-november-2015","15":"pa_marke-gaiwan","16":"pa_netto-gewicht-250-gramm","17":"pa_stueckzahl-1-00-stueck","18":"pa_ursprungsland-deutschland","19":"pa_verpackungsabmessungen-12-8-x-9-x-5-6-cm-250-gramm","21":"first","22":"instock","23":"shipping-taxable","24":"purchasable","25":"product-type-simple"},"_links":{"self":[{"href":"https:\/\/123-teezeit.de\/index.php?rest_route=\/wp\/v2\/product\/40972","targetHints":{"allow":["GET"]}}],"collection":[{"href":"https:\/\/123-teezeit.de\/index.php?rest_route=\/wp\/v2\/product"}],"about":[{"href":"https:\/\/123-teezeit.de\/index.php?rest_route=\/wp\/v2\/types\/product"}],"replies":[{"embeddable":true,"href":"https:\/\/123-teezeit.de\/index.php?rest_route=%2Fwp%2Fv2%2Fcomments&post=40972"}],"wp:featuredmedia":[{"embeddable":true,"href":"https:\/\/123-teezeit.de\/index.php?rest_route=\/wp\/v2\/media\/40973"}],"wp:attachment":[{"href":"https:\/\/123-teezeit.de\/index.php?rest_route=%2Fwp%2Fv2%2Fmedia&parent=40972"}],"wp:term":[{"taxonomy":"product_brand","embeddable":true,"href":"https:\/\/123-teezeit.de\/index.php?rest_route=%2Fwp%2Fv2%2Fproduct_brand&post=40972"},{"taxonomy":"product_cat","embeddable":true,"href":"https:\/\/123-teezeit.de\/index.php?rest_route=%2Fwp%2Fv2%2Fproduct_cat&post=40972"},{"taxonomy":"product_tag","embeddable":true,"href":"https:\/\/123-teezeit.de\/index.php?rest_route=%2Fwp%2Fv2%2Fproduct_tag&post=40972"}],"curies":[{"name":"wp","href":"https:\/\/api.w.org\/{rel}","templated":true}]}}