{"id":41117,"date":"2022-02-13T03:45:31","date_gmt":"2022-02-13T03:45:31","guid":{"rendered":"https:\/\/123-teezeit.de\/?product=dallmayr-tee-aufgussbeutel-fruechtetee-waldbeere-1-x-625-g"},"modified":"2023-04-08T09:30:33","modified_gmt":"2023-04-08T09:30:33","slug":"dallmayr-tee-aufgussbeutel-fruechtetee-waldbeere-1-x-625-g","status":"publish","type":"product","link":"https:\/\/123-teezeit.de\/?product=dallmayr-tee-aufgussbeutel-fruechtetee-waldbeere-1-x-625-g","title":{"rendered":"Dallmayr Tee Aufgussbeutel &#8211; Fr\u00fcchtetee Waldbeere (1 x 62,5 g)"},"content":{"rendered":"<p><!-- show up to 2 reviews by default --> <\/p>\n<h3> <span>Produktbeschreibung<\/span> <\/h3>\n<p> <span>Dallmayr Tee &#8211; Fr\u00fcchtetee Waldbeere im Aufgussbeutel Fruchtig und mild-aromatisch Die sommerlich-leichte Fruchtsensation in der Tasse: mit dem vollen Geschmack von wildem Apfel, Brombeere, Erdbeere und Schwarzer Johannisbeere. Eine k\u00f6stliche Erfrischung.<\/span> <\/p>\n<h3> <span>Inhaltsstoffe \/ Zutaten<\/span> <\/h3>\n<p> <span>Zutaten: Hibiskusbl\u00fcten, Apfelbestandteile, Brombeerbl\u00e4tter, Aroma, S\u00e4uerungsmittel (Zitronens\u00e4ure), Schwarze Johannisbeerfasern, Hagebuttenschalen, Erdbeerfasern, Brombeerfasern<\/span> <\/p>\n<p>Leichter Fr\u00fcchtetee mit vollem Geschmack<br \/>\nErfrischend im Sommer<br \/>\nSorgf\u00e4ltig ausgew\u00e4hlt und komponiert vom Dallmayr Teemeister, in der Teemanufaktur in M\u00fcnchen<br \/>\nErfahrung mit Tee und Gesp\u00fcr f\u00fcr Qualit\u00e4t seit \u00fcber 100 Jahren<br \/>\n<div class=\"main-cross-sell\" data-asin=\"B0050MY9FK\">\n\n\t<div class=\"WooZone-cross-sell-loader\">\n\t\t<div>\n\t\t\t<div id=\"floatingBarsG\">\n\t\t\t\t<div class=\"blockG\" id=\"rotateG_01\"><\/div>\n\t\t\t\t<div class=\"blockG\" id=\"rotateG_02\"><\/div>\n\t\t\t\t<div class=\"blockG\" id=\"rotateG_03\"><\/div>\n\t\t\t\t<div class=\"blockG\" id=\"rotateG_04\"><\/div>\n\t\t\t\t<div class=\"blockG\" id=\"rotateG_05\"><\/div>\n\t\t\t\t<div class=\"blockG\" id=\"rotateG_06\"><\/div>\n\t\t\t\t<div class=\"blockG\" id=\"rotateG_07\"><\/div>\n\t\t\t\t<div class=\"blockG\" id=\"rotateG_08\"><\/div>\n\t\t\t<\/div>\n\t\t\t<div class=\"WooZone-cross-sell-loader-text\"><\/div>\n\t\t<\/div>\n\t<\/div>\n\n\t\t\n<\/div>\n<div style=\"clear:both;\"><\/div><\/p>\n","protected":false},"excerpt":{"rendered":"<p>Leichter Fr\u00fcchtetee mit vollem Geschmack<br \/>\nErfrischend im Sommer<br \/>\nSorgf\u00e4ltig ausgew\u00e4hlt und komponiert vom Dallmayr Teemeister, in der Teemanufaktur in M\u00fcnchen<\/p>\n","protected":false},"featured_media":41118,"comment_status":"open","ping_status":"closed","template":"","meta":[],"product_brand":[],"product_cat":[29],"product_tag":[],"class_list":{"0":"post-41117","1":"product","2":"type-product","3":"status-publish","4":"has-post-thumbnail","6":"product_cat-fruechtetee","7":"pa_amazon-bestseller-rang-nr-8929-in-lebensmittel-getraenke-siehe-top-100-in-lebensmittel-getraenke-nr-79-in-fruechtetee","8":"pa_artikelgewicht-100-g","9":"pa_durchschnittliche-kundenbewer-47-von-5-sternen-108-sternebewertungen-47-von-5-sternen","10":"pa_format-beutel","11":"pa_herkunftsland-deutschland","12":"pa_hersteller-dallmayr","13":"pa_im-angebot-von-amazon-de-seit-14-august-2014","14":"pa_marke-dallmayr","15":"pa_netto-gewicht-62-5-gramm","16":"pa_produktbezeichnung-dallmayr-aromatisierter-fruechtetee-waldbeere","17":"pa_stueckzahl-62-5-gramm","18":"pa_ursprungsland-germany","19":"pa_verpackungsabmessungen-16-2-x-7-8-x-6-8-cm","21":"first","22":"instock","23":"shipping-taxable","24":"purchasable","25":"product-type-simple"},"_links":{"self":[{"href":"https:\/\/123-teezeit.de\/index.php?rest_route=\/wp\/v2\/product\/41117","targetHints":{"allow":["GET"]}}],"collection":[{"href":"https:\/\/123-teezeit.de\/index.php?rest_route=\/wp\/v2\/product"}],"about":[{"href":"https:\/\/123-teezeit.de\/index.php?rest_route=\/wp\/v2\/types\/product"}],"replies":[{"embeddable":true,"href":"https:\/\/123-teezeit.de\/index.php?rest_route=%2Fwp%2Fv2%2Fcomments&post=41117"}],"wp:featuredmedia":[{"embeddable":true,"href":"https:\/\/123-teezeit.de\/index.php?rest_route=\/wp\/v2\/media\/41118"}],"wp:attachment":[{"href":"https:\/\/123-teezeit.de\/index.php?rest_route=%2Fwp%2Fv2%2Fmedia&parent=41117"}],"wp:term":[{"taxonomy":"product_brand","embeddable":true,"href":"https:\/\/123-teezeit.de\/index.php?rest_route=%2Fwp%2Fv2%2Fproduct_brand&post=41117"},{"taxonomy":"product_cat","embeddable":true,"href":"https:\/\/123-teezeit.de\/index.php?rest_route=%2Fwp%2Fv2%2Fproduct_cat&post=41117"},{"taxonomy":"product_tag","embeddable":true,"href":"https:\/\/123-teezeit.de\/index.php?rest_route=%2Fwp%2Fv2%2Fproduct_tag&post=41117"}],"curies":[{"name":"wp","href":"https:\/\/api.w.org\/{rel}","templated":true}]}}