{"id":41125,"date":"2022-02-13T03:45:42","date_gmt":"2022-02-13T03:45:42","guid":{"rendered":"https:\/\/123-teezeit.de\/?product=dallmayr-fruechtetee-weisser-pfirsich-2er-pack-2-x-100-g"},"modified":"2023-04-08T09:30:33","modified_gmt":"2023-04-08T09:30:33","slug":"dallmayr-fruechtetee-weisser-pfirsich-2er-pack-2-x-100-g","status":"publish","type":"product","link":"https:\/\/123-teezeit.de\/?product=dallmayr-fruechtetee-weisser-pfirsich-2er-pack-2-x-100-g","title":{"rendered":"Dallmayr Fr\u00fcchtetee Wei\u00dfer Pfirsich, 2er Pack (2 x 100 g)"},"content":{"rendered":"<p><!-- show up to 2 reviews by default --> <\/p>\n<h3> <span>Produktbeschreibung<\/span> <\/h3>\n<p> <span class=\"a-text-bold\">Dallmayr Fr\u00fcchtetee Wei\u00dfer Pfirsich<\/span><span class=\"a-text-bold\">Aromatisierte Fr\u00fcchtetee Mischung<\/span><\/p>\n<p><span>Fr\u00fcchtetees bieten eine k\u00f6stliche Erfrischung. Diese milde und sehr bek\u00f6mmliche Mischung ist mit dem Aroma wei\u00dfer Pfirsiche verfeinert.<\/span><\/p>\n<p><span>Diese Dallmayr Teespezialit\u00e4t eignet sich hervorragend f\u00fcr die Herstellung eines erfrischenden Eisteegetr\u00e4nks. Einfach 1\/2 l hei\u00dfen, kr\u00e4ftigen Tee auf 1\/2 l Eisw\u00fcrfel gie\u00dfen und anschlie\u00dfend nach Geschmack s\u00fc\u00dfen.<\/span><\/p>\n<\/p>\n<h3> <span>Inhaltsstoffe \/ Zutaten<\/span> <\/h3>\n<p> <span>Zutaten:Apfelst\u00fccke,Rooibuschtee,kandierte Papayast\u00fccke,Weinbeeren,Pfirsichst\u00fccke(Pfirsich,Reismehl),Aroma,Sonnenblumenbl\u00fcten<\/span> <\/p>\n<div data-a-expander-name=\"toggle_description\" class=\"a-row a-expander-container a-expander-extend-container\">\n<div class=\"a-expander-content a-expander-extend-content\">\n<h3> <span>Gebrauchsanweisung<\/span> <\/h3>\n<p> <span>1 geh\u00e4ufter Teel\u00f6ffel pro Tasse. Mit frischem, sprudelnd kochendem Wasser aufgie\u00dfen. Ziehzeit 5-10 Minuten.<\/span> <\/p>\n<h3> <span>Anschrift Hersteller\/Importeur<\/span> <\/h3>\n<p> <span>Alois Dallmayr Kaffee oHG; Dienerstr. 14-15; 80331 M\u00fcnchen<\/span> <\/p>\n<\/p><\/div>\n<p> <a data-csa-c-func-deps=\"aui-da-a-expander-toggle\" data-csa-c-type=\"widget\" data-csa-interaction-events=\"click\" role=\"button\" href=\"void(0)\" data-action=\"a-expander-toggle\" class=\"a-expander-header a-declarative a-expander-extend-header\" data-a-expander-toggle=\"{\"><i class=\"a-icon a-icon-extender-expand\"><\/i><span class=\"a-expander-prompt\">Mehr<\/span><\/a> <\/div>\n<p>Reiner Fr\u00fcchtetee mit zwarter Pfirsichnote<br \/>\nHei\u00df oder kalt genie\u00dfen<br \/>\nOptimal zur Zubereitung eines erfrischenden Eisteegetr\u00e4nks<br \/>\nSorgf\u00e4ltig ausgew\u00e4hlt und komponiert vom Dallmayr Teemeister, in der Teemanufaktur in M\u00fcnchen<br \/>\nErfahrung mit Tee und Gesp\u00fcr f\u00fcr Qualit\u00e4t seit \u00fcber 100 Jahren<br \/>\n<div class=\"main-cross-sell\" data-asin=\"B00573WZ4O\">\n\n\t<div class=\"WooZone-cross-sell-loader\">\n\t\t<div>\n\t\t\t<div id=\"floatingBarsG\">\n\t\t\t\t<div class=\"blockG\" id=\"rotateG_01\"><\/div>\n\t\t\t\t<div class=\"blockG\" id=\"rotateG_02\"><\/div>\n\t\t\t\t<div class=\"blockG\" id=\"rotateG_03\"><\/div>\n\t\t\t\t<div class=\"blockG\" id=\"rotateG_04\"><\/div>\n\t\t\t\t<div class=\"blockG\" id=\"rotateG_05\"><\/div>\n\t\t\t\t<div class=\"blockG\" id=\"rotateG_06\"><\/div>\n\t\t\t\t<div class=\"blockG\" id=\"rotateG_07\"><\/div>\n\t\t\t\t<div class=\"blockG\" id=\"rotateG_08\"><\/div>\n\t\t\t<\/div>\n\t\t\t<div class=\"WooZone-cross-sell-loader-text\"><\/div>\n\t\t<\/div>\n\t<\/div>\n\n\t\t\n<\/div>\n<div style=\"clear:both;\"><\/div><\/p>\n","protected":false},"excerpt":{"rendered":"<p>Reiner Fr\u00fcchtetee mit zwarter Pfirsichnote<br \/>\nHei\u00df oder kalt genie\u00dfen<br \/>\nOptimal zur Zubereitung eines erfrischenden Eisteegetr\u00e4nks<\/p>\n","protected":false},"featured_media":41126,"comment_status":"open","ping_status":"closed","template":"","meta":[],"product_brand":[],"product_cat":[29],"product_tag":[],"class_list":{"0":"post-41125","1":"product","2":"type-product","3":"status-publish","4":"has-post-thumbnail","6":"product_cat-fruechtetee","7":"pa_amazon-bestseller-rang-nr-50090-in-lebensmittel-getraenke-siehe-top-100-in-lebensmittel-getraenke-nr-608-in-fruechtetee","8":"pa_artikelgewicht-100-g","9":"pa_aufbewahrung-kuehl-und-trockenfrei-von-fremdgeruechen","10":"pa_besonderheit-ohne-senf-fettfrei-lactosefrei-ohne-ei-vegetarisch-ohne-soja-ohne-weizen-ohne-nuesse-ohne-konservierungsstoffe","11":"pa_durchschnittliche-kundenbewer-42-von-5-sternen-56-sternebewertungen-42-von-5-sternen","12":"pa_format-lose-blaetter","13":"pa_herkunftsland-deutschland","14":"pa_hersteller-dallmayr","15":"pa_im-angebot-von-amazon-de-seit-21-juni-2011","16":"pa_kontakt-zum-hersteller-alois-dallmayr-kaffee-ohg-dienerstr-14-15-80331-muenchen","17":"pa_landeskueche-china","18":"pa_marke-dallmayr","19":"pa_netto-gewicht-0-2-kilogramm","20":"pa_produktbezeichnung-dallmayr-fruechtetee-weisser-pfirsich","21":"pa_stueckzahl-200-0-gramm","22":"pa_ursprungsland-germany","23":"pa_verpackungsabmessungen-12-4-x-11-2-x-9-2-cm-100-gramm","24":"pa_verwendungsbedingungen-24-monate","25":"pa_zusatzstoffe-keine-deklarationspflichtigen-zusatzstoffe-vorhanden","27":"first","28":"instock","29":"shipping-taxable","30":"purchasable","31":"product-type-simple"},"_links":{"self":[{"href":"https:\/\/123-teezeit.de\/index.php?rest_route=\/wp\/v2\/product\/41125","targetHints":{"allow":["GET"]}}],"collection":[{"href":"https:\/\/123-teezeit.de\/index.php?rest_route=\/wp\/v2\/product"}],"about":[{"href":"https:\/\/123-teezeit.de\/index.php?rest_route=\/wp\/v2\/types\/product"}],"replies":[{"embeddable":true,"href":"https:\/\/123-teezeit.de\/index.php?rest_route=%2Fwp%2Fv2%2Fcomments&post=41125"}],"wp:featuredmedia":[{"embeddable":true,"href":"https:\/\/123-teezeit.de\/index.php?rest_route=\/wp\/v2\/media\/41126"}],"wp:attachment":[{"href":"https:\/\/123-teezeit.de\/index.php?rest_route=%2Fwp%2Fv2%2Fmedia&parent=41125"}],"wp:term":[{"taxonomy":"product_brand","embeddable":true,"href":"https:\/\/123-teezeit.de\/index.php?rest_route=%2Fwp%2Fv2%2Fproduct_brand&post=41125"},{"taxonomy":"product_cat","embeddable":true,"href":"https:\/\/123-teezeit.de\/index.php?rest_route=%2Fwp%2Fv2%2Fproduct_cat&post=41125"},{"taxonomy":"product_tag","embeddable":true,"href":"https:\/\/123-teezeit.de\/index.php?rest_route=%2Fwp%2Fv2%2Fproduct_tag&post=41125"}],"curies":[{"name":"wp","href":"https:\/\/api.w.org\/{rel}","templated":true}]}}