{"id":41152,"date":"2022-02-13T03:46:05","date_gmt":"2022-02-13T03:46:05","guid":{"rendered":"https:\/\/123-teezeit.de\/?product=lebensbaum-fruechtetee-lose-beeren-waldmeister-75-g"},"modified":"2023-04-08T09:30:34","modified_gmt":"2023-04-08T09:30:34","slug":"lebensbaum-fruechtetee-lose-beeren-waldmeister-75-g","status":"publish","type":"product","link":"https:\/\/123-teezeit.de\/?product=lebensbaum-fruechtetee-lose-beeren-waldmeister-75-g","title":{"rendered":"Lebensbaum Beeren-Waldmeister, Bio Fr\u00fcchtetee-Mischung, Sommer-Tee, Fr\u00fcchte-Tee mit Geschmack von Himbeeren, Erdbeeren\u2026"},"content":{"rendered":"<p><!-- show up to 2 reviews by default --> <\/p>\n<h3> <span>Produktbeschreibung<\/span> <\/h3>\n<p> <span>Dem fruchtigen Geschmack von Erdbeeren und Himbeeren verleiht duftender Waldmeister seine charismatische Note. Unser Beeren-Waldmeister Tee leuchtet erdbeerrot in Ihrer Tasse. Die Kunst liegt in der Komposition: Wir mischen vollreife Beeren mit zartem Waldmeister und naturs\u00fc\u00dfem Brombeerblatt. Diese k\u00f6stlich ausbalancierten Zutaten schmecken nach purem Sommer. Genie\u00dfen Sie unsere Teemischung auch kalt als Bowle.<\/span> <\/p>\n<h3> <span>Inhaltsstoffe \/ Zutaten<\/span> <\/h3>\n<p> <span>Zutaten: Apfel*, Hagebutte*, Rote Bete*, S\u00fc\u00dfes Brombeerblatt*, Waldmeister (4%)*, Himbeere (4%)*, Erdbeere (3%)* *aus kontrolliert \u00f6kologischer Erzeugung<\/span> <\/p>\n<div data-a-expander-name=\"toggle_description\" class=\"a-row a-expander-container a-expander-extend-container\">\n<div class=\"a-expander-content a-expander-extend-content\">\n<h3> <span>Warnhinweise<\/span> <\/h3>\n<p> <span>nicht dem direkten Sonnenlicht aussetzen und nach dem \u00d6ffnen z\u00fcgig aufbrauchen<\/span> <\/p>\n<h3> <span>Anschrift Hersteller\/Importeur<\/span> <\/h3>\n<p> <span>Dr. J\u00fcrgen-Ulderup-Stra\u00dfe 12, D-49356 Diepholz<\/span> <\/p>\n<\/p><\/div>\n<p> <a data-csa-c-func-deps=\"aui-da-a-expander-toggle\" data-csa-c-type=\"widget\" data-csa-interaction-events=\"click\" role=\"button\" href=\"void(0)\" data-action=\"a-expander-toggle\" class=\"a-expander-header a-declarative a-expander-extend-header\" data-a-expander-toggle=\"{\"><i class=\"a-icon a-icon-extender-expand\"><\/i><span class=\"a-expander-prompt\">Mehr<\/span><\/a> <\/div>\n<p>Das Produkt ist f\u00fcr Veganer geeignet<br \/>\nVegetarisch<br \/>\n\u00d6ko-kontrollstelle: DE-\u00d6KO-001<br \/>\n<div class=\"main-cross-sell\" data-asin=\"B001IOSNEW\">\n\n\t<div class=\"WooZone-cross-sell-loader\">\n\t\t<div>\n\t\t\t<div id=\"floatingBarsG\">\n\t\t\t\t<div class=\"blockG\" id=\"rotateG_01\"><\/div>\n\t\t\t\t<div class=\"blockG\" id=\"rotateG_02\"><\/div>\n\t\t\t\t<div class=\"blockG\" id=\"rotateG_03\"><\/div>\n\t\t\t\t<div class=\"blockG\" id=\"rotateG_04\"><\/div>\n\t\t\t\t<div class=\"blockG\" id=\"rotateG_05\"><\/div>\n\t\t\t\t<div class=\"blockG\" id=\"rotateG_06\"><\/div>\n\t\t\t\t<div class=\"blockG\" id=\"rotateG_07\"><\/div>\n\t\t\t\t<div class=\"blockG\" id=\"rotateG_08\"><\/div>\n\t\t\t<\/div>\n\t\t\t<div class=\"WooZone-cross-sell-loader-text\"><\/div>\n\t\t<\/div>\n\t<\/div>\n\n\t\t\n<\/div>\n<div style=\"clear:both;\"><\/div><\/p>\n","protected":false},"excerpt":{"rendered":"<p>Das Produkt ist f\u00fcr Veganer geeignet<br \/>\nVegetarisch<br \/>\n\u00d6ko-kontrollstelle: DE-\u00d6KO-001<\/p>\n","protected":false},"featured_media":41153,"comment_status":"open","ping_status":"closed","template":"","meta":[],"product_brand":[],"product_cat":[29],"product_tag":[],"class_list":{"0":"post-41152","1":"product","2":"type-product","3":"status-publish","4":"has-post-thumbnail","6":"product_cat-fruechtetee","7":"pa_amazon-bestseller-rang-nr-40708-in-lebensmittel-getraenke-siehe-top-100-in-lebensmittel-getraenke-nr-474-in-fruechtetee","8":"pa_artikelgewicht-75-g","9":"pa_aufbewahrung-bitte-trocken-lagern","10":"pa_besonderheit-bio","11":"pa_durchschnittliche-kundenbewer-42-von-5-sternen-33-sternebewertungen-42-von-5-sternen","12":"pa_format-siehe-produktbild","13":"pa_herkunftsland-deutschland","14":"pa_hersteller-ulrich-walter-gmbh","15":"pa_im-angebot-von-amazon-de-seit-4-august-2005","16":"pa_kontakt-zum-hersteller-dr-juergen-ulderup-strasse-12-d-49356-diepholz","17":"pa_marke-lebensbaum-fruechtetee-lose-beeren-waldmeister-75-g","18":"pa_netto-gewicht-75-gramm","19":"pa_produktabmessungen-5-x-8-x-18-cm-75-gramm","20":"pa_produktbezeichnung-fruechteteemischung","21":"pa_stueckzahl-75-0-gramm","22":"pa_ursprungsland-germany","23":"pa_zertifizierung-bio-siegel-deutschland-eu-logo-fuer-oekologische-landwirtschaft","25":"first","26":"instock","27":"shipping-taxable","28":"purchasable","29":"product-type-simple"},"_links":{"self":[{"href":"https:\/\/123-teezeit.de\/index.php?rest_route=\/wp\/v2\/product\/41152","targetHints":{"allow":["GET"]}}],"collection":[{"href":"https:\/\/123-teezeit.de\/index.php?rest_route=\/wp\/v2\/product"}],"about":[{"href":"https:\/\/123-teezeit.de\/index.php?rest_route=\/wp\/v2\/types\/product"}],"replies":[{"embeddable":true,"href":"https:\/\/123-teezeit.de\/index.php?rest_route=%2Fwp%2Fv2%2Fcomments&post=41152"}],"wp:featuredmedia":[{"embeddable":true,"href":"https:\/\/123-teezeit.de\/index.php?rest_route=\/wp\/v2\/media\/41153"}],"wp:attachment":[{"href":"https:\/\/123-teezeit.de\/index.php?rest_route=%2Fwp%2Fv2%2Fmedia&parent=41152"}],"wp:term":[{"taxonomy":"product_brand","embeddable":true,"href":"https:\/\/123-teezeit.de\/index.php?rest_route=%2Fwp%2Fv2%2Fproduct_brand&post=41152"},{"taxonomy":"product_cat","embeddable":true,"href":"https:\/\/123-teezeit.de\/index.php?rest_route=%2Fwp%2Fv2%2Fproduct_cat&post=41152"},{"taxonomy":"product_tag","embeddable":true,"href":"https:\/\/123-teezeit.de\/index.php?rest_route=%2Fwp%2Fv2%2Fproduct_tag&post=41152"}],"curies":[{"name":"wp","href":"https:\/\/api.w.org\/{rel}","templated":true}]}}