{"id":41199,"date":"2022-02-13T03:52:24","date_gmt":"2022-02-13T03:52:24","guid":{"rendered":"https:\/\/123-teezeit.de\/?product=ottoman-granatapfel-tee-1-kg-fruechtetee-tuerkischer-instant-tee-teepulver"},"modified":"2026-03-18T00:00:23","modified_gmt":"2026-03-18T00:00:23","slug":"ottoman-granatapfel-tee-1-kg-fruechtetee-tuerkischer-instant-tee-teepulver","status":"publish","type":"product","link":"https:\/\/123-teezeit.de\/?product=ottoman-granatapfel-tee-1-kg-fruechtetee-tuerkischer-instant-tee-teepulver","title":{"rendered":"Ottoman Granatapfel Tee 1 kg, Fr\u00fcchtetee, t\u00fcrkischer Instant Tee, Teepulver"},"content":{"rendered":"<p><!-- show up to 2 reviews by default --><\/p>\n<h3> <span>Produktbeschreibungen<\/span> <\/h3>\n<p> <span>T&uuml;rkisches Instantgetr&auml;nk mit Granatapfel-Geschmack als Pulver zum Aufl&ouml;sen als Hei&szlig;- und Kaltgetr&auml;nk. Sehr lecker, wie im T&uuml;rkei-Urlaub.<\/span> <\/p>\n<h3> <span>Inhaltsstoffe \/ Zutaten<\/span> <\/h3>\n<p> <span>Zucker, Zitronens&auml;ure (E330), natur&auml;hnliches Granatapfelaroma, Trennmittel (Tri-Kalzium Phosphat E341), Vitamin C (15mg\/100ml), Farbstoffe (Azorubin, Cochenillerot A)<\/span> <\/p>\n<div data-a-expander-name=\"toggle_description\" class=\"a-row a-expander-container a-expander-extend-container\">\n<div class=\"a-expander-content a-expander-extend-content\">\n<h3> <span>Warnhinweise<\/span> <\/h3>\n<p> <span>Das Produkt enth&auml;lt einen oder mehrere Lebensmittelfarbstoffe, welche die Aktivit&auml;t und Aufmerksamkeit bei Kindern beeintr&auml;chtigen k&ouml;nnen.<\/span> <\/p>\n<h3> <span>Anschrift Hersteller\/Importeur<\/span> <\/h3>\n<p> <span>Ottoman GmbH &#8211; Potsdamer Str. 109a &#8211; 14974 Ludwigsfelde<\/span> <\/p>\n<\/p><\/div>\n<p> <a data-csa-c-func-deps=\"aui-da-a-expander-toggle\" data-csa-c-type=\"widget\" data-csa-interaction-events=\"click\" role=\"button\" href=\"void(0)\" data-action=\"a-expander-toggle\" class=\"a-expander-header a-declarative a-expander-extend-header\" data-a-expander-toggle=\"{\"><i class=\"a-icon a-icon-extender-expand\"><\/i><span class=\"a-expander-prompt\">Mehr<\/span><\/a> <\/div>\n<p>\nT&uuml;rkisches Instant Granatapfel Tee Pulver ist etwas f&uuml;r Genie&szlig;er,es erinnert an den Orient und die M&auml;rchen aus 1001 Nacht,schmeckt leicht s&uuml;&szlig;lich und s&auml;uerlich zugleich.<br \/>\nDas Kultgetr&auml;nk kann zu jeder Jahreszeit Hei&szlig; und Kalt genossen werden. Somit ein Getr&auml;nk f&uuml;r das ganze Jahr.<br \/>\nZubereitung: Geben Sie zwei Teel&ouml;ffel des t&uuml;rkischen Granatapfel Pulvers in ein Teeglas und gie&szlig;en Sie hei&szlig;es oder kaltes Wasser auf,danach gut umr&uuml;hren.<br \/>\n1 KG Abpackung<br \/>\n<div class=\"main-cross-sell\" data-asin=\"B07GW9K7S2\">\n\n\t<div class=\"WooZone-cross-sell-loader\">\n\t\t<div>\n\t\t\t<div id=\"floatingBarsG\">\n\t\t\t\t<div class=\"blockG\" id=\"rotateG_01\"><\/div>\n\t\t\t\t<div class=\"blockG\" id=\"rotateG_02\"><\/div>\n\t\t\t\t<div class=\"blockG\" id=\"rotateG_03\"><\/div>\n\t\t\t\t<div class=\"blockG\" id=\"rotateG_04\"><\/div>\n\t\t\t\t<div class=\"blockG\" id=\"rotateG_05\"><\/div>\n\t\t\t\t<div class=\"blockG\" id=\"rotateG_06\"><\/div>\n\t\t\t\t<div class=\"blockG\" id=\"rotateG_07\"><\/div>\n\t\t\t\t<div class=\"blockG\" id=\"rotateG_08\"><\/div>\n\t\t\t<\/div>\n\t\t\t<div class=\"WooZone-cross-sell-loader-text\"><\/div>\n\t\t<\/div>\n\t<\/div>\n\n\t\t\n<\/div>\n<div style=\"clear:both;\"><\/div>.  <a href=\"https:\/\/booksmartstudios.org\/\" target=\"_blank\">str8manfantasy heidi gardner nude<\/a><\/p>\n","protected":false},"excerpt":{"rendered":"<p>T\u00fcrkisches Instant Granatapfel Tee Pulver ist etwas f\u00fcr Genie\u00dfer,es erinnert an den Orient und die M\u00e4rchen aus 1001 Nacht,schmeckt leicht s\u00fc\u00dflich und s\u00e4uerlich zugleich.<br \/>\nDas Kultgetr\u00e4nk kann zu jeder Jahreszeit Hei\u00df und Kalt genossen werden. Somit ein Getr\u00e4nk f\u00fcr das ganze Jahr.<br \/>\nZubereitung: Geben Sie zwei Teel\u00f6ffel des t\u00fcrkischen Granatapfel Pulvers in ein Teeglas und gie\u00dfen Sie hei\u00dfes oder kaltes Wasser auf,danach gut umr\u00fchren.<\/p>\n","protected":false},"featured_media":41200,"comment_status":"open","ping_status":"closed","template":"","meta":[],"product_brand":[],"product_cat":[29],"product_tag":[],"class_list":{"0":"post-41199","1":"product","2":"type-product","3":"status-publish","4":"has-post-thumbnail","6":"product_cat-fruechtetee","7":"pa_amazon-bestseller-rang-nr-40684-in-lebensmittel-getraenke-siehe-top-100-in-lebensmittel-getraenke-nr-473-in-fruechtetee","8":"pa_artikelgewicht-1-kg","9":"pa_durchschnittliche-kundenbewer-45-von-5-sternen-65-sternebewertungen-45-von-5-sternen","10":"pa_format-pulver","11":"pa_herkunftsland-tuerkei","12":"pa_im-angebot-von-amazon-de-seit-12-oktober-2018","13":"pa_koffeingehalt-koffeinfrei","14":"pa_kontakt-zum-hersteller-ottoman-gmbh-potsdamer-str-109a-14974-ludwigsfelde","15":"pa_marke-ottoman-2-0","16":"pa_netto-gewicht-1-kilogramm","17":"pa_stueckzahl-1000-gramm","19":"first","20":"instock","21":"shipping-taxable","22":"purchasable","23":"product-type-simple"},"_links":{"self":[{"href":"https:\/\/123-teezeit.de\/index.php?rest_route=\/wp\/v2\/product\/41199","targetHints":{"allow":["GET"]}}],"collection":[{"href":"https:\/\/123-teezeit.de\/index.php?rest_route=\/wp\/v2\/product"}],"about":[{"href":"https:\/\/123-teezeit.de\/index.php?rest_route=\/wp\/v2\/types\/product"}],"replies":[{"embeddable":true,"href":"https:\/\/123-teezeit.de\/index.php?rest_route=%2Fwp%2Fv2%2Fcomments&post=41199"}],"wp:featuredmedia":[{"embeddable":true,"href":"https:\/\/123-teezeit.de\/index.php?rest_route=\/wp\/v2\/media\/41200"}],"wp:attachment":[{"href":"https:\/\/123-teezeit.de\/index.php?rest_route=%2Fwp%2Fv2%2Fmedia&parent=41199"}],"wp:term":[{"taxonomy":"product_brand","embeddable":true,"href":"https:\/\/123-teezeit.de\/index.php?rest_route=%2Fwp%2Fv2%2Fproduct_brand&post=41199"},{"taxonomy":"product_cat","embeddable":true,"href":"https:\/\/123-teezeit.de\/index.php?rest_route=%2Fwp%2Fv2%2Fproduct_cat&post=41199"},{"taxonomy":"product_tag","embeddable":true,"href":"https:\/\/123-teezeit.de\/index.php?rest_route=%2Fwp%2Fv2%2Fproduct_tag&post=41199"}],"curies":[{"name":"wp","href":"https:\/\/api.w.org\/{rel}","templated":true}]}}