{"id":41276,"date":"2022-02-13T03:53:12","date_gmt":"2022-02-13T03:53:12","guid":{"rendered":"https:\/\/123-teezeit.de\/?product=pukka-bio-tee-gorgeous-earl-grey-20-beutel"},"modified":"2023-04-08T10:00:28","modified_gmt":"2023-04-08T10:00:28","slug":"pukka-bio-tee-gorgeous-earl-grey-20-beutel","status":"publish","type":"product","link":"https:\/\/123-teezeit.de\/?product=pukka-bio-tee-gorgeous-earl-grey-20-beutel","title":{"rendered":"Pukka BIO Tee Gorgeous Earl Grey, 20 Beutel"},"content":{"rendered":"<p><!-- show up to 2 reviews by default --> <\/p>\n<h3> <span>Produktbeschreibung<\/span> <\/h3>\n<p> <span>Ein Bio-Schwarztee aus fair gehandelter Ganzblatt-Schwarztee aus den \u00e4ltesten Teeg\u00e4rten Indiens, harmonisch abgestimmt mit Bergamotte, Lavendel und einem Hauch von Zitrone. Alle Zutaten sind 100Prozent biologisch und werden fair und nachhaltig gewirtschaftet. Durch die Fair for Life -Zertifizierung hilft Pukka seinen Anbaupartnern und hilft, Umwelt &amp; Wildpflanzen zu sch\u00fctzen. Schwarztee: Alte Kulturen machen sich seit Jahrhunderten die Vorteile des Schwarztees zunutze. Pukka hat das Gl\u00fcck, mit einigen erstaunlichen Teeanbaugenossenschaften zusammenarbeiten zu k\u00f6nnen. Eine davon in Vietnam wird von den indigenen St\u00e4mmen der H\u2019mong und der Zhao betrieben. Seit Hunderten von Jahren ernten sie die Bl\u00e4tter der hier endemischen Camellia sinensis-B\u00e4ume, die an den steilen H\u00fcgeln der Region wild wachsen. Die Bl\u00e4tter werden im Ganzen sanft fermentiert und gerollt. Dadurch k\u00f6nnen die k\u00f6stlichen Blatts\u00e4fte \u201areifen\u2018. Jede Pukka Teemischung (in England von unseren Kr\u00e4uterexperten Sebastian Pole entwickelt) verwendet die unglaubliche Kraft bester Bio-Kr\u00e4uter und -Pflanzen. Und dahinter steht unsere Pukka Philosophie \u2013 \u201ewahrhaft\u201c und \u201eauthentisch\u201c zu sein. Sie inspiriert unser ganzes Handeln: unsere gentechnikfreien Produkte, unseren Einsatz f\u00fcr Umwelt- und Sozialprojekte sowie das Engagement, unseren Lieferanten faire Preise zu zahlen und sie in ihrer nachhaltigen Landwirtschfat zu unterst\u00fctzen. Die volle Kraft der Kr\u00e4uter f\u00fcr dein Wohlbefinden \u2013 das steckt in den biologischen Pukka Tees, die Pukka sorgsam nach altem ayurvedischen Wissen zusammengestellt hat. Ayurveda ist eine traditionelle, holistische indische Philosophie, die dem Menschen zeigt, wie er ein gesundes und erf\u00fcllteres Leben verbringen kann, indem er Geist, K\u00f6rper und Seele in Balance bringt. Zur Unterst\u00fctzung der inneren Balance k\u00f6nnen auch Yoga-\u00dcbungen, Meditation und Atem\u00fcbungen beitragen. \u201e1Prozent for the Planet\u201c Seit 2015 ist Pukka als CO2-neutrales Unternehmen zertifiziert und spendet als \u00fcberzeugtes Mitglied der Initiative \u201e1Prozent for the Planet\u201c 1Prozent des Verkaufserl\u00f6ses f\u00fcr Umwelt- und Sozialprojekte. Der CO2-Aussto\u00df durch Gas, K\u00fchlsysteme, Elektrizit\u00e4t, Wasser, M\u00fcll, G\u00fctertransport und Papier wurde \u00fcberpr\u00fcft und angepasst. Dar\u00fcber hinaus reduziert das Unternehmen seinen Energieverbrauch durch eine energieeffiziente IT-Ausstattung sowie die Bike-to-work-Philosophie. \u201eB the change\u201d 2016 wurde Pukka zur \u201aB Corp\u2018 und damit Teil einer weltweiten Bewegung gleichgesinnter Organisationen, die ihre gesch\u00e4ftlichen Aktivit\u00e4ten als positive Kraft daf\u00fcr einsetzen, soziale und \u00f6kologische Ver\u00e4nderungen voranzubringen. B Corp-Unternehmen unterliegen strengsten Kontrollen. Damit wird ihr kontinuierliches Engagement zur Einhaltung der h\u00f6chstm\u00f6glichen Standards in den Feldern Transparenz, Verantwortlichkeit und Leistungserbringung sichergestellt. Letztlich er\u00f6ffnet dies eine bejahende Vision f\u00fcr eine bessere Art und Weise, Handel zu treiben.<\/span> <\/p>\n<h3> <span>Inhaltsstoffe \/ Zutaten<\/span> <\/h3>\n<p> <span>Bergamotte, Lavendel, Schwarztee, Zitrone<\/span> <\/p>\n<div data-a-expander-name=\"toggle_description\" class=\"a-row a-expander-container a-expander-extend-container\">\n<div class=\"a-expander-content a-expander-extend-content\">\n<h3> <span>Gebrauchsanweisung<\/span> <\/h3>\n<p> <span>Teebeutel mit frisch aufgekochtem heissen Wasser \u00fcbergiessen. 5 Minuten ziehen lassen.<\/span> <\/p>\n<\/p><\/div>\n<p> <a data-csa-c-func-deps=\"aui-da-a-expander-toggle\" data-csa-c-type=\"widget\" data-csa-interaction-events=\"click\" role=\"button\" href=\"void(0)\" data-action=\"a-expander-toggle\" class=\"a-expander-header a-declarative a-expander-extend-header\" data-a-expander-toggle=\"{\"><i class=\"a-icon a-icon-extender-expand\"><\/i><span class=\"a-expander-prompt\">Mehr<\/span><\/a> <\/div>\n<p>Schwarztee mit Bergamotte und Lavendel<br \/>\nMit hochwertigem Ganzblatt-Schwarztee<br \/>\nMit erfrischender Bergamotte<br \/>\nBio-Qualit\u00e4t<br \/>\nGeeignet f\u00fcr Vegetarier<br \/>\n<div class=\"main-cross-sell\" data-asin=\"B0745KNYSN\">\n\n\t<div class=\"WooZone-cross-sell-loader\">\n\t\t<div>\n\t\t\t<div id=\"floatingBarsG\">\n\t\t\t\t<div class=\"blockG\" id=\"rotateG_01\"><\/div>\n\t\t\t\t<div class=\"blockG\" id=\"rotateG_02\"><\/div>\n\t\t\t\t<div class=\"blockG\" id=\"rotateG_03\"><\/div>\n\t\t\t\t<div class=\"blockG\" id=\"rotateG_04\"><\/div>\n\t\t\t\t<div class=\"blockG\" id=\"rotateG_05\"><\/div>\n\t\t\t\t<div class=\"blockG\" id=\"rotateG_06\"><\/div>\n\t\t\t\t<div class=\"blockG\" id=\"rotateG_07\"><\/div>\n\t\t\t\t<div class=\"blockG\" id=\"rotateG_08\"><\/div>\n\t\t\t<\/div>\n\t\t\t<div class=\"WooZone-cross-sell-loader-text\"><\/div>\n\t\t<\/div>\n\t<\/div>\n\n\t\t\n<\/div>\n<div style=\"clear:both;\"><\/div><\/p>\n","protected":false},"excerpt":{"rendered":"<p>Schwarztee mit Bergamotte und Lavendel<br \/>\nMit hochwertigem Ganzblatt-Schwarztee<br \/>\nMit erfrischender Bergamotte<\/p>\n","protected":false},"featured_media":41277,"comment_status":"open","ping_status":"closed","template":"","meta":[],"product_brand":[],"product_cat":[29],"product_tag":[],"class_list":{"0":"post-41276","1":"product","2":"type-product","3":"status-publish","4":"has-post-thumbnail","6":"product_cat-fruechtetee","7":"pa_amazon-bestseller-rang-nr-44869-in-lebensmittel-getraenke-siehe-top-100-in-lebensmittel-getraenke-nr-528-in-fruechtetee","8":"pa_artikelgewicht-90-g","9":"pa_aufbewahrung-trocken","10":"pa_besonderheit-fairtrade-bio","11":"pa_durchschnittliche-kundenbewer-43-von-5-sternen-15-sternebewertungen-43-von-5-sternen","12":"pa_herkunftsland-deutschland","13":"pa_hersteller-pukka","14":"pa_im-angebot-von-amazon-de-seit-22-juli-2017","15":"pa_marke-pukka","16":"pa_netto-gewicht-40-gramm","17":"pa_produktabmessungen-7-x-8-x-14-cm","18":"pa_stueckzahl-40-0-gramm","19":"pa_zertifizierung-bio-nach-eg-oeko-verordnung","21":"first","22":"instock","23":"shipping-taxable","24":"purchasable","25":"product-type-simple"},"_links":{"self":[{"href":"https:\/\/123-teezeit.de\/index.php?rest_route=\/wp\/v2\/product\/41276","targetHints":{"allow":["GET"]}}],"collection":[{"href":"https:\/\/123-teezeit.de\/index.php?rest_route=\/wp\/v2\/product"}],"about":[{"href":"https:\/\/123-teezeit.de\/index.php?rest_route=\/wp\/v2\/types\/product"}],"replies":[{"embeddable":true,"href":"https:\/\/123-teezeit.de\/index.php?rest_route=%2Fwp%2Fv2%2Fcomments&post=41276"}],"wp:featuredmedia":[{"embeddable":true,"href":"https:\/\/123-teezeit.de\/index.php?rest_route=\/wp\/v2\/media\/41277"}],"wp:attachment":[{"href":"https:\/\/123-teezeit.de\/index.php?rest_route=%2Fwp%2Fv2%2Fmedia&parent=41276"}],"wp:term":[{"taxonomy":"product_brand","embeddable":true,"href":"https:\/\/123-teezeit.de\/index.php?rest_route=%2Fwp%2Fv2%2Fproduct_brand&post=41276"},{"taxonomy":"product_cat","embeddable":true,"href":"https:\/\/123-teezeit.de\/index.php?rest_route=%2Fwp%2Fv2%2Fproduct_cat&post=41276"},{"taxonomy":"product_tag","embeddable":true,"href":"https:\/\/123-teezeit.de\/index.php?rest_route=%2Fwp%2Fv2%2Fproduct_tag&post=41276"}],"curies":[{"name":"wp","href":"https:\/\/api.w.org\/{rel}","templated":true}]}}