{"id":41339,"date":"2022-02-13T03:53:56","date_gmt":"2022-02-13T03:53:56","guid":{"rendered":"https:\/\/123-teezeit.de\/?product=ankerkraut-apple-crumble-fruechtetee-korkenglas"},"modified":"2023-04-08T10:00:29","modified_gmt":"2023-04-08T10:00:29","slug":"ankerkraut-apple-crumble-fruechtetee-korkenglas","status":"publish","type":"product","link":"https:\/\/123-teezeit.de\/?product=ankerkraut-apple-crumble-fruechtetee-korkenglas","title":{"rendered":"Ankerkraut Apple Crumble Fr\u00fcchtetee, 95g im Korkenglas"},"content":{"rendered":"<p><!-- show up to 2 reviews by default --> <\/p>\n<h3> <span>Produktbeschreibung<\/span> <\/h3>\n<p> <span>Lecker! Ein Tee ist besser als der andere. Aber dieser hilft mit Sicherheit dabei, das t\u00e4gliche Nachmittagstief zu \u00fcberwinden. Dank der saftigen \u00c4pfel schmeckt dieser Fr\u00fcchtetee nach einem gem\u00fctlichen Nachmittag am Kamin mit Tee und Kuchen. Er liefert genau den gewissen S\u00fc\u00dfe-Kick, nach welchem wir uns alle immer wieder sehnen.<\/span> <\/p>\n<h3> <span>Anschrift Hersteller\/Importeur<\/span> <\/h3>\n<p> <span>Ankerkraut GmbH Tempowerkring 2 21079 Hamburg<\/span> <\/p>\n<p>Mandeln Fr\u00fcchtetee ist die s\u00fc\u00dfeste Versuchung seit langem; Diese aromatische Fr\u00fcchteteemischung schmeckt fruchtig, leicht, lecker und hat eine feine Zimt-Note Die Aromen-Note wird von verlockend s\u00fc\u00dfen, ger\u00f6steten Mandeln bestimmt und gepr\u00e4gt &#8211; genau wie auf dem Jahrmarkt<br \/>\nAromatisierter Fr\u00fcchtetee<br \/>\nDiese Frucht-Teemischung im eleganten Korkenglas eignet sich auch perfekt als ein au\u00dfergew\u00f6hnliches Geschenk f\u00fcr Freunde und Familie<br \/>\nAnzahl der einheiten: 95.0<br \/>\nEinheitenanzahltyp: gramm<br \/>\n<div class=\"main-cross-sell\" data-asin=\"B078FZP67F\">\n\n\t<div class=\"WooZone-cross-sell-loader\">\n\t\t<div>\n\t\t\t<div id=\"floatingBarsG\">\n\t\t\t\t<div class=\"blockG\" id=\"rotateG_01\"><\/div>\n\t\t\t\t<div class=\"blockG\" id=\"rotateG_02\"><\/div>\n\t\t\t\t<div class=\"blockG\" id=\"rotateG_03\"><\/div>\n\t\t\t\t<div class=\"blockG\" id=\"rotateG_04\"><\/div>\n\t\t\t\t<div class=\"blockG\" id=\"rotateG_05\"><\/div>\n\t\t\t\t<div class=\"blockG\" id=\"rotateG_06\"><\/div>\n\t\t\t\t<div class=\"blockG\" id=\"rotateG_07\"><\/div>\n\t\t\t\t<div class=\"blockG\" id=\"rotateG_08\"><\/div>\n\t\t\t<\/div>\n\t\t\t<div class=\"WooZone-cross-sell-loader-text\"><\/div>\n\t\t<\/div>\n\t<\/div>\n\n\t\t\n<\/div>\n<div style=\"clear:both;\"><\/div><\/p>\n","protected":false},"excerpt":{"rendered":"<p>Mandeln Fr\u00fcchtetee ist die s\u00fc\u00dfeste Versuchung seit langem; Diese aromatische Fr\u00fcchteteemischung schmeckt fruchtig, leicht, lecker und hat eine feine Zimt-Note Die Aromen-Note wird von verlockend s\u00fc\u00dfen, ger\u00f6steten Mandeln bestimmt und gepr\u00e4gt &#8211; genau wie auf dem Jahrmarkt<br \/>\nAromatisierter Fr\u00fcchtetee<br \/>\nDiese Frucht-Teemischung im eleganten Korkenglas eignet sich auch perfekt als ein au\u00dfergew\u00f6hnliches Geschenk f\u00fcr Freunde und Familie<\/p>\n","protected":false},"featured_media":41340,"comment_status":"open","ping_status":"closed","template":"","meta":[],"product_brand":[],"product_cat":[29],"product_tag":[],"class_list":{"0":"post-41339","1":"product","2":"type-product","3":"status-publish","4":"has-post-thumbnail","6":"product_cat-fruechtetee","7":"pa_amazon-bestseller-rang-nr-8444-in-lebensmittel-getraenke-siehe-top-100-in-lebensmittel-getraenke-nr-74-in-fruechtetee-nr-1867-in-psychologie-hilfe-buecher","8":"pa_artikelgewicht-300-g","9":"pa_durchschnittliche-kundenbewer-45-von-5-sternen-35-sternebewertungen-45-von-5-sternen","10":"pa_herkunftsland-deutschland","11":"pa_hersteller-ankerkraut","12":"pa_im-angebot-von-amazon-de-seit-17-dezember-2017","13":"pa_kontakt-zum-hersteller-ankerkraut-gmbh-tempowerkring-2-21079-hamburg","14":"pa_marke-ankerkraut","15":"pa_netto-gewicht-95-gramm","16":"pa_produktabmessungen-7-x-7-x-14-cm","17":"pa_stueckzahl-95-0-gramm","19":"first","20":"instock","21":"shipping-taxable","22":"purchasable","23":"product-type-simple"},"_links":{"self":[{"href":"https:\/\/123-teezeit.de\/index.php?rest_route=\/wp\/v2\/product\/41339","targetHints":{"allow":["GET"]}}],"collection":[{"href":"https:\/\/123-teezeit.de\/index.php?rest_route=\/wp\/v2\/product"}],"about":[{"href":"https:\/\/123-teezeit.de\/index.php?rest_route=\/wp\/v2\/types\/product"}],"replies":[{"embeddable":true,"href":"https:\/\/123-teezeit.de\/index.php?rest_route=%2Fwp%2Fv2%2Fcomments&post=41339"}],"wp:featuredmedia":[{"embeddable":true,"href":"https:\/\/123-teezeit.de\/index.php?rest_route=\/wp\/v2\/media\/41340"}],"wp:attachment":[{"href":"https:\/\/123-teezeit.de\/index.php?rest_route=%2Fwp%2Fv2%2Fmedia&parent=41339"}],"wp:term":[{"taxonomy":"product_brand","embeddable":true,"href":"https:\/\/123-teezeit.de\/index.php?rest_route=%2Fwp%2Fv2%2Fproduct_brand&post=41339"},{"taxonomy":"product_cat","embeddable":true,"href":"https:\/\/123-teezeit.de\/index.php?rest_route=%2Fwp%2Fv2%2Fproduct_cat&post=41339"},{"taxonomy":"product_tag","embeddable":true,"href":"https:\/\/123-teezeit.de\/index.php?rest_route=%2Fwp%2Fv2%2Fproduct_tag&post=41339"}],"curies":[{"name":"wp","href":"https:\/\/api.w.org\/{rel}","templated":true}]}}