{"id":41390,"date":"2022-02-13T03:54:32","date_gmt":"2022-02-13T03:54:32","guid":{"rendered":"https:\/\/123-teezeit.de\/?product=windsor-castle-fruitics-fruechte-2er-pack"},"modified":"2023-04-08T10:00:29","modified_gmt":"2023-04-08T10:00:29","slug":"windsor-castle-fruitics-fruechte-2er-pack","status":"publish","type":"product","link":"https:\/\/123-teezeit.de\/?product=windsor-castle-fruitics-fruechte-2er-pack","title":{"rendered":"Windsor-Castle Fruitics Fr\u00fcchte 2er Pack"},"content":{"rendered":"<p><!-- show up to 2 reviews by default --> <\/p>\n<h3> <span>Produktbeschreibungen<\/span> <\/h3>\n<p> <span>Windsor-Castle Fr\u00fcchtetee-Mischung Fr\u00fcchte <br \/> Probieren Sie die verschiedenen Kompositionen der bunten Welt der FRUITICS Fr\u00fcchtetee-Mischungen. Steigern Sie Ihr Wohlbefinden mit der Mischung &#8218;Fr\u00fcchte&#8216;, ein Geschmackserlebnis aus Aprikose und Pfirsich.<\/span> <\/p>\n<h3> <span>Inhaltsstoffe \/ Zutaten<\/span> <\/h3>\n<p> <span>Hibiscusbl\u00fcten, Holunderbeeren, Weinbeeren, Aroma, Heidelbeeren, Schwarze Johannisbeeren<\/span> <\/p>\n<p>Teesorte: Fr\u00fcchtetee-Mischung<br \/>\nAromatische Noten: Pfirsich-Aprikose<br \/>\nLieferumfang Dieses Produkt enth\u00e4lt: 2 x 500g Windsor-Castle Fruitics Fr\u00fcchte<br \/>\nZubereitung: Wichtiger Hinweis f\u00fcr Kr\u00e4uter- und Fr\u00fcchtetees: Immer mit sprudelnd kochendem Wasser aufgie\u00dfen und mind. 5-10 Minuten ziehen lassen! Nur so erhalten Sie ein sicheres Lebensmittel!<br \/>\n<div class=\"main-cross-sell\" data-asin=\"B07GWHWDM4\">\n\n\t<div class=\"WooZone-cross-sell-loader\">\n\t\t<div>\n\t\t\t<div id=\"floatingBarsG\">\n\t\t\t\t<div class=\"blockG\" id=\"rotateG_01\"><\/div>\n\t\t\t\t<div class=\"blockG\" id=\"rotateG_02\"><\/div>\n\t\t\t\t<div class=\"blockG\" id=\"rotateG_03\"><\/div>\n\t\t\t\t<div class=\"blockG\" id=\"rotateG_04\"><\/div>\n\t\t\t\t<div class=\"blockG\" id=\"rotateG_05\"><\/div>\n\t\t\t\t<div class=\"blockG\" id=\"rotateG_06\"><\/div>\n\t\t\t\t<div class=\"blockG\" id=\"rotateG_07\"><\/div>\n\t\t\t\t<div class=\"blockG\" id=\"rotateG_08\"><\/div>\n\t\t\t<\/div>\n\t\t\t<div class=\"WooZone-cross-sell-loader-text\"><\/div>\n\t\t<\/div>\n\t<\/div>\n\n\t\t\n<\/div>\n<div style=\"clear:both;\"><\/div><\/p>\n","protected":false},"excerpt":{"rendered":"<p>Teesorte: Fr\u00fcchtetee-Mischung<br \/>\nAromatische Noten: Pfirsich-Aprikose<br \/>\nLieferumfang Dieses Produkt enth\u00e4lt: 2 x 500g Windsor-Castle Fruitics Fr\u00fcchte<\/p>\n","protected":false},"featured_media":41391,"comment_status":"open","ping_status":"closed","template":"","meta":[],"product_brand":[],"product_cat":[29],"product_tag":[],"class_list":{"0":"post-41390","1":"product","2":"type-product","3":"status-publish","4":"has-post-thumbnail","6":"product_cat-fruechtetee","7":"pa_amazon-bestseller-rang-nr-104103-in-lebensmittel-getraenke-siehe-top-100-in-lebensmittel-getraenke-nr-1347-in-fruechtetee","8":"pa_artikelgewicht-500-g","9":"pa_auslaufartikel-produktion-dur-nein","10":"pa_durchschnittliche-kundenbewer-50-von-5-sternen-1-sternebewertung-50-von-5-sternen","11":"pa_hersteller-windsor-castle","12":"pa_im-angebot-von-amazon-de-seit-27-august-2018","13":"pa_marke-windsor-castle","14":"pa_netto-gewicht-1-04-kilogramm","15":"pa_stueckzahl-2-00-stueck","17":"first","18":"instock","19":"shipping-taxable","20":"purchasable","21":"product-type-simple"},"_links":{"self":[{"href":"https:\/\/123-teezeit.de\/index.php?rest_route=\/wp\/v2\/product\/41390","targetHints":{"allow":["GET"]}}],"collection":[{"href":"https:\/\/123-teezeit.de\/index.php?rest_route=\/wp\/v2\/product"}],"about":[{"href":"https:\/\/123-teezeit.de\/index.php?rest_route=\/wp\/v2\/types\/product"}],"replies":[{"embeddable":true,"href":"https:\/\/123-teezeit.de\/index.php?rest_route=%2Fwp%2Fv2%2Fcomments&post=41390"}],"wp:featuredmedia":[{"embeddable":true,"href":"https:\/\/123-teezeit.de\/index.php?rest_route=\/wp\/v2\/media\/41391"}],"wp:attachment":[{"href":"https:\/\/123-teezeit.de\/index.php?rest_route=%2Fwp%2Fv2%2Fmedia&parent=41390"}],"wp:term":[{"taxonomy":"product_brand","embeddable":true,"href":"https:\/\/123-teezeit.de\/index.php?rest_route=%2Fwp%2Fv2%2Fproduct_brand&post=41390"},{"taxonomy":"product_cat","embeddable":true,"href":"https:\/\/123-teezeit.de\/index.php?rest_route=%2Fwp%2Fv2%2Fproduct_cat&post=41390"},{"taxonomy":"product_tag","embeddable":true,"href":"https:\/\/123-teezeit.de\/index.php?rest_route=%2Fwp%2Fv2%2Fproduct_tag&post=41390"}],"curies":[{"name":"wp","href":"https:\/\/api.w.org\/{rel}","templated":true}]}}