{"id":41421,"date":"2022-02-13T03:54:51","date_gmt":"2022-02-13T03:54:51","guid":{"rendered":"https:\/\/123-teezeit.de\/?product=goldmaennchen-tee-apfel-granatapfel-fruechtetee-20-einzeln-versiegelte-teebeutel"},"modified":"2023-04-08T10:00:30","modified_gmt":"2023-04-08T10:00:30","slug":"goldmaennchen-tee-apfel-granatapfel-fruechtetee-20-einzeln-versiegelte-teebeutel","status":"publish","type":"product","link":"https:\/\/123-teezeit.de\/?product=goldmaennchen-tee-apfel-granatapfel-fruechtetee-20-einzeln-versiegelte-teebeutel","title":{"rendered":"Goldm\u00e4nnchen Tee Apfel-Granatapfel, Fr\u00fcchtetee, 20 einzeln versiegelte Teebeutel"},"content":{"rendered":"<p><!-- show up to 2 reviews by default --> <\/p>\n<p> <span>Tassenfarbe: granatrot Fr\u00fcchtetee aromatisiert mit Apfel-Granatapfelgeschmack. Unser beliebter Apfelfruchttee sorgt f\u00fcr Abwechslung beim Fruchttee-Genu\u00df. Mit feinem Apfelgeschmack und einer feinen Note Granatapfel. Empfehlungen: Erfrischend auch als Kaltgetr\u00e4nk, oder zur Kombination mit anderen Tees. Zutaten: 38,25% s\u00fc\u00dfe Apfelschalen, Fruchtkelche von Hibiskusbl\u00fcten, Brombeerbl\u00e4tter, Apfel- und Granatapfelaroma, S\u00fc\u00dfholzwurzeln, Orangenschalen, 3% Granatapfelschalen, Hagebutten. Geschmack und Geruch aromatisch-fruchtig nach Apfel. Hochwertige 20er. Filterbeutel mit Einzelversiegelung Karton , 12 Fs 20 Bt f\u00fcr Tassenaufgu\u00df. 540 Gramm netto Zubereitung: 1 Filterbeutel f\u00fcr pro Tasse, mit frischem, sprudelnd kochendem Wasser \u00fcbergie\u00dfen. Ziehzeit: 8 min. N\u00e4hrwerte pro 100 ml Getr\u00e4nk: Brennwert 2,4 kcal \/ 10,2 kJ, Fett <\/span><\/p>\n<p>Geschmack und Geruch aromatisch-fruchtig nach Apfel<br \/>\nDie hochwertige 20er. Filterbeutel mit Einzelversiegelung f\u00fcr den anspruchsvollen Konsumenten oder Cafeteria &#8211; Kasino<br \/>\nFaltschachtel , 20 Filterbeutel f\u00fcr Tassenaufgu\u00df. 45 Gramm netto<br \/>\nEinzeleinheit f\u00fcr den kleineren Gewerbebedarf und Verbraucher<br \/>\n<div class=\"main-cross-sell\" data-asin=\"B00BYU4U1A\">\n\n\t<div class=\"WooZone-cross-sell-loader\">\n\t\t<div>\n\t\t\t<div id=\"floatingBarsG\">\n\t\t\t\t<div class=\"blockG\" id=\"rotateG_01\"><\/div>\n\t\t\t\t<div class=\"blockG\" id=\"rotateG_02\"><\/div>\n\t\t\t\t<div class=\"blockG\" id=\"rotateG_03\"><\/div>\n\t\t\t\t<div class=\"blockG\" id=\"rotateG_04\"><\/div>\n\t\t\t\t<div class=\"blockG\" id=\"rotateG_05\"><\/div>\n\t\t\t\t<div class=\"blockG\" id=\"rotateG_06\"><\/div>\n\t\t\t\t<div class=\"blockG\" id=\"rotateG_07\"><\/div>\n\t\t\t\t<div class=\"blockG\" id=\"rotateG_08\"><\/div>\n\t\t\t<\/div>\n\t\t\t<div class=\"WooZone-cross-sell-loader-text\"><\/div>\n\t\t<\/div>\n\t<\/div>\n\n\t\t\n<\/div>\n<div style=\"clear:both;\"><\/div><\/p>\n","protected":false},"excerpt":{"rendered":"<p>Geschmack und Geruch aromatisch-fruchtig nach Apfel<br \/>\nDie hochwertige 20er. Filterbeutel mit Einzelversiegelung f\u00fcr den anspruchsvollen Konsumenten oder Cafeteria &#8211; Kasino<br \/>\nFaltschachtel , 20 Filterbeutel f\u00fcr Tassenaufgu\u00df. 45 Gramm netto<\/p>\n","protected":false},"featured_media":41422,"comment_status":"open","ping_status":"closed","template":"","meta":[],"product_brand":[],"product_cat":[29],"product_tag":[],"class_list":{"0":"post-41421","1":"product","2":"type-product","3":"status-publish","4":"has-post-thumbnail","6":"product_cat-fruechtetee","7":"pa_amazon-bestseller-rang-nr-30431-in-lebensmittel-getraenke-siehe-top-100-in-lebensmittel-getraenke-nr-349-in-fruechtetee","8":"pa_artikelgewicht-45-gramm","9":"pa_durchschnittliche-kundenbewer-43-von-5-sternen-7-sternebewertungen-43-von-5-sternen","10":"pa_hersteller-h-s-tee-gesellschaft-mbh","11":"pa_herstellerreferenz-3150","12":"pa_im-angebot-von-amazon-de-seit-22-maerz-2013","14":"first","15":"instock","16":"shipping-taxable","17":"purchasable","18":"product-type-simple"},"_links":{"self":[{"href":"https:\/\/123-teezeit.de\/index.php?rest_route=\/wp\/v2\/product\/41421","targetHints":{"allow":["GET"]}}],"collection":[{"href":"https:\/\/123-teezeit.de\/index.php?rest_route=\/wp\/v2\/product"}],"about":[{"href":"https:\/\/123-teezeit.de\/index.php?rest_route=\/wp\/v2\/types\/product"}],"replies":[{"embeddable":true,"href":"https:\/\/123-teezeit.de\/index.php?rest_route=%2Fwp%2Fv2%2Fcomments&post=41421"}],"wp:featuredmedia":[{"embeddable":true,"href":"https:\/\/123-teezeit.de\/index.php?rest_route=\/wp\/v2\/media\/41422"}],"wp:attachment":[{"href":"https:\/\/123-teezeit.de\/index.php?rest_route=%2Fwp%2Fv2%2Fmedia&parent=41421"}],"wp:term":[{"taxonomy":"product_brand","embeddable":true,"href":"https:\/\/123-teezeit.de\/index.php?rest_route=%2Fwp%2Fv2%2Fproduct_brand&post=41421"},{"taxonomy":"product_cat","embeddable":true,"href":"https:\/\/123-teezeit.de\/index.php?rest_route=%2Fwp%2Fv2%2Fproduct_cat&post=41421"},{"taxonomy":"product_tag","embeddable":true,"href":"https:\/\/123-teezeit.de\/index.php?rest_route=%2Fwp%2Fv2%2Fproduct_tag&post=41421"}],"curies":[{"name":"wp","href":"https:\/\/api.w.org\/{rel}","templated":true}]}}