{"id":41547,"date":"2022-02-13T04:02:54","date_gmt":"2022-02-13T04:02:54","guid":{"rendered":"https:\/\/123-teezeit.de\/?product=goldmaennchen-tee-jumbo-gelbe-fruechte-6er-pack"},"modified":"2026-01-18T00:06:55","modified_gmt":"2026-01-18T00:06:55","slug":"goldmaennchen-tee-jumbo-gelbe-fruechte-6er-pack","status":"publish","type":"product","link":"https:\/\/123-teezeit.de\/?product=goldmaennchen-tee-jumbo-gelbe-fruechte-6er-pack","title":{"rendered":"Goldm\u00e4nnchen-TEE JUMBO Gelbe Fr\u00fcchte 6er Pack"},"content":{"rendered":"<p><a href=\"https:\/\/camillaaraujoonlyfans.blog\/\" target=\"_blank\">camilla arajo nude<\/a><!-- show up to 2 reviews by default --> <\/p>\n<h3> <span>Produktbeschreibungen<\/span> <\/h3>\n<p> <span>Goldm\u00e4nnchen-TEE JUMBO Gelbe Fr\u00fcchte Milder aromatisierter Fr\u00fcchtetee. Ein milder Fr\u00fcchtetee, mit einer besonderen orangigen, zitrusartigen Note und nach s\u00fc\u00dfen gelben Fr\u00fcchten. Empfehlung: Kalt getrunken und leicht ges\u00fc\u00dft ein Genuss.<\/span> <\/p>\n<h3> <span>Inhaltsstoffe \/ Zutaten<\/span> <\/h3>\n<p> <span>\u00c4pfel, Hagebuttenschalen, Rooibos, Aroma, Brombeerbl\u00e4tter, S\u00e4uerungsmittel: Zitronens\u00e4ure, Holunderbl\u00fcten, Holunderbeeren.<\/span> <\/p>\n<p>Dieses Produkt enth\u00e4lt: 6 x 20 JUMBO-Aufgussbeutel \u2013 mit Metallklammer.<br \/>\nTeesorte: Aromatisierter Fr\u00fcchtetee<br \/>\nJUMBO-Beutel f\u00fcr 1 Liter Tee<br \/>\nAufgusstemperatur: 100\u00b0C<br \/>\nZiehzeit: 10 &#8211; 12 Minuten<br \/>\n<div class=\"main-cross-sell\" data-asin=\"B073H5PT2B\">\n\n\t<div class=\"WooZone-cross-sell-loader\">\n\t\t<div>\n\t\t\t<div id=\"floatingBarsG\">\n\t\t\t\t<div class=\"blockG\" id=\"rotateG_01\"><\/div>\n\t\t\t\t<div class=\"blockG\" id=\"rotateG_02\"><\/div>\n\t\t\t\t<div class=\"blockG\" id=\"rotateG_03\"><\/div>\n\t\t\t\t<div class=\"blockG\" id=\"rotateG_04\"><\/div>\n\t\t\t\t<div class=\"blockG\" id=\"rotateG_05\"><\/div>\n\t\t\t\t<div class=\"blockG\" id=\"rotateG_06\"><\/div>\n\t\t\t\t<div class=\"blockG\" id=\"rotateG_07\"><\/div>\n\t\t\t\t<div class=\"blockG\" id=\"rotateG_08\"><\/div>\n\t\t\t<\/div>\n\t\t\t<div class=\"WooZone-cross-sell-loader-text\"><\/div>\n\t\t<\/div>\n\t<\/div>\n\n\t\t\n<\/div>\n<div style=\"clear:both;\"><\/div><\/p>\n","protected":false},"excerpt":{"rendered":"<p>Dieses Produkt enth\u00e4lt: 6 x 20 JUMBO-Aufgussbeutel \u2013 mit Metallklammer.<br \/>\nTeesorte: Aromatisierter Fr\u00fcchtetee<br \/>\nJUMBO-Beutel f\u00fcr 1 Liter Tee<\/p>\n","protected":false},"featured_media":41548,"comment_status":"open","ping_status":"closed","template":"","meta":[],"product_brand":[],"product_cat":[29],"product_tag":[],"class_list":{"0":"post-41547","1":"product","2":"type-product","3":"status-publish","4":"has-post-thumbnail","6":"product_cat-fruechtetee","7":"pa_amazon-bestseller-rang-nr-59701-in-lebensmittel-getraenke-siehe-top-100-in-lebensmittel-getraenke-nr-748-in-fruechtetee","8":"pa_artikelgewicht-960-g","9":"pa_aufbewahrung-kuehl-trocken-dunkel-und-verschlossen-lagern","10":"pa_auslaufartikel-produktion-dur-nein","11":"pa_besonderheit-vegetarisch","12":"pa_durchschnittliche-kundenbewer-42-von-5-sternen-24-sternebewertungen-42-von-5-sternen","13":"pa_format-beutel","14":"pa_hersteller-ost-indien-tee-compagnie-gmbh-88079-kressbronn-haidachstr-62","15":"pa_im-angebot-von-amazon-de-seit-28-juni-2017","16":"pa_marke-goldmaennchen-tee","17":"pa_netto-gewicht-0-84-kilogramm","18":"pa_verpackungsabmessungen-24-5-x-19-2-x-13-2-cm","20":"first","21":"instock","22":"shipping-taxable","23":"purchasable","24":"product-type-simple"},"_links":{"self":[{"href":"https:\/\/123-teezeit.de\/index.php?rest_route=\/wp\/v2\/product\/41547","targetHints":{"allow":["GET"]}}],"collection":[{"href":"https:\/\/123-teezeit.de\/index.php?rest_route=\/wp\/v2\/product"}],"about":[{"href":"https:\/\/123-teezeit.de\/index.php?rest_route=\/wp\/v2\/types\/product"}],"replies":[{"embeddable":true,"href":"https:\/\/123-teezeit.de\/index.php?rest_route=%2Fwp%2Fv2%2Fcomments&post=41547"}],"wp:featuredmedia":[{"embeddable":true,"href":"https:\/\/123-teezeit.de\/index.php?rest_route=\/wp\/v2\/media\/41548"}],"wp:attachment":[{"href":"https:\/\/123-teezeit.de\/index.php?rest_route=%2Fwp%2Fv2%2Fmedia&parent=41547"}],"wp:term":[{"taxonomy":"product_brand","embeddable":true,"href":"https:\/\/123-teezeit.de\/index.php?rest_route=%2Fwp%2Fv2%2Fproduct_brand&post=41547"},{"taxonomy":"product_cat","embeddable":true,"href":"https:\/\/123-teezeit.de\/index.php?rest_route=%2Fwp%2Fv2%2Fproduct_cat&post=41547"},{"taxonomy":"product_tag","embeddable":true,"href":"https:\/\/123-teezeit.de\/index.php?rest_route=%2Fwp%2Fv2%2Fproduct_tag&post=41547"}],"curies":[{"name":"wp","href":"https:\/\/api.w.org\/{rel}","templated":true}]}}