{"id":41556,"date":"2022-02-13T04:03:02","date_gmt":"2022-02-13T04:03:02","guid":{"rendered":"https:\/\/123-teezeit.de\/?product=fruechteteemischung-aromatisiert-mango-n-friends-1-000gr"},"modified":"2023-04-08T10:00:32","modified_gmt":"2023-04-08T10:00:32","slug":"fruechteteemischung-aromatisiert-mango-n-friends-1-000gr","status":"publish","type":"product","link":"https:\/\/123-teezeit.de\/?product=fruechteteemischung-aromatisiert-mango-n-friends-1-000gr","title":{"rendered":"Fr\u00fcchteteemischung, aromatisiert &#8211; Mango n Friends (1.000gr)"},"content":{"rendered":"<p><!-- show up to 2 reviews by default --> <\/p>\n<h3> <span>Produktbeschreibungen<\/span> <\/h3>\n<p> <span>Fr\u00fcchteteemischung Mango and Friends\/ Sweet Mango aromatisiert Zutaten: Ananasw\u00fcrfel (Ananas, Zucker) und Mangow\u00fcrfel (Mango, Zucker), Ananas- und Mangoflocken, Orangenspalten, Aroma, gefr.-getr. Mandarinorangenst\u00fccke, F\u00e4rberdisteln, Ringelblumen, gefr.-getr. Erdbeerscheiben<\/span> <\/p>\n<h3> <span>Inhaltsstoffe \/ Zutaten<\/span> <\/h3>\n<p> <span>Ananasw\u00fcrfel (Ananas, Zucker) und Mangow\u00fcrfel (Mango, Zucker), Ananas- und Mangoflocken, Orangenspalten, Aroma, gefr.-getr. Mandarinorangenst\u00fccke, F\u00e4rberdisteln, Ringelblumen, gefr.-getr. Erdbeerscheiben<\/span> <\/p>\n<div data-a-expander-name=\"toggle_description\" class=\"a-row a-expander-container a-expander-extend-container\">\n<div class=\"a-expander-content a-expander-extend-content\">\n<h3> <span>Anschrift Hersteller\/Importeur<\/span> <\/h3>\n<p> <span>Importeur: Dethlefsen &amp; Balk Import-Export GmbH, Hermann-W\u00fcsthof-Ring 16, D-21035 Hamburg<\/span> <\/p>\n<\/p><\/div>\n<p> <a data-csa-c-func-deps=\"aui-da-a-expander-toggle\" data-csa-c-type=\"widget\" data-csa-interaction-events=\"click\" role=\"button\" href=\"void(0)\" data-action=\"a-expander-toggle\" class=\"a-expander-header a-declarative a-expander-extend-header\" data-a-expander-toggle=\"{\"><i class=\"a-icon a-icon-extender-expand\"><\/i><span class=\"a-expander-prompt\">Mehr<\/span><\/a> <\/div>\n<p>leckerer Fr\u00fcchte-Tee<br \/>\nMango-Aroma<br \/>\nExtra gro\u00dfe Flocken und W\u00fcrfel von saftigen, ausschlie\u00dflich exotischen Fr\u00fcchten bilden diese s\u00e4urearme Basis<br \/>\nAuch als Eistee sehr beliebt!<br \/>\n1 KG Packung<br \/>\n<div class=\"main-cross-sell\" data-asin=\"B005OK1GEA\">\n\n\t<div class=\"WooZone-cross-sell-loader\">\n\t\t<div>\n\t\t\t<div id=\"floatingBarsG\">\n\t\t\t\t<div class=\"blockG\" id=\"rotateG_01\"><\/div>\n\t\t\t\t<div class=\"blockG\" id=\"rotateG_02\"><\/div>\n\t\t\t\t<div class=\"blockG\" id=\"rotateG_03\"><\/div>\n\t\t\t\t<div class=\"blockG\" id=\"rotateG_04\"><\/div>\n\t\t\t\t<div class=\"blockG\" id=\"rotateG_05\"><\/div>\n\t\t\t\t<div class=\"blockG\" id=\"rotateG_06\"><\/div>\n\t\t\t\t<div class=\"blockG\" id=\"rotateG_07\"><\/div>\n\t\t\t\t<div class=\"blockG\" id=\"rotateG_08\"><\/div>\n\t\t\t<\/div>\n\t\t\t<div class=\"WooZone-cross-sell-loader-text\"><\/div>\n\t\t<\/div>\n\t<\/div>\n\n\t\t\n<\/div>\n<div style=\"clear:both;\"><\/div><\/p>\n","protected":false},"excerpt":{"rendered":"<p>leckerer Fr\u00fcchte-Tee<br \/>\nMango-Aroma<br \/>\nExtra gro\u00dfe Flocken und W\u00fcrfel von saftigen, ausschlie\u00dflich exotischen Fr\u00fcchten bilden diese s\u00e4urearme Basis<\/p>\n","protected":false},"featured_media":41557,"comment_status":"open","ping_status":"closed","template":"","meta":[],"product_brand":[],"product_cat":[29],"product_tag":[],"class_list":{"0":"post-41556","1":"product","2":"type-product","3":"status-publish","4":"has-post-thumbnail","6":"product_cat-fruechtetee","7":"pa_abtropfgewicht-1-kilogramm","8":"pa_amazon-bestseller-rang-nr-98438-in-lebensmittel-getraenke-siehe-top-100-in-lebensmittel-getraenke-nr-1278-in-fruechtetee","9":"pa_artikelgewicht-1-kg","10":"pa_durchschnittliche-kundenbewer-48-von-5-sternen-13-sternebewertungen-48-von-5-sternen","11":"pa_format-lose-blaetter","12":"pa_hersteller-db","13":"pa_im-angebot-von-amazon-de-seit-1-august-2013","14":"pa_koffeingehalt-koffeinfrei","15":"pa_kontakt-zum-hersteller-importeur-dethlefsen-balk-import-export-gmbh-hermann-wuesthof-ring-16-d-21035-hamburg","16":"pa_marke-fruechtetee","17":"pa_netto-gewicht-1-kilogramm","18":"pa_stueckzahl-1-0-kilograms","19":"pa_ursprungsland-deutschland","20":"pa_verpackungsabmessungen-25-1-x-18-x-11-cm-1-kilogramm","22":"first","23":"instock","24":"shipping-taxable","25":"purchasable","26":"product-type-simple"},"_links":{"self":[{"href":"https:\/\/123-teezeit.de\/index.php?rest_route=\/wp\/v2\/product\/41556","targetHints":{"allow":["GET"]}}],"collection":[{"href":"https:\/\/123-teezeit.de\/index.php?rest_route=\/wp\/v2\/product"}],"about":[{"href":"https:\/\/123-teezeit.de\/index.php?rest_route=\/wp\/v2\/types\/product"}],"replies":[{"embeddable":true,"href":"https:\/\/123-teezeit.de\/index.php?rest_route=%2Fwp%2Fv2%2Fcomments&post=41556"}],"wp:featuredmedia":[{"embeddable":true,"href":"https:\/\/123-teezeit.de\/index.php?rest_route=\/wp\/v2\/media\/41557"}],"wp:attachment":[{"href":"https:\/\/123-teezeit.de\/index.php?rest_route=%2Fwp%2Fv2%2Fmedia&parent=41556"}],"wp:term":[{"taxonomy":"product_brand","embeddable":true,"href":"https:\/\/123-teezeit.de\/index.php?rest_route=%2Fwp%2Fv2%2Fproduct_brand&post=41556"},{"taxonomy":"product_cat","embeddable":true,"href":"https:\/\/123-teezeit.de\/index.php?rest_route=%2Fwp%2Fv2%2Fproduct_cat&post=41556"},{"taxonomy":"product_tag","embeddable":true,"href":"https:\/\/123-teezeit.de\/index.php?rest_route=%2Fwp%2Fv2%2Fproduct_tag&post=41556"}],"curies":[{"name":"wp","href":"https:\/\/api.w.org\/{rel}","templated":true}]}}