{"id":41570,"date":"2022-02-13T04:08:07","date_gmt":"2022-02-13T04:08:07","guid":{"rendered":"https:\/\/123-teezeit.de\/?product=pukka-bio-tee-kurkuma-aktiv-20-beutel"},"modified":"2026-01-10T00:04:34","modified_gmt":"2026-01-10T00:04:34","slug":"pukka-bio-tee-kurkuma-aktiv-20-beutel","status":"publish","type":"product","link":"https:\/\/123-teezeit.de\/?product=pukka-bio-tee-kurkuma-aktiv-20-beutel","title":{"rendered":"Pukka BIO Tee Kurkuma Aktiv, 20 Beutel"},"content":{"rendered":"<p> <a href=\"https:\/\/bestmsg4you.com\/\" target=\"_blank\">kaya scodelario nude<\/a><\/p>\n<p><!-- show up to 2 reviews by default --> <\/p>\n<h3> <span>Produktbeschreibung<\/span> <\/h3>\n<p> <span>Ein Bio-Tee mit der Kraft der legend\u00e4ren Kurkuma, Ingwer und Galgant. Alle Zutaten sind 100Prozent biologisch und werden fair und nachhaltig gewirtschaftet. Durch die Fair for Life- und FairWild-Zertifizierung hilft Pukka seinen Anbaupartnern und hilft, Umwelt &amp; Wildpflanzen zu sch\u00fctzen. Kurkuma: K\u00f6nigin der Gew\u00fcrze Die in Indien als \u201eGoldene G\u00f6ttin\u201c bekannte Kurkuma spielt in der ayurvedischen Lehre schon seit \u00fcber 4.000 Jahren eine wichtige Rolle: Sie wird zum Schutz des K\u00f6rpers und zur Steigerung der Vitalit\u00e4t eingesetzt. Pukka Herbs setzt die wertvolle Wurzel deshalb unter anderem in ihren Bio-Tees ein. In Deutschland ist Kurkuma vor allem als Gew\u00fcrz bekannt. Die goldgelbe Wurzel hat eine aromatische Geschmackstiefe und verleiht Gerichten wie Curries eine kr\u00e4ftige gelb-orangene Farbe. Jede Pukka Teemischung (in England von unseren Kr\u00e4uterexperten Sebastian Pole entwickelt) verwendet die unglaubliche Kraft bester Bio-Kr\u00e4uter und -Pflanzen. Und dahinter steht unsere Pukka Philosophie \u2013 \u201ewahrhaft\u201c und \u201eauthentisch\u201c zu sein. Sie inspiriert unser ganzes Handeln: unsere gentechnikfreien Produkte, unseren Einsatz f\u00fcr Umwelt- und Sozialprojekte sowie das Engagement, unseren Lieferanten faire Preise zu zahlen und sie in ihrer nachhaltigen Landwirtschfat zu unterst\u00fctzen. Die volle Kraft der Kr\u00e4uter f\u00fcr dein Wohlbefinden \u2013 das steckt in den biologischen Pukka Tees, die Pukka sorgsam nach altem ayurvedischen Wissen zusammengestellt hat. Ayurveda ist eine traditionelle, holistische indische Philosophie, die dem Menschen zeigt, wie er ein gesundes und erf\u00fcllteres Leben verbringen kann, indem er Geist, K\u00f6rper und Seele in Balance bringt. Zur Unterst\u00fctzung der inneren Balance k\u00f6nnen auch Yoga-\u00dcbungen, Meditation und Atem\u00fcbungen beitragen. \u201e1Prozent for the Planet\u201c Seit 2015 ist Pukka als CO2-neutrales Unternehmen zertifiziert und spendet als \u00fcberzeugtes Mitglied der Initiative \u201e1Prozent for the Planet\u201c 1Prozent des Verkaufserl\u00f6ses f\u00fcr Umwelt- und Sozialprojekte. Der CO2-Aussto\u00df durch Gas, K\u00fchlsysteme, Elektrizit\u00e4t, Wasser, M\u00fcll, G\u00fctertransport und Papier wurde \u00fcberpr\u00fcft und angepasst. Dar\u00fcber hinaus reduziert das Unternehmen seinen Energieverbrauch durch eine energieeffiziente IT-Ausstattung sowie die Bike-to-work-Philosophie. FairWild bei Pukka Seit 2012 unterst\u00fctzt das Unternehmen Pukka Herbs aktiv die Weiterentwicklung dieses 2008 etablierten Umweltschutz-Standards. Er gibt Richtlinien f\u00fcr die nachhaltige Nutzung und den Handel nat\u00fcrlicher Zutaten f\u00fcr Nahrung, Kosmetika und Arzneimittel aus Wildsammlung vor. Die Einhaltung des Standards gew\u00e4hrleistet, dass Wildpflanzen und nat\u00fcrliche Zutaten naturnah bewirtschaftet und geerntet werden, und dass diejenigen, die in die Sammlung und den Handel eingebunden sind, einen fairen Lohn f\u00fcr ihr Wissen und ihren Einsatz bekommen. Der Standard wurde nach umfangreicher Beratung mit Pflanzenexperten und Vertretern internationaler Unternehmen entwickelt, die pflanzliche Produkte verarbeiten und mit ihnen handeln.<\/span> <\/p>\n<h3> <span>Inhaltsstoffe \/ Zutaten<\/span> <\/h3>\n<p> <span>Kurkuma Wurzel*(30%),Ingwerwurzel*(26%),<\/span> <\/p>\n<div data-a-expander-name=\"toggle_description\" class=\"a-row a-expander-container a-expander-extend-container\">\n<div class=\"a-expander-content a-expander-extend-content\">\n<h3> <span>Gebrauchsanweisung<\/span> <\/h3>\n<p> <span>1 Teebeutel mit frisch aufgebr\u00fchtem Wasser \u00fcbergie\u00dfen und bis zu 15 Minuten ziehen lassen<\/span> <\/p>\n<\/p><\/div>\n<p> <a data-csa-c-func-deps=\"aui-da-a-expander-toggle\" data-csa-c-type=\"widget\" data-csa-interaction-events=\"click\" role=\"button\" href=\"void(0)\" data-action=\"a-expander-toggle\" class=\"a-expander-header a-declarative a-expander-extend-header\" data-a-expander-toggle=\"{\"><i class=\"a-icon a-icon-extender-expand\"><\/i><span class=\"a-expander-prompt\">Mehr<\/span><\/a> <\/div>\n<p>Bio-Tee mit feinster Kurkuma, Ingwer und Galgant<br \/>\nMit hochwertiger Bio-Kurkuma aus Indien<br \/>\nMit feuriger Ingwerwurzel<br \/>\n100 Prozent biologische Teemischung aus Zutaten ethischer Herkunft, nat\u00fcrlich koffeinfrei<br \/>\nFairWild- und Fair for Life-zertifiziert<br \/>\n<div class=\"main-cross-sell\" data-asin=\"B079P79Z32\">\n\n\t<div class=\"WooZone-cross-sell-loader\">\n\t\t<div>\n\t\t\t<div id=\"floatingBarsG\">\n\t\t\t\t<div class=\"blockG\" id=\"rotateG_01\"><\/div>\n\t\t\t\t<div class=\"blockG\" id=\"rotateG_02\"><\/div>\n\t\t\t\t<div class=\"blockG\" id=\"rotateG_03\"><\/div>\n\t\t\t\t<div class=\"blockG\" id=\"rotateG_04\"><\/div>\n\t\t\t\t<div class=\"blockG\" id=\"rotateG_05\"><\/div>\n\t\t\t\t<div class=\"blockG\" id=\"rotateG_06\"><\/div>\n\t\t\t\t<div class=\"blockG\" id=\"rotateG_07\"><\/div>\n\t\t\t\t<div class=\"blockG\" id=\"rotateG_08\"><\/div>\n\t\t\t<\/div>\n\t\t\t<div class=\"WooZone-cross-sell-loader-text\"><\/div>\n\t\t<\/div>\n\t<\/div>\n\n\t\t\n<\/div>\n<div style=\"clear:both;\"><\/div><\/p>\n","protected":false},"excerpt":{"rendered":"<p>Bio-Tee mit feinster Kurkuma, Ingwer und Galgant<br \/>\nMit hochwertiger Bio-Kurkuma aus Indien<br \/>\nMit feuriger Ingwerwurzel<\/p>\n","protected":false},"featured_media":41571,"comment_status":"open","ping_status":"closed","template":"","meta":[],"product_brand":[],"product_cat":[15],"product_tag":[],"class_list":{"0":"post-41570","1":"product","2":"type-product","3":"status-publish","4":"has-post-thumbnail","6":"product_cat-bio-tee","7":"pa_allergie-informationen-enthaelt-sellerie","8":"pa_amazon-bestseller-rang-nr-43835-in-lebensmittel-getraenke-siehe-top-100-in-lebensmittel-getraenke-nr-1760-in-kraeutertee","9":"pa_artikelgewicht-36-g","10":"pa_aufbewahrung-trocken-lagern","11":"pa_auslaufartikel-produktion-dur-nein","12":"pa_besonderheit-bio","13":"pa_durchschnittliche-kundenbewer-44-von-5-sternen-20-sternebewertungen-44-von-5-sternen","14":"pa_hersteller-ekaterra","15":"pa_im-angebot-von-amazon-de-seit-7-februar-2018","16":"pa_marke-pukka","17":"pa_netto-gewicht-0-04-kilogramm","18":"pa_produktabmessungen-8-x-14-3-x-28-cm-36-gramm","19":"pa_stueckzahl-36-0-gramm","20":"pa_ursprungsland-diverse-laender","21":"pa_zertifizierung-100-bio-bio-siegel-eu-landwirtschaft-nicht-eu-landwirtschaft-soil-association-fair-for-life","23":"first","24":"instock","25":"shipping-taxable","26":"purchasable","27":"product-type-simple"},"_links":{"self":[{"href":"https:\/\/123-teezeit.de\/index.php?rest_route=\/wp\/v2\/product\/41570","targetHints":{"allow":["GET"]}}],"collection":[{"href":"https:\/\/123-teezeit.de\/index.php?rest_route=\/wp\/v2\/product"}],"about":[{"href":"https:\/\/123-teezeit.de\/index.php?rest_route=\/wp\/v2\/types\/product"}],"replies":[{"embeddable":true,"href":"https:\/\/123-teezeit.de\/index.php?rest_route=%2Fwp%2Fv2%2Fcomments&post=41570"}],"wp:featuredmedia":[{"embeddable":true,"href":"https:\/\/123-teezeit.de\/index.php?rest_route=\/wp\/v2\/media\/41571"}],"wp:attachment":[{"href":"https:\/\/123-teezeit.de\/index.php?rest_route=%2Fwp%2Fv2%2Fmedia&parent=41570"}],"wp:term":[{"taxonomy":"product_brand","embeddable":true,"href":"https:\/\/123-teezeit.de\/index.php?rest_route=%2Fwp%2Fv2%2Fproduct_brand&post=41570"},{"taxonomy":"product_cat","embeddable":true,"href":"https:\/\/123-teezeit.de\/index.php?rest_route=%2Fwp%2Fv2%2Fproduct_cat&post=41570"},{"taxonomy":"product_tag","embeddable":true,"href":"https:\/\/123-teezeit.de\/index.php?rest_route=%2Fwp%2Fv2%2Fproduct_tag&post=41570"}],"curies":[{"name":"wp","href":"https:\/\/api.w.org\/{rel}","templated":true}]}}