{"id":41766,"date":"2022-02-13T04:10:27","date_gmt":"2022-02-13T04:10:27","guid":{"rendered":"https:\/\/123-teezeit.de\/?product=yogi-tea-bio-halswaermer-tee-17-beutel-32-3g"},"modified":"2023-04-09T10:30:27","modified_gmt":"2023-04-09T10:30:27","slug":"yogi-tea-bio-halswaermer-tee-17-beutel-32-3g","status":"publish","type":"product","link":"https:\/\/123-teezeit.de\/?product=yogi-tea-bio-halswaermer-tee-17-beutel-32-3g","title":{"rendered":"Yogi Tea Bio Halsw\u00e4rmer Tee, 17 Beutel, 32.3g"},"content":{"rendered":"<p><!-- show up to 2 reviews by default --> <\/p>\n<h3> <span>Produktbeschreibung<\/span> <\/h3>\n<p> <span>Singen, sprechen, schlucken, schmecken &#8211; unser Hals wird viel beansprucht. Danken wir es ihm mit diesem sanften, leicht fruchtigen, s\u00fc\u00dfen Tee, verfeinert durch die Zugabe von Orangenschalen, Fenchel, Thymian und Ingwer. Die subtile Botschaft dieses Tees ist: \u201eIch bin mir bewusst, was ich zu mir nehme\u201c.<\/span> <\/p>\n<h3> <span>Inhaltsstoffe \/ Zutaten<\/span> <\/h3>\n<p> <span>S\u00fc\u00dfholz (32%), Fenchel (23%), Zimt, Orangenschalen, Ingwer, Thymian (4%), K\u00f6nigskerze, Orangen\u00f6l, Zitrusextrakt, Kardamom, schwarzer Pfeffer, Nelken, Gelbwurz (Kurkuma) (kontrolliert \u00f6kologischer Anbau).<\/span> <\/p>\n<div data-a-expander-name=\"toggle_description\" class=\"a-row a-expander-container a-expander-extend-container\">\n<div class=\"a-expander-content a-expander-extend-content\">\n<h3> <span>Warnhinweise<\/span> <\/h3>\n<p> <span>enth\u00e4lt S\u00fc\u00dfholz<\/span> <\/p>\n<h3> <span>Rechtliche Hinweise<\/span> <\/h3>\n<p> <span>enth\u00e4lt S\u00fc\u00dfholz<\/span> <\/p>\n<h3> <span>Anschrift Hersteller\/Importeur<\/span> <\/h3>\n<p> <span>YOGI TEA GmbH, Burchardstra\u00dfe 24, D-20095 Hamburg<\/span> <\/p>\n<\/p><\/div>\n<p> <a data-csa-c-func-deps=\"aui-da-a-expander-toggle\" data-csa-c-type=\"widget\" data-csa-interaction-events=\"click\" role=\"button\" href=\"void(0)\" data-action=\"a-expander-toggle\" class=\"a-expander-header a-declarative a-expander-extend-header\" data-a-expander-toggle=\"{\"><i class=\"a-icon a-icon-extender-expand\"><\/i><span class=\"a-expander-prompt\">Mehr<\/span><\/a> <\/div>\n<p>Bio Tee mit S\u00fc\u00dfholz, Fenchel und Thymian<br \/>\nAyurvedische Kr\u00e4uter- und Gew\u00fcrzteemischung<br \/>\nW\u00e4rmender Halsschmeichler<br \/>\nLeicht s\u00fc\u00df und mild im Geschmack<br \/>\nIn Bio-Qualit\u00e4t<br \/>\n<div class=\"main-cross-sell\" data-asin=\"B009IG5ZLG\">\n\n\t<div class=\"WooZone-cross-sell-loader\">\n\t\t<div>\n\t\t\t<div id=\"floatingBarsG\">\n\t\t\t\t<div class=\"blockG\" id=\"rotateG_01\"><\/div>\n\t\t\t\t<div class=\"blockG\" id=\"rotateG_02\"><\/div>\n\t\t\t\t<div class=\"blockG\" id=\"rotateG_03\"><\/div>\n\t\t\t\t<div class=\"blockG\" id=\"rotateG_04\"><\/div>\n\t\t\t\t<div class=\"blockG\" id=\"rotateG_05\"><\/div>\n\t\t\t\t<div class=\"blockG\" id=\"rotateG_06\"><\/div>\n\t\t\t\t<div class=\"blockG\" id=\"rotateG_07\"><\/div>\n\t\t\t\t<div class=\"blockG\" id=\"rotateG_08\"><\/div>\n\t\t\t<\/div>\n\t\t\t<div class=\"WooZone-cross-sell-loader-text\"><\/div>\n\t\t<\/div>\n\t<\/div>\n\n\t\t\n<\/div>\n<div style=\"clear:both;\"><\/div><\/p>\n","protected":false},"excerpt":{"rendered":"<p>Bio Tee mit S\u00fc\u00dfholz, Fenchel und Thymian<br \/>\nAyurvedische Kr\u00e4uter- und Gew\u00fcrzteemischung<br \/>\nW\u00e4rmender Halsschmeichler<\/p>\n","protected":false},"featured_media":41767,"comment_status":"open","ping_status":"closed","template":"","meta":[],"product_brand":[],"product_cat":[15],"product_tag":[],"class_list":{"0":"post-41766","1":"product","2":"type-product","3":"status-publish","4":"has-post-thumbnail","6":"product_cat-bio-tee","7":"pa_amazon-bestseller-rang-nr-97322-in-lebensmittel-getraenke-siehe-top-100-in-lebensmittel-getraenke-nr-3715-in-kraeutertee","8":"pa_artikelgewicht-32-3-g","9":"pa_aufbewahrung-in-trockener-umgebung-lagern","10":"pa_besonderheit-bio","11":"pa_durchschnittliche-kundenbewer-47-von-5-sternen-10-sternebewertungen-47-von-5-sternen","12":"pa_format-beutel","13":"pa_hersteller-yogi-tea","14":"pa_im-angebot-von-amazon-de-seit-28-september-2012","15":"pa_jahrgang-nv","16":"pa_kontakt-zum-hersteller-yogi-tea-gmbh-burchardstrasse-24-d-20095-hamburg","17":"pa_marke-yogi-tea","18":"pa_netto-gewicht-32-3-gramm","19":"pa_produktabmessungen-6-5-x-7-5-x-12-cm-32-3-gramm","20":"pa_produktbezeichnung-ayurvedische-kraeuter-und-gewuerzteemischung","21":"pa_stueckzahl-32-3-gramm","22":"pa_ursprungsland-der-primaeren-z-diverse-laender","23":"pa_zertifizierung-eg-oeko-verordnung","24":"pa_zusatzstoffe-enthaelt-suessholz-bei-hohem-blutdruck-sollte-ein-uebermaessiger-verzehr-dieses-erzeugnisses-vermieden-werden","26":"first","27":"instock","28":"shipping-taxable","29":"purchasable","30":"product-type-simple"},"_links":{"self":[{"href":"https:\/\/123-teezeit.de\/index.php?rest_route=\/wp\/v2\/product\/41766","targetHints":{"allow":["GET"]}}],"collection":[{"href":"https:\/\/123-teezeit.de\/index.php?rest_route=\/wp\/v2\/product"}],"about":[{"href":"https:\/\/123-teezeit.de\/index.php?rest_route=\/wp\/v2\/types\/product"}],"replies":[{"embeddable":true,"href":"https:\/\/123-teezeit.de\/index.php?rest_route=%2Fwp%2Fv2%2Fcomments&post=41766"}],"wp:featuredmedia":[{"embeddable":true,"href":"https:\/\/123-teezeit.de\/index.php?rest_route=\/wp\/v2\/media\/41767"}],"wp:attachment":[{"href":"https:\/\/123-teezeit.de\/index.php?rest_route=%2Fwp%2Fv2%2Fmedia&parent=41766"}],"wp:term":[{"taxonomy":"product_brand","embeddable":true,"href":"https:\/\/123-teezeit.de\/index.php?rest_route=%2Fwp%2Fv2%2Fproduct_brand&post=41766"},{"taxonomy":"product_cat","embeddable":true,"href":"https:\/\/123-teezeit.de\/index.php?rest_route=%2Fwp%2Fv2%2Fproduct_cat&post=41766"},{"taxonomy":"product_tag","embeddable":true,"href":"https:\/\/123-teezeit.de\/index.php?rest_route=%2Fwp%2Fv2%2Fproduct_tag&post=41766"}],"curies":[{"name":"wp","href":"https:\/\/api.w.org\/{rel}","templated":true}]}}