{"id":41813,"date":"2022-02-13T04:10:57","date_gmt":"2022-02-13T04:10:57","guid":{"rendered":"https:\/\/123-teezeit.de\/?product=pukka-bio-tee-feel-new-20-teebeutel-40-g"},"modified":"2023-04-09T10:30:28","modified_gmt":"2023-04-09T10:30:28","slug":"pukka-bio-tee-feel-new-20-teebeutel-40-g","status":"publish","type":"product","link":"https:\/\/123-teezeit.de\/?product=pukka-bio-tee-feel-new-20-teebeutel-40-g","title":{"rendered":"Pukka BIO Tee Feel New 20 Teebeutel , 40 g"},"content":{"rendered":"<p><!-- show up to 2 reviews by default --> <\/p>\n<h3> <span>Produktbeschreibung<\/span> <\/h3>\n<p> <span>Feel new ist eine einzigartige Mischung aus kl\u00e4renden Kr\u00e4utern. Trinke ihn t\u00e4glich um s\u00e4mtliche Vorteile dieses wundervollen beruhigenden Digestif-Tees zu genie\u00dfen. Fenchelsamen und Anis sind lecker s\u00fc\u00df, Kardamonsamen geben einen wohltuenden aromatischen Geschmack, S\u00fc\u00dfholzwurzel ist beruhigend und reichhaltig. Jede Pukka Teemischung (in England von unseren Kr\u00e4uterexperten Sebastian Pole entwickelt) verwendet die unglaubliche Kraft bester Bio-Kr\u00e4uter und -Pflanzen. Und dahinter steht unsere Pukka Philosophie \u2013 \u201ewahrhaft\u201c und \u201eauthentisch\u201c zu sein. Sie inspiriert unser ganzes Handeln: unsere gentechnikfreien Produkte, unseren Einsatz f\u00fcr Umwelt- und Sozialprojekte sowie das Engagement, unseren Lieferanten faire Preise zu zahlen und sie in ihrer nachhaltigen Landwirtschfat zu unterst\u00fctzen.Die volle Kraft der Kr\u00e4uter f\u00fcr dein Wohlbefinden \u2013 das steckt in den biologischen Pukka Tees, die Pukka sorgsam nach altem ayurvedischen Wissen zusammengestellt hat. Ayurveda ist eine traditionelle, holistische indische Philosophie, die dem Menschen zeigt, wie er ein gesundes und erf\u00fcllteres Leben verbringen kann, indem er Geist, K\u00f6rper und Seele in Balance bringt. Zur Unterst\u00fctzung der inneren Balance k\u00f6nnen auch Yoga-\u00dcbungen, Meditation und Atem\u00fcbungen beitragen. \u201e1Prozent for the Planet\u201c Seit 2015 ist Pukka als CO2-neutrales Unternehmen zertifiziert und spendet als \u00fcberzeugtes Mitglied der Initiative \u201e1Prozent for the Planet\u201c 1Prozent des Verkaufserl\u00f6ses f\u00fcr Umwelt- und Sozialprojekte. Der CO2-Aussto\u00df durch Gas, K\u00fchlsysteme, Elektrizit\u00e4t, Wasser, M\u00fcll, G\u00fctertransport und Papier wurde \u00fcberpr\u00fcft und angepasst. Dar\u00fcber hinaus reduziert das Unternehmen seinen Energieverbrauch durch eine energieeffiziente IT-Ausstattung sowie die Bike-to-work-Philosophie. FairWild bei Pukka Seit 2012 unterst\u00fctzt das Unternehmen Pukka Herbs aktiv die Weiterentwicklung dieses 2008 etablierten Umweltschutz-Standards. Er gibt Richtlinien f\u00fcr die nachhaltige Nutzung und den Handel nat\u00fcrlicher Zutaten f\u00fcr Nahrung, Kosmetika und Arzneimittel aus Wildsammlung vor. Die Einhaltung des Standards gew\u00e4hrleistet, dass Wildpflanzen und nat\u00fcrliche Zutaten naturnah bewirtschaftet und geerntet werden, und dass diejenigen, die in die Sammlung und den Handel eingebunden sind, einen fairen Lohn f\u00fcr ihr Wissen und ihren Einsatz bekommen. Der Standard wurde nach umfangreicher Beratung mit Pflanzenexperten und Vertretern internationaler Unternehmen entwickelt, die pflanzliche Produkte verarbeiten und mit ihnen handeln. (fairwild.org\/news-german\/)<\/span> <\/p>\n<h3> <span>Inhaltsstoffe \/ Zutaten<\/span> <\/h3>\n<p> <span>Anissamen (42,5%), S\u00fc\u00dfer Fenchelsamen (22,5%), Kardamomkapseln (15%), S\u00fc\u00dfholzwurzel, Koriandersamen, Kurkuma-Wurzel<\/span> <\/p>\n<div data-a-expander-name=\"toggle_description\" class=\"a-row a-expander-container a-expander-extend-container\">\n<div class=\"a-expander-content a-expander-extend-content\">\n<h3> <span>Anschrift Hersteller\/Importeur<\/span> <\/h3>\n<p> <span>Unilever GmbH<\/span> <\/p>\n<\/p><\/div>\n<p> <a data-csa-c-func-deps=\"aui-da-a-expander-toggle\" data-csa-c-type=\"widget\" data-csa-interaction-events=\"click\" role=\"button\" href=\"void(0)\" data-action=\"a-expander-toggle\" class=\"a-expander-header a-declarative a-expander-extend-header\" data-a-expander-toggle=\"{\"><i class=\"a-icon a-icon-extender-expand\"><\/i><span class=\"a-expander-prompt\">Mehr<\/span><\/a> <\/div>\n<p>Eine einzigartige Mischung aus kl\u00e4renden Kr\u00e4utern<br \/>\nKardamonsamen geben einen wohltuenden aromatischen Geschmack<br \/>\nMischung aus Anis, Fenchel und Kardamon<br \/>\nIn Bio-Qualit\u00e4t<br \/>\nGeeignet f\u00fcr Vegetarier<br \/>\n<div class=\"main-cross-sell\" data-asin=\"B07LGXRQKB\">\n\n\t<div class=\"WooZone-cross-sell-loader\">\n\t\t<div>\n\t\t\t<div id=\"floatingBarsG\">\n\t\t\t\t<div class=\"blockG\" id=\"rotateG_01\"><\/div>\n\t\t\t\t<div class=\"blockG\" id=\"rotateG_02\"><\/div>\n\t\t\t\t<div class=\"blockG\" id=\"rotateG_03\"><\/div>\n\t\t\t\t<div class=\"blockG\" id=\"rotateG_04\"><\/div>\n\t\t\t\t<div class=\"blockG\" id=\"rotateG_05\"><\/div>\n\t\t\t\t<div class=\"blockG\" id=\"rotateG_06\"><\/div>\n\t\t\t\t<div class=\"blockG\" id=\"rotateG_07\"><\/div>\n\t\t\t\t<div class=\"blockG\" id=\"rotateG_08\"><\/div>\n\t\t\t<\/div>\n\t\t\t<div class=\"WooZone-cross-sell-loader-text\"><\/div>\n\t\t<\/div>\n\t<\/div>\n\n\t\t\n<\/div>\n<div style=\"clear:both;\"><\/div><\/p>\n","protected":false},"excerpt":{"rendered":"<p>Eine einzigartige Mischung aus kl\u00e4renden Kr\u00e4utern<br \/>\nKardamonsamen geben einen wohltuenden aromatischen Geschmack<br \/>\nMischung aus Anis, Fenchel und Kardamon<\/p>\n","protected":false},"featured_media":41814,"comment_status":"open","ping_status":"closed","template":"","meta":[],"product_brand":[],"product_cat":[15],"product_tag":[],"class_list":{"0":"post-41813","1":"product","2":"type-product","3":"status-publish","4":"has-post-thumbnail","6":"product_cat-bio-tee","7":"pa_amazon-bestseller-rang-nr-43526-in-lebensmittel-getraenke-siehe-top-100-in-lebensmittel-getraenke-nr-1746-in-kraeutertee-nr-9816-in-esoterik-buecher","8":"pa_artikelgewicht-40-g","9":"pa_aufbewahrung-trocken","10":"pa_auslaufartikel-produktion-dur-nein","11":"pa_besonderheit-bio","12":"pa_durchschnittliche-kundenbewer-48-von-5-sternen-9-sternebewertungen-48-von-5-sternen","13":"pa_hersteller-ekaterra","14":"pa_im-angebot-von-amazon-de-seit-18-dezember-2018","15":"pa_kontakt-zum-hersteller-unilever-gmbh","16":"pa_marke-pukka","17":"pa_netto-gewicht-40-gramm","18":"pa_produktabmessungen-8-1-x-14-4-x-7-2-cm-40-gramm","19":"pa_stueckzahl-40-0-gramm","21":"first","22":"instock","23":"shipping-taxable","24":"purchasable","25":"product-type-simple"},"_links":{"self":[{"href":"https:\/\/123-teezeit.de\/index.php?rest_route=\/wp\/v2\/product\/41813","targetHints":{"allow":["GET"]}}],"collection":[{"href":"https:\/\/123-teezeit.de\/index.php?rest_route=\/wp\/v2\/product"}],"about":[{"href":"https:\/\/123-teezeit.de\/index.php?rest_route=\/wp\/v2\/types\/product"}],"replies":[{"embeddable":true,"href":"https:\/\/123-teezeit.de\/index.php?rest_route=%2Fwp%2Fv2%2Fcomments&post=41813"}],"wp:featuredmedia":[{"embeddable":true,"href":"https:\/\/123-teezeit.de\/index.php?rest_route=\/wp\/v2\/media\/41814"}],"wp:attachment":[{"href":"https:\/\/123-teezeit.de\/index.php?rest_route=%2Fwp%2Fv2%2Fmedia&parent=41813"}],"wp:term":[{"taxonomy":"product_brand","embeddable":true,"href":"https:\/\/123-teezeit.de\/index.php?rest_route=%2Fwp%2Fv2%2Fproduct_brand&post=41813"},{"taxonomy":"product_cat","embeddable":true,"href":"https:\/\/123-teezeit.de\/index.php?rest_route=%2Fwp%2Fv2%2Fproduct_cat&post=41813"},{"taxonomy":"product_tag","embeddable":true,"href":"https:\/\/123-teezeit.de\/index.php?rest_route=%2Fwp%2Fv2%2Fproduct_tag&post=41813"}],"curies":[{"name":"wp","href":"https:\/\/api.w.org\/{rel}","templated":true}]}}