{"id":41901,"date":"2022-02-13T04:11:59","date_gmt":"2022-02-13T04:11:59","guid":{"rendered":"https:\/\/123-teezeit.de\/?product=azafran-gruener-tee-japanischer-bio-sencha-uchiyama-gruentee-1kg"},"modified":"2023-04-09T10:30:29","modified_gmt":"2023-04-09T10:30:29","slug":"azafran-gruener-tee-japanischer-bio-sencha-uchiyama-gruentee-1kg","status":"publish","type":"product","link":"https:\/\/123-teezeit.de\/?product=azafran-gruener-tee-japanischer-bio-sencha-uchiyama-gruentee-1kg","title":{"rendered":"Azafran Gr\u00fcner Tee &#8211; Japanischer BIO Sencha Uchiyama Gr\u00fcntee 1kg"},"content":{"rendered":"<p>Gr\u00fcner Tee (engl. Green Tea) 1kg &#8211; Japanischer BIO Sencha (lose) ohne Aromen aus kontrolliertem biologischen Anbau im S\u00fcd-Westen von Japan (Kagoshima).<br \/>\nSencha Gr\u00fcntee ist der beliebteste Tee in Japan. Der Azafran Sencha zeichnet sich durch sauber eingerollte Bl\u00e4tter, wenige Stielans\u00e4tze und eine sch\u00f6ne gr\u00fcne Farbe aus. Geschmacklich ist er typisch f\u00fcr einen Sencha aus Kagoshima aber anders als ein Sencha z.B. aus Shizuoka oder ein Gyokuru first flush Tee.<br \/>\n&#8222;Premiumversion&#8220;, die sich durch ein typisches aber auch &#8222;mildes&#8220; japanisches Aroma auszeichnet. Unser Stammtee hat dabei eher geringere &#8222;Umami&#8220; Werte, als andere Sencha Sorten. Einige Chargen unserer Marke k\u00f6nnen jedoch abweichen und h\u00f6here Werte haben. Original japanischer Sencha ist intensiver und hochwertiger im Geschmack als z.B. China Sencha. Chinesischer Japan Style Sencha hat optisch dabei auch in der Regel minderwertige bzw. unregelm\u00e4\u00dfige Bl\u00e4tter und keine tiefgr\u00fcne Farbe.<br \/>\nZubereitungsempfehlung: 1 TL Tee in einen Tee Beutel \/ Tasse geben: dann ca. 75\u00b0 C Wasser &#8211; Ziehzeit: 3-5 Minuten. (H\u00f6here Temperaturen k\u00f6nnen den Geschmack unangenehm ins grasige oder auch bittere ver\u00e4ndern!) Sie k\u00f6nnen den Tee 2-3 mal aufgie\u00dfen.<br \/>\nAuf Radioaktivit\u00e4t, Pestizide etc gepr\u00fcft und kontolliert &#8211; Die EGCG \/ Tee Catechine Analyse finden Sie in den Bildern. \u00d6ko-Kontrollstelle: DE-\u00d6KO-009 Vegetarisch Vegan<br \/>\n<div class=\"main-cross-sell\" data-asin=\"B00NEQYWVU\">\n\n\t<div class=\"WooZone-cross-sell-loader\">\n\t\t<div>\n\t\t\t<div id=\"floatingBarsG\">\n\t\t\t\t<div class=\"blockG\" id=\"rotateG_01\"><\/div>\n\t\t\t\t<div class=\"blockG\" id=\"rotateG_02\"><\/div>\n\t\t\t\t<div class=\"blockG\" id=\"rotateG_03\"><\/div>\n\t\t\t\t<div class=\"blockG\" id=\"rotateG_04\"><\/div>\n\t\t\t\t<div class=\"blockG\" id=\"rotateG_05\"><\/div>\n\t\t\t\t<div class=\"blockG\" id=\"rotateG_06\"><\/div>\n\t\t\t\t<div class=\"blockG\" id=\"rotateG_07\"><\/div>\n\t\t\t\t<div class=\"blockG\" id=\"rotateG_08\"><\/div>\n\t\t\t<\/div>\n\t\t\t<div class=\"WooZone-cross-sell-loader-text\"><\/div>\n\t\t<\/div>\n\t<\/div>\n\n\t\t\n<\/div>\n<div style=\"clear:both;\"><\/div><\/p>\n","protected":false},"excerpt":{"rendered":"<p>Gr\u00fcner Tee (engl. Green Tea) 1kg &#8211; Japanischer BIO Sencha (lose) ohne Aromen aus kontrolliertem biologischen Anbau im S\u00fcd-Westen von Japan (Kagoshima).<br \/>\nSencha Gr\u00fcntee ist der beliebteste Tee in Japan. Der Azafran Sencha zeichnet sich durch sauber eingerollte Bl\u00e4tter, wenige Stielans\u00e4tze und eine sch\u00f6ne gr\u00fcne Farbe aus. Geschmacklich ist er typisch f\u00fcr einen Sencha aus Kagoshima aber anders als ein Sencha z.B. aus Shizuoka oder ein Gyokuru first flush Tee.<br \/>\n&#8222;Premiumversion&#8220;, die sich durch ein typisches aber auch &#8222;mildes&#8220; japanisches Aroma auszeichnet. Unser Stammtee hat dabei eher geringere &#8222;Umami&#8220; Werte, als andere Sencha Sorten. Einige Chargen unserer Marke k\u00f6nnen jedoch abweichen und h\u00f6here Werte haben. Original japanischer Sencha ist intensiver und hochwertiger im Geschmack als z.B. China Sencha. Chinesischer Japan Style Sencha hat optisch dabei auch in der Regel minderwertige bzw. unregelm\u00e4\u00dfige Bl\u00e4tter und keine tiefgr\u00fcne Farbe.<\/p>\n","protected":false},"featured_media":41902,"comment_status":"open","ping_status":"closed","template":"","meta":[],"product_brand":[],"product_cat":[15],"product_tag":[],"class_list":{"0":"post-41901","1":"product","2":"type-product","3":"status-publish","4":"has-post-thumbnail","6":"product_cat-bio-tee","7":"pa_allergie-informationen-enthaelt-glutenfrei","8":"pa_amazon-bestseller-rang-nr-19803-in-lebensmittel-getraenke-siehe-top-100-in-lebensmittel-getraenke-nr-255-in-gruener-tee","9":"pa_artikelgewicht-1-kg","10":"pa_aufbewahrung-trocken-und-lichtgeschuetzt-lagern","11":"pa_auslaufartikel-produktion-dur-nein","12":"pa_besonderheit-ohne-gentechnik-ohne-kuenstliche-farben-vegan-ohne-kuenstliche-aromen","13":"pa_durchschnittliche-kundenbewer-47-von-5-sternen-75-sternebewertungen-47-von-5-sternen","14":"pa_format-lose-blaetter","15":"pa_herkunftsland-japan","16":"pa_hersteller-azafran","17":"pa_im-angebot-von-amazon-de-seit-1-februar-2014","18":"pa_koffeingehalt-koffeinhaltig","19":"pa_landeskueche-japan","20":"pa_marke-azafran","21":"pa_netto-gewicht-1000-gramm","22":"pa_produktabmessungen-29-x-15-x-8-cm-1-kilogramm","23":"pa_stueckzahl-1000-gramm","24":"pa_ursprungsland-japan","26":"first","27":"instock","28":"shipping-taxable","29":"purchasable","30":"product-type-simple"},"_links":{"self":[{"href":"https:\/\/123-teezeit.de\/index.php?rest_route=\/wp\/v2\/product\/41901","targetHints":{"allow":["GET"]}}],"collection":[{"href":"https:\/\/123-teezeit.de\/index.php?rest_route=\/wp\/v2\/product"}],"about":[{"href":"https:\/\/123-teezeit.de\/index.php?rest_route=\/wp\/v2\/types\/product"}],"replies":[{"embeddable":true,"href":"https:\/\/123-teezeit.de\/index.php?rest_route=%2Fwp%2Fv2%2Fcomments&post=41901"}],"wp:featuredmedia":[{"embeddable":true,"href":"https:\/\/123-teezeit.de\/index.php?rest_route=\/wp\/v2\/media\/41902"}],"wp:attachment":[{"href":"https:\/\/123-teezeit.de\/index.php?rest_route=%2Fwp%2Fv2%2Fmedia&parent=41901"}],"wp:term":[{"taxonomy":"product_brand","embeddable":true,"href":"https:\/\/123-teezeit.de\/index.php?rest_route=%2Fwp%2Fv2%2Fproduct_brand&post=41901"},{"taxonomy":"product_cat","embeddable":true,"href":"https:\/\/123-teezeit.de\/index.php?rest_route=%2Fwp%2Fv2%2Fproduct_cat&post=41901"},{"taxonomy":"product_tag","embeddable":true,"href":"https:\/\/123-teezeit.de\/index.php?rest_route=%2Fwp%2Fv2%2Fproduct_tag&post=41901"}],"curies":[{"name":"wp","href":"https:\/\/api.w.org\/{rel}","templated":true}]}}