{"id":42074,"date":"2022-02-13T04:59:11","date_gmt":"2022-02-13T04:59:11","guid":{"rendered":"https:\/\/123-teezeit.de\/?product=durstloescher-eistee-zitrone-fruchtsaftgetraenk-500ml-24er-pack"},"modified":"2023-04-10T11:30:22","modified_gmt":"2023-04-10T11:30:22","slug":"durstloescher-eistee-zitrone-fruchtsaftgetraenk-500ml-24er-pack","status":"publish","type":"product","link":"https:\/\/123-teezeit.de\/?product=durstloescher-eistee-zitrone-fruchtsaftgetraenk-500ml-24er-pack","title":{"rendered":"Durstl\u00f6scher Eistee Zitrone Fruchtsaftgetr\u00e4nk 500ml 24er Pack"},"content":{"rendered":"<p><!-- show up to 2 reviews by default --> <\/p>\n<h3> <span>Inhaltsstoffe \/ Zutaten<\/span> <\/h3>\n<p> <span>Zutaten: Wasser, Zucker, Glukose-Fruktose-Sirup, S\u00e4uerungsmittel: Citronens\u00e4ure, Schwarztee-Extrakt (0,12%), S\u00e4ureregulator: E331, Aroma, Anioxidationsmittel: Ascorbins\u00e4ure<\/span> <\/p>\n<h3> <span>Warnhinweise<\/span> <\/h3>\n<p> <span>Riha WeserGold, Behrenstra\u00dfe 44-64, 31737 Rinteln<\/span> <\/p>\n<div class=\"main-cross-sell\" data-asin=\"B08X7GVT8D\">\n\n\t<div class=\"WooZone-cross-sell-loader\">\n\t\t<div>\n\t\t\t<div id=\"floatingBarsG\">\n\t\t\t\t<div class=\"blockG\" id=\"rotateG_01\"><\/div>\n\t\t\t\t<div class=\"blockG\" id=\"rotateG_02\"><\/div>\n\t\t\t\t<div class=\"blockG\" id=\"rotateG_03\"><\/div>\n\t\t\t\t<div class=\"blockG\" id=\"rotateG_04\"><\/div>\n\t\t\t\t<div class=\"blockG\" id=\"rotateG_05\"><\/div>\n\t\t\t\t<div class=\"blockG\" id=\"rotateG_06\"><\/div>\n\t\t\t\t<div class=\"blockG\" id=\"rotateG_07\"><\/div>\n\t\t\t\t<div class=\"blockG\" id=\"rotateG_08\"><\/div>\n\t\t\t<\/div>\n\t\t\t<div class=\"WooZone-cross-sell-loader-text\"><\/div>\n\t\t<\/div>\n\t<\/div>\n\n\t\t\n<\/div>\n<div style=\"clear:both;\"><\/div>\n","protected":false},"excerpt":{"rendered":"<p>Inhaltsstoffe \/ Zutaten Zutaten: Wasser, Zucker, Glukose-Fruktose-Sirup, S\u00e4uerungsmittel: Citronens\u00e4ure, Schwarztee-Extrakt (0,12%), S\u00e4ureregulator: E331, Aroma, Anioxidationsmittel: Ascorbins\u00e4ure Warnhinweise Riha WeserGold, Behrenstra\u00dfe 44-64, 31737 Rinteln<\/p>\n","protected":false},"featured_media":42075,"comment_status":"open","ping_status":"closed","template":"","meta":[],"product_brand":[],"product_cat":[97],"product_tag":[],"class_list":{"0":"post-42074","1":"product","2":"type-product","3":"status-publish","4":"has-post-thumbnail","6":"product_cat-eistee","7":"pa_amazon-bestseller-rang-nr-5703-in-lebensmittel-getraenke-siehe-top-100-in-lebensmittel-getraenke-nr-24-in-eistee","8":"pa_durchschnittliche-kundenbewer-48-von-5-sternen-70-sternebewertungen-48-von-5-sternen","9":"pa_herkunftsland-deutschland","10":"pa_hersteller-riha-wesergold-behrenstrasse-44-64-31737-rinteln","11":"pa_im-angebot-von-amazon-de-seit-23-februar-2021","12":"pa_marke-durstloescher","13":"pa_stueckzahl-12000-milliliter","15":"first","16":"instock","17":"shipping-taxable","18":"purchasable","19":"product-type-simple"},"_links":{"self":[{"href":"https:\/\/123-teezeit.de\/index.php?rest_route=\/wp\/v2\/product\/42074","targetHints":{"allow":["GET"]}}],"collection":[{"href":"https:\/\/123-teezeit.de\/index.php?rest_route=\/wp\/v2\/product"}],"about":[{"href":"https:\/\/123-teezeit.de\/index.php?rest_route=\/wp\/v2\/types\/product"}],"replies":[{"embeddable":true,"href":"https:\/\/123-teezeit.de\/index.php?rest_route=%2Fwp%2Fv2%2Fcomments&post=42074"}],"wp:featuredmedia":[{"embeddable":true,"href":"https:\/\/123-teezeit.de\/index.php?rest_route=\/wp\/v2\/media\/42075"}],"wp:attachment":[{"href":"https:\/\/123-teezeit.de\/index.php?rest_route=%2Fwp%2Fv2%2Fmedia&parent=42074"}],"wp:term":[{"taxonomy":"product_brand","embeddable":true,"href":"https:\/\/123-teezeit.de\/index.php?rest_route=%2Fwp%2Fv2%2Fproduct_brand&post=42074"},{"taxonomy":"product_cat","embeddable":true,"href":"https:\/\/123-teezeit.de\/index.php?rest_route=%2Fwp%2Fv2%2Fproduct_cat&post=42074"},{"taxonomy":"product_tag","embeddable":true,"href":"https:\/\/123-teezeit.de\/index.php?rest_route=%2Fwp%2Fv2%2Fproduct_tag&post=42074"}],"curies":[{"name":"wp","href":"https:\/\/api.w.org\/{rel}","templated":true}]}}