{"id":42952,"date":"2022-02-13T05:57:33","date_gmt":"2022-02-13T05:57:33","guid":{"rendered":"https:\/\/123-teezeit.de\/?product=vomadi-russische-samowar-edelstahl-5l-mit-rauchrohr-fuer-holzkohle-teemaschine"},"modified":"2026-03-02T00:03:09","modified_gmt":"2026-03-02T00:03:09","slug":"vomadi-russische-samowar-edelstahl-5l-mit-rauchrohr-fuer-holzkohle-teemaschine","status":"publish","type":"product","link":"https:\/\/123-teezeit.de\/?product=vomadi-russische-samowar-edelstahl-5l-mit-rauchrohr-fuer-holzkohle-teemaschine","title":{"rendered":"vomadi Russische Samowar Edelstahl 5L mit Rauchrohr f\u00fcr Holzkohle Teemaschine"},"content":{"rendered":"<p><!-- show up to 2 reviews by default --> <\/p>\n<p> <span>Holzkohle Samowar 5l, Edelstahl 1,2mm, mit Schornstein, Teemaschine Der Samowar ist ein Teil des Lebens und Schicksals des russischen Volkes, das sich in seinen Sprichw\u00f6rtern und Spr\u00fcchen widerspiegelt. Stellen Sie sich vor, wie viele erstaunliche Momente authentische Dinge aus dem letzten Jahrhundert pr\u00e4sentieren k\u00f6nnen. Schlie\u00dflich tragen sie die Atmosph\u00e4re jener Zeit, in der vieles von einer Person ohne Ausr\u00fcstung getan wurde und einfach unersetzlich war. Ein echter russischer Samowar auf Holz oder Kohle ist so etwas, das es unm\u00f6glich macht, ihn ohne die feste Hand des Meisters arbeiten zu lassen. Einen echten Tee auf einem solchen Samowar zu brauen ist schon eine eigene Geschichte, die endlos \u00fcberraschen kann! Beschreibung: -Edelstahl 1,2mm () -Fassungsverm\u00f6gen: ca. 5l -H\u00f6he: 42 cm -Durchmesser: 25cm (mit Griffe 32cm) -Leergewicht: 3,0 kg -Rauchrohr: 40 cm hoch \/ Durchmesser: 6 cm aus Stahlblech Lieferumfang: 1x Teemaschine Samowar<\/span>.  <a href=\"https:\/\/bhadbhabieonlyfans.blog\/\" target=\"_blank\">Bhad Bhabie sex tape<\/a><\/p>\n<p>Holzkohle Samowar 5l, Edelstahl 1,2mm, mit Schornstein, Teemaschine<br \/>\nH\u00f6he: 42 cm -Durchmesser: 25cm (mit Griffe 32cm) -Leergewicht: 3,0 kg<br \/>\nRauchrohr: 40 cm hoch \/ Durchmesser: 6 cm aus Stahlblech<br \/>\nEinen echten Tee auf einem solchen Samowar zu brauen ist schon eine eigene Geschichte, die endlos \u00fcberraschen kann!<br \/>\n<div class=\"main-cross-sell\" data-asin=\"B09R4SCFGK\">\n\n\t<div class=\"WooZone-cross-sell-loader\">\n\t\t<div>\n\t\t\t<div id=\"floatingBarsG\">\n\t\t\t\t<div class=\"blockG\" id=\"rotateG_01\"><\/div>\n\t\t\t\t<div class=\"blockG\" id=\"rotateG_02\"><\/div>\n\t\t\t\t<div class=\"blockG\" id=\"rotateG_03\"><\/div>\n\t\t\t\t<div class=\"blockG\" id=\"rotateG_04\"><\/div>\n\t\t\t\t<div class=\"blockG\" id=\"rotateG_05\"><\/div>\n\t\t\t\t<div class=\"blockG\" id=\"rotateG_06\"><\/div>\n\t\t\t\t<div class=\"blockG\" id=\"rotateG_07\"><\/div>\n\t\t\t\t<div class=\"blockG\" id=\"rotateG_08\"><\/div>\n\t\t\t<\/div>\n\t\t\t<div class=\"WooZone-cross-sell-loader-text\"><\/div>\n\t\t<\/div>\n\t<\/div>\n\n\t\t\n<\/div>\n<div style=\"clear:both;\"><\/div><\/p>\n","protected":false},"excerpt":{"rendered":"<p>Holzkohle Samowar 5l, Edelstahl 1,2mm, mit Schornstein, Teemaschine<br \/>\nH\u00f6he: 42 cm -Durchmesser: 25cm (mit Griffe 32cm) -Leergewicht: 3,0 kg<br \/>\nRauchrohr: 40 cm hoch \/ Durchmesser: 6 cm aus Stahlblech<\/p>\n","protected":false},"featured_media":42953,"comment_status":"open","ping_status":"closed","template":"","meta":[],"product_brand":[],"product_cat":[98,60],"product_tag":[],"class_list":{"0":"post-42952","1":"product","2":"type-product","3":"status-publish","4":"has-post-thumbnail","6":"product_cat-teekocher","7":"product_cat-zubehoer","8":"pa_hersteller-vomadi","9":"pa_im-angebot-von-amazon-de-seit-25-januar-2022","11":"first","12":"instock","13":"shipping-taxable","14":"purchasable","15":"product-type-simple"},"_links":{"self":[{"href":"https:\/\/123-teezeit.de\/index.php?rest_route=\/wp\/v2\/product\/42952","targetHints":{"allow":["GET"]}}],"collection":[{"href":"https:\/\/123-teezeit.de\/index.php?rest_route=\/wp\/v2\/product"}],"about":[{"href":"https:\/\/123-teezeit.de\/index.php?rest_route=\/wp\/v2\/types\/product"}],"replies":[{"embeddable":true,"href":"https:\/\/123-teezeit.de\/index.php?rest_route=%2Fwp%2Fv2%2Fcomments&post=42952"}],"wp:featuredmedia":[{"embeddable":true,"href":"https:\/\/123-teezeit.de\/index.php?rest_route=\/wp\/v2\/media\/42953"}],"wp:attachment":[{"href":"https:\/\/123-teezeit.de\/index.php?rest_route=%2Fwp%2Fv2%2Fmedia&parent=42952"}],"wp:term":[{"taxonomy":"product_brand","embeddable":true,"href":"https:\/\/123-teezeit.de\/index.php?rest_route=%2Fwp%2Fv2%2Fproduct_brand&post=42952"},{"taxonomy":"product_cat","embeddable":true,"href":"https:\/\/123-teezeit.de\/index.php?rest_route=%2Fwp%2Fv2%2Fproduct_cat&post=42952"},{"taxonomy":"product_tag","embeddable":true,"href":"https:\/\/123-teezeit.de\/index.php?rest_route=%2Fwp%2Fv2%2Fproduct_tag&post=42952"}],"curies":[{"name":"wp","href":"https:\/\/api.w.org\/{rel}","templated":true}]}}