{"id":43288,"date":"2022-02-13T06:38:04","date_gmt":"2022-02-13T06:38:04","guid":{"rendered":"https:\/\/123-teezeit.de\/?product=messmer-schneewunder-20-teebeutel-4er-pack-4x-55-g"},"modified":"2023-04-09T12:30:29","modified_gmt":"2023-04-09T12:30:29","slug":"messmer-schneewunder-20-teebeutel-4er-pack-4x-55-g","status":"publish","type":"product","link":"https:\/\/123-teezeit.de\/?product=messmer-schneewunder-20-teebeutel-4er-pack-4x-55-g","title":{"rendered":"Me\u00dfmer Schneewunder &#8211; 20 Teebeutel, 4er Pack (4x 55 g)"},"content":{"rendered":"<p><!-- show up to 2 reviews by default --> <\/p>\n<h3> <span>Produktbeschreibung<\/span> <\/h3>\n<p> <span class=\"a-text-bold\">Inhaltsstoffe<\/span><\/p>\n<p><span>\u00c4pfel, Hibiskus, Zimt, Hagebutten, Aroma (Kirsche, Marzipan), s\u00fc\u00dfe Brombeerbl\u00e4tter, Orangenschalen, Kirschsaftgranulat (Maltodextrin, Kirschsaftkonzentrat)<\/span><\/p>\n<p><span class=\"a-text-bold\">Zubereitungshinweis<\/span><\/p>\n<p><span>Nehmen Sie f\u00fcr eine Tasse 1 Teebeutel und f\u00fcr eine Kanne mindestens 3 Teebeutel.Wir empfehlen f\u00fcr den Aufguss weiches Wasser oder stilles Mineralwasser ohne Kohlens\u00e4ure. Immer mit sprudelnd kochendem Wasser aufgie\u00dfen und mindestens 5 bis 8 Minuten ziehen lassen! Nur so erhalten Sie ein sicheres Lebensmittel!<\/span><\/p>\n<\/p>\n<h3> <span>Inhaltsstoffe \/ Zutaten<\/span> <\/h3>\n<p> <span>\u00c4pfel, Hibiskus, Zimt, Hagebutten, Aroma (Kirsche, Marzipan), s\u00fc\u00dfe Brombeerbl\u00e4tter, Orangenschalen, Kirschsaftgranulat (Maltodextrin, Kirschsaftkonzentrat)<\/span> <\/p>\n<div data-a-expander-name=\"toggle_description\" class=\"a-row a-expander-container a-expander-extend-container\">\n<div class=\"a-expander-content a-expander-extend-content\">\n<h3> <span>Gebrauchsanweisung<\/span> <\/h3>\n<p> <span>Wichtiger Hinweis. Nehmen Sie f\u00fcr eine Tasse 1 Teebeutel und mindestens 4 Teebeutel f\u00fcr eine Kanne (1L) immer mit sprudelnd kochendem Wasser aufgie\u00dfen und mindestens 5 &#8211; 8 Minuten ziehen lassen. Nur so erhalten Sie ein sicheres Lebensmittel.<\/span> <\/p>\n<h3> <span>Warnhinweise<\/span> <\/h3>\n<p> <span>K\u00fchl und trocken lagern.<\/span> <\/p>\n<h3> <span>Anschrift Hersteller\/Importeur<\/span> <\/h3>\n<p> <span>Ostfriesische Tee Gesellschaft, Laurens Spethmann GmbH &amp; Co. KG, Am Bauhof 13 \u2013 15, 21218 Seevetal<\/span> <\/p>\n<\/p><\/div>\n<p> <a data-csa-c-func-deps=\"aui-da-a-expander-toggle\" data-csa-c-type=\"widget\" data-csa-interaction-events=\"click\" role=\"button\" href=\"void(0)\" data-action=\"a-expander-toggle\" class=\"a-expander-header a-declarative a-expander-extend-header\" data-a-expander-toggle=\"{\"><i class=\"a-icon a-icon-extender-expand\"><\/i><span class=\"a-expander-prompt\">Mehr<\/span><\/a> <\/div>\n<p>20 kuvertierte Aufgussbeutel<br \/>\n2,75 g pro Teebeutel<br \/>\n<div class=\"main-cross-sell\" data-asin=\"B00TO7SIZY\">\n\n\t<div class=\"WooZone-cross-sell-loader\">\n\t\t<div>\n\t\t\t<div id=\"floatingBarsG\">\n\t\t\t\t<div class=\"blockG\" id=\"rotateG_01\"><\/div>\n\t\t\t\t<div class=\"blockG\" id=\"rotateG_02\"><\/div>\n\t\t\t\t<div class=\"blockG\" id=\"rotateG_03\"><\/div>\n\t\t\t\t<div class=\"blockG\" id=\"rotateG_04\"><\/div>\n\t\t\t\t<div class=\"blockG\" id=\"rotateG_05\"><\/div>\n\t\t\t\t<div class=\"blockG\" id=\"rotateG_06\"><\/div>\n\t\t\t\t<div class=\"blockG\" id=\"rotateG_07\"><\/div>\n\t\t\t\t<div class=\"blockG\" id=\"rotateG_08\"><\/div>\n\t\t\t<\/div>\n\t\t\t<div class=\"WooZone-cross-sell-loader-text\"><\/div>\n\t\t<\/div>\n\t<\/div>\n\n\t\t\n<\/div>\n<div style=\"clear:both;\"><\/div><\/p>\n","protected":false},"excerpt":{"rendered":"<p>20 kuvertierte Aufgussbeutel<br \/>\n2,75 g pro Teebeutel<\/p>\n","protected":false},"featured_media":43289,"comment_status":"open","ping_status":"closed","template":"","meta":[],"product_brand":[],"product_cat":[87],"product_tag":[],"class_list":{"0":"post-43288","1":"product","2":"type-product","3":"status-publish","4":"has-post-thumbnail","6":"product_cat-jahreszeiten-tee","7":"pa_amazon-bestseller-rang-nr-22885-in-lebensmittel-getraenke-siehe-top-100-in-lebensmittel-getraenke-nr-254-in-fruechtetee","8":"pa_artikelgewicht-55-g","9":"pa_aufbewahrung-kuehl-und-trocken-lagern","10":"pa_auslaufartikel-produktion-dur-nein","11":"pa_besonderheit-fettfrei-lactosefrei-ohne-zuckerzusatz-glutenfrei-ohne-konservierungsstoffe","12":"pa_durchschnittliche-kundenbewer-47-von-5-sternen-26-sternebewertungen-47-von-5-sternen","13":"pa_format-getrocknet-beutel","14":"pa_hersteller-messmer","15":"pa_im-angebot-von-amazon-de-seit-16-februar-2015","16":"pa_kontakt-zum-hersteller-ostfriesische-tee-gesellschaft-laurens-spethmann-gmbh-co-kg-am-bauhof-13-15-21218-seevetal","17":"pa_marke-messmer","18":"pa_netto-gewicht-220-gramm","19":"pa_produktbezeichnung-fruechtetee-aromatisiert-kirsche-marzipan-geschmack","20":"pa_stueckzahl-220-0-gramm","21":"pa_ursprungsland-deutschland","22":"pa_verpackungsabmessungen-40-x-20-x-15-cm-55-gramm","23":"pa_zertifizierung-ifs","25":"first","26":"instock","27":"shipping-taxable","28":"purchasable","29":"product-type-simple"},"_links":{"self":[{"href":"https:\/\/123-teezeit.de\/index.php?rest_route=\/wp\/v2\/product\/43288","targetHints":{"allow":["GET"]}}],"collection":[{"href":"https:\/\/123-teezeit.de\/index.php?rest_route=\/wp\/v2\/product"}],"about":[{"href":"https:\/\/123-teezeit.de\/index.php?rest_route=\/wp\/v2\/types\/product"}],"replies":[{"embeddable":true,"href":"https:\/\/123-teezeit.de\/index.php?rest_route=%2Fwp%2Fv2%2Fcomments&post=43288"}],"wp:featuredmedia":[{"embeddable":true,"href":"https:\/\/123-teezeit.de\/index.php?rest_route=\/wp\/v2\/media\/43289"}],"wp:attachment":[{"href":"https:\/\/123-teezeit.de\/index.php?rest_route=%2Fwp%2Fv2%2Fmedia&parent=43288"}],"wp:term":[{"taxonomy":"product_brand","embeddable":true,"href":"https:\/\/123-teezeit.de\/index.php?rest_route=%2Fwp%2Fv2%2Fproduct_brand&post=43288"},{"taxonomy":"product_cat","embeddable":true,"href":"https:\/\/123-teezeit.de\/index.php?rest_route=%2Fwp%2Fv2%2Fproduct_cat&post=43288"},{"taxonomy":"product_tag","embeddable":true,"href":"https:\/\/123-teezeit.de\/index.php?rest_route=%2Fwp%2Fv2%2Fproduct_tag&post=43288"}],"curies":[{"name":"wp","href":"https:\/\/api.w.org\/{rel}","templated":true}]}}