{"id":43398,"date":"2022-02-13T06:45:24","date_gmt":"2022-02-13T06:45:24","guid":{"rendered":"https:\/\/123-teezeit.de\/?product=teekanne-thai-ingwer-mango-12er-pack"},"modified":"2023-04-09T12:30:31","modified_gmt":"2023-04-09T12:30:31","slug":"teekanne-thai-ingwer-mango-12er-pack","status":"publish","type":"product","link":"https:\/\/123-teezeit.de\/?product=teekanne-thai-ingwer-mango-12er-pack","title":{"rendered":"Teekanne Thai Ingwer-Mango, 12er Pack (12 x 20 Teebeutel), 12 x 45 g"},"content":{"rendered":"<p><!-- show up to 2 reviews by default --> <\/p>\n<h3> <span>Inhaltsstoffe \/ Zutaten<\/span> <\/h3>\n<p> <span>Zutaten: Ingwer (52%), \u00c4pfel, Mangoaroma (8%), Steviabl\u00e4tter, Zichorienwurzel, S\u00e4uerungsmittel: Zitronens\u00e4ure, Mangogranulat (Mango, Maltodextrin) (1%)<\/span> <\/p>\n<h3> <span>Anschrift Hersteller\/Importeur<\/span> <\/h3>\n<p> <span>TEEKANNE GmbH &amp; Co. KG, D-40526 D\u00fcsseldorf<\/span> <\/p>\n<p>Dieses Produkt enth\u00e4lt 12 x Teekanne Thai Ingwer-Mango<br \/>\nTeesorte: Ingwertee<br \/>\nAufgusstemperatur: 100\u00b0 C<br \/>\nZiehzeit: 5 &#8211; 8 Minuten<br \/>\n<div class=\"main-cross-sell\" data-asin=\"B06Y43JJQR\">\n\n\t<div class=\"WooZone-cross-sell-loader\">\n\t\t<div>\n\t\t\t<div id=\"floatingBarsG\">\n\t\t\t\t<div class=\"blockG\" id=\"rotateG_01\"><\/div>\n\t\t\t\t<div class=\"blockG\" id=\"rotateG_02\"><\/div>\n\t\t\t\t<div class=\"blockG\" id=\"rotateG_03\"><\/div>\n\t\t\t\t<div class=\"blockG\" id=\"rotateG_04\"><\/div>\n\t\t\t\t<div class=\"blockG\" id=\"rotateG_05\"><\/div>\n\t\t\t\t<div class=\"blockG\" id=\"rotateG_06\"><\/div>\n\t\t\t\t<div class=\"blockG\" id=\"rotateG_07\"><\/div>\n\t\t\t\t<div class=\"blockG\" id=\"rotateG_08\"><\/div>\n\t\t\t<\/div>\n\t\t\t<div class=\"WooZone-cross-sell-loader-text\"><\/div>\n\t\t<\/div>\n\t<\/div>\n\n\t\t\n<\/div>\n<div style=\"clear:both;\"><\/div><\/p>\n","protected":false},"excerpt":{"rendered":"<p>Dieses Produkt enth\u00e4lt 12 x Teekanne Thai Ingwer-Mango<br \/>\nTeesorte: Ingwertee<br \/>\nAufgusstemperatur: 100\u00b0 C<\/p>\n","protected":false},"featured_media":43399,"comment_status":"open","ping_status":"closed","template":"","meta":[],"product_brand":[],"product_cat":[83],"product_tag":[],"class_list":{"0":"post-43398","1":"product","2":"type-product","3":"status-publish","4":"has-post-thumbnail","6":"product_cat-teebeutel","7":"pa_amazon-bestseller-rang-nr-78894-in-lebensmittel-getraenke-siehe-top-100-in-lebensmittel-getraenke-nr-1033-in-fruechtetee","8":"pa_durchschnittliche-kundenbewer-48-von-5-sternen-12-sternebewertungen-48-von-5-sternen","9":"pa_hersteller-teekanne","10":"pa_im-angebot-von-amazon-de-seit-7-april-2017","11":"pa_kontakt-zum-hersteller-teekanne-gmbh-co-kg-d-40526-duesseldorf","12":"pa_marke-teekanne","13":"pa_netto-gewicht-0-54-kilogramm","14":"pa_stueckzahl-540-gramm","16":"first","17":"instock","18":"shipping-taxable","19":"purchasable","20":"product-type-simple"},"_links":{"self":[{"href":"https:\/\/123-teezeit.de\/index.php?rest_route=\/wp\/v2\/product\/43398","targetHints":{"allow":["GET"]}}],"collection":[{"href":"https:\/\/123-teezeit.de\/index.php?rest_route=\/wp\/v2\/product"}],"about":[{"href":"https:\/\/123-teezeit.de\/index.php?rest_route=\/wp\/v2\/types\/product"}],"replies":[{"embeddable":true,"href":"https:\/\/123-teezeit.de\/index.php?rest_route=%2Fwp%2Fv2%2Fcomments&post=43398"}],"wp:featuredmedia":[{"embeddable":true,"href":"https:\/\/123-teezeit.de\/index.php?rest_route=\/wp\/v2\/media\/43399"}],"wp:attachment":[{"href":"https:\/\/123-teezeit.de\/index.php?rest_route=%2Fwp%2Fv2%2Fmedia&parent=43398"}],"wp:term":[{"taxonomy":"product_brand","embeddable":true,"href":"https:\/\/123-teezeit.de\/index.php?rest_route=%2Fwp%2Fv2%2Fproduct_brand&post=43398"},{"taxonomy":"product_cat","embeddable":true,"href":"https:\/\/123-teezeit.de\/index.php?rest_route=%2Fwp%2Fv2%2Fproduct_cat&post=43398"},{"taxonomy":"product_tag","embeddable":true,"href":"https:\/\/123-teezeit.de\/index.php?rest_route=%2Fwp%2Fv2%2Fproduct_tag&post=43398"}],"curies":[{"name":"wp","href":"https:\/\/api.w.org\/{rel}","templated":true}]}}