{"id":43458,"date":"2022-02-13T06:45:59","date_gmt":"2022-02-13T06:45:59","guid":{"rendered":"https:\/\/123-teezeit.de\/?product=teekanne-new-york-chai-sweet-honey-lemon-12er-pack"},"modified":"2023-04-09T12:30:32","modified_gmt":"2023-04-09T12:30:32","slug":"teekanne-new-york-chai-sweet-honey-lemon-12er-pack","status":"publish","type":"product","link":"https:\/\/123-teezeit.de\/?product=teekanne-new-york-chai-sweet-honey-lemon-12er-pack","title":{"rendered":"Teekanne NEW YORK CHAI Sweet Honey Lemon 12er Pack"},"content":{"rendered":"<p><!-- show up to 2 reviews by default --> <\/p>\n<h3> <span>Inhaltsstoffe \/ Zutaten<\/span> <\/h3>\n<p> <span>Zutaten: Rotbusch, s\u00fc\u00dfe Brombeerbl\u00e4tter, Zimt, Zitronenaroma, S\u00fc\u00dfholz, Steviabl\u00e4tter, Honig-Vanille-Aroma, Kardamon, Gew\u00fcrznelken, Pfeffer, Zitronenschalen<\/span> <\/p>\n<h3> <span>Anschrift Hersteller\/Importeur<\/span> <\/h3>\n<p> <span>TEEKANNE GmbH &amp; Co. KG, D-40526 D\u00fcsseldorf<\/span> <\/p>\n<p>Teesorte: Aromatisierter Rooibos<br \/>\nAromatische Noten: w\u00fcrzig &#8211; s\u00fc\u00df<br \/>\nAufgusstemperatur: 100\u00b0 C<br \/>\nZiehzeit: 5 &#8211; 8 Minuten<br \/>\nDieses Produkt enth\u00e4lt 12 x Teekanne NEW YORK CHAI Sweet Honey Lemon<br \/>\n<div class=\"main-cross-sell\" data-asin=\"B06XWC16L1\">\n\n\t<div class=\"WooZone-cross-sell-loader\">\n\t\t<div>\n\t\t\t<div id=\"floatingBarsG\">\n\t\t\t\t<div class=\"blockG\" id=\"rotateG_01\"><\/div>\n\t\t\t\t<div class=\"blockG\" id=\"rotateG_02\"><\/div>\n\t\t\t\t<div class=\"blockG\" id=\"rotateG_03\"><\/div>\n\t\t\t\t<div class=\"blockG\" id=\"rotateG_04\"><\/div>\n\t\t\t\t<div class=\"blockG\" id=\"rotateG_05\"><\/div>\n\t\t\t\t<div class=\"blockG\" id=\"rotateG_06\"><\/div>\n\t\t\t\t<div class=\"blockG\" id=\"rotateG_07\"><\/div>\n\t\t\t\t<div class=\"blockG\" id=\"rotateG_08\"><\/div>\n\t\t\t<\/div>\n\t\t\t<div class=\"WooZone-cross-sell-loader-text\"><\/div>\n\t\t<\/div>\n\t<\/div>\n\n\t\t\n<\/div>\n<div style=\"clear:both;\"><\/div><\/p>\n","protected":false},"excerpt":{"rendered":"<p>Teesorte: Aromatisierter Rooibos<br \/>\nAromatische Noten: w\u00fcrzig &#8211; s\u00fc\u00df<br \/>\nAufgusstemperatur: 100\u00b0 C<\/p>\n","protected":false},"featured_media":43459,"comment_status":"open","ping_status":"closed","template":"","meta":[],"product_brand":[],"product_cat":[83],"product_tag":[],"class_list":{"0":"post-43458","1":"product","2":"type-product","3":"status-publish","4":"has-post-thumbnail","6":"product_cat-teebeutel","7":"pa_amazon-bestseller-rang-nr-21169-in-lebensmittel-getraenke-siehe-top-100-in-lebensmittel-getraenke-nr-222-in-fruechtetee","8":"pa_durchschnittliche-kundenbewer-41-von-5-sternen-4-sternebewertungen-41-von-5-sternen","9":"pa_hersteller-teekanne","10":"pa_im-angebot-von-amazon-de-seit-27-maerz-2017","11":"pa_kontakt-zum-hersteller-teekanne-gmbh-co-kg-d-40526-duesseldorf","12":"pa_marke-teekanne","13":"pa_netto-gewicht-0-87-kilogramm","14":"pa_stueckzahl-420-gramm","16":"first","17":"instock","18":"shipping-taxable","19":"purchasable","20":"product-type-simple"},"_links":{"self":[{"href":"https:\/\/123-teezeit.de\/index.php?rest_route=\/wp\/v2\/product\/43458","targetHints":{"allow":["GET"]}}],"collection":[{"href":"https:\/\/123-teezeit.de\/index.php?rest_route=\/wp\/v2\/product"}],"about":[{"href":"https:\/\/123-teezeit.de\/index.php?rest_route=\/wp\/v2\/types\/product"}],"replies":[{"embeddable":true,"href":"https:\/\/123-teezeit.de\/index.php?rest_route=%2Fwp%2Fv2%2Fcomments&post=43458"}],"wp:featuredmedia":[{"embeddable":true,"href":"https:\/\/123-teezeit.de\/index.php?rest_route=\/wp\/v2\/media\/43459"}],"wp:attachment":[{"href":"https:\/\/123-teezeit.de\/index.php?rest_route=%2Fwp%2Fv2%2Fmedia&parent=43458"}],"wp:term":[{"taxonomy":"product_brand","embeddable":true,"href":"https:\/\/123-teezeit.de\/index.php?rest_route=%2Fwp%2Fv2%2Fproduct_brand&post=43458"},{"taxonomy":"product_cat","embeddable":true,"href":"https:\/\/123-teezeit.de\/index.php?rest_route=%2Fwp%2Fv2%2Fproduct_cat&post=43458"},{"taxonomy":"product_tag","embeddable":true,"href":"https:\/\/123-teezeit.de\/index.php?rest_route=%2Fwp%2Fv2%2Fproduct_tag&post=43458"}],"curies":[{"name":"wp","href":"https:\/\/api.w.org\/{rel}","templated":true}]}}